{"id":80,"date":"2019-08-19T19:42:13","date_gmt":"2019-08-19T23:42:13","guid":{"rendered":"https:\/\/www.uqac.ca\/bpi\/?page_id=80"},"modified":"2021-05-27T08:18:34","modified_gmt":"2021-05-27T12:18:34","slug":"violences-a-caractere-sexuel","status":"publish","type":"page","link":"https:\/\/www.uqac.ca\/bpi\/violences-a-caractere-sexuel\/","title":{"rendered":"Violences \u00e0 caract\u00e8re sexuel"},"content":{"rendered":"<p><strong><span style=\"color: #808000;\">D\u00e9finition<\/span><\/strong><\/p>\n<p>Une<strong> \u00ab violence \u00e0 caract\u00e8re sexuel\u00a0\u00bb\u00a0<\/strong> se d\u00e9finit comme toute forme de <strong>violence commise par le biais de pratiques sexuelles ou en ciblant la sexualit\u00e9<\/strong>, dont l\u2019agression sexuelle.<\/p>\n<p>Cette notion s\u2019entend \u00e9galement de toute <strong>autre inconduite<\/strong> qui se manifeste notamment par des <strong>gestes, paroles, comportements ou attitudes<\/strong> \u00e0 connotation <strong>sexuelle non d\u00e9sir\u00e9s<\/strong>, incluant celle relative aux diversit\u00e9s sexuelles ou de genre, exprim\u00e9s directement ou indirectement, y compris par un moyen technologique.<\/p>\n<p>Bien qu\u2019elles soient des \u00ab\u00a0conduites vexatoires\u00a0\u00bb au m\u00eame titre que le harc\u00e8lement, la violence, la discrimination et l\u2019incivilit\u00e9, les violences \u00e0 caract\u00e8re sexuel font l\u2019objet d\u2019une politique distincte.<\/p>\n<p>Les violences \u00e0 caract\u00e8re sexuel incluent, notamment, mais non limitativement\u00a0:<\/p>\n<ul>\n<li>La production, la diffusion ou la distribution d\u2019images ou de vid\u00e9os sexuelles d\u00e9gradantes;<\/li>\n<li>Les avances verbales ou propositions insistantes \u00e0 caract\u00e8re sexuel non d\u00e9sir\u00e9es;<\/li>\n<li>La manifestation abusive d\u2019int\u00e9r\u00eat non d\u00e9sir\u00e9e;<\/li>\n<li>Les commentaires, les allusions, les plaisanteries, les interpellations ou les insultes \u00e0 caract\u00e8re sexuel;<\/li>\n<li>Les actes de voyeurisme ou d\u2019exhibitionnisme;<\/li>\n<li>Le harc\u00e8lement sexuel;<\/li>\n<li>Le cyber harc\u00e8lement sexuel;<\/li>\n<li>La production, la diffusion ou la distribution d\u2019images ou de vid\u00e9os sexuelles d\u2019un membre de la communaut\u00e9 sans son consentement;<\/li>\n<li>Les avances physiques, les attouchements, les fr\u00f4lements, les pincements, les baisers non d\u00e9sir\u00e9s;<\/li>\n<li>L\u2019imposition d\u2019une intimit\u00e9 sexuelle non d\u00e9sir\u00e9e;<\/li>\n<li>Les promesses de r\u00e9compense ou menace de repr\u00e9sailles, implicites ou explicites, li\u00e9es \u00e0 la satisfaction ou \u00e0 la non-satisfaction d\u2019une demande \u00e0 caract\u00e8re sexuel.<\/li>\n<\/ul>\n<p>&nbsp;<\/p>\n<p>&nbsp;<\/p>\n","protected":false},"excerpt":{"rendered":"<p>D\u00e9finition Une \u00ab violence \u00e0 caract\u00e8re sexuel\u00a0\u00bb\u00a0 se d\u00e9finit comme toute forme de violence commise par le biais de pratiques sexuelles ou en ciblant la sexualit\u00e9, dont l\u2019agression sexuelle. Cette notion s\u2019entend \u00e9galement de toute autre inconduite qui se manifeste notamment par des gestes, paroles, comportements ou attitudes \u00e0 connotation sexuelle non d\u00e9sir\u00e9s, incluant celle [&hellip;]<\/p>\n","protected":false},"author":12,"featured_media":0,"parent":0,"menu_order":0,"comment_status":"closed","ping_status":"closed","template":"","meta":{"_acf_changed":false,"footnotes":""},"acf":[],"_links":{"self":[{"href":"https:\/\/www.uqac.ca\/bpi\/wp-json\/wp\/v2\/pages\/80"}],"collection":[{"href":"https:\/\/www.uqac.ca\/bpi\/wp-json\/wp\/v2\/pages"}],"about":[{"href":"https:\/\/www.uqac.ca\/bpi\/wp-json\/wp\/v2\/types\/page"}],"author":[{"embeddable":true,"href":"https:\/\/www.uqac.ca\/bpi\/wp-json\/wp\/v2\/users\/12"}],"replies":[{"embeddable":true,"href":"https:\/\/www.uqac.ca\/bpi\/wp-json\/wp\/v2\/comments?post=80"}],"version-history":[{"count":10,"href":"https:\/\/www.uqac.ca\/bpi\/wp-json\/wp\/v2\/pages\/80\/revisions"}],"predecessor-version":[{"id":766,"href":"https:\/\/www.uqac.ca\/bpi\/wp-json\/wp\/v2\/pages\/80\/revisions\/766"}],"wp:attachment":[{"href":"https:\/\/www.uqac.ca\/bpi\/wp-json\/wp\/v2\/media?parent=80"}],"curies":[{"name":"wp","href":"https:\/\/api.w.org\/{rel}","templated":true}]}}