{"id":10001736,"date":"2024-03-26T15:28:03","date_gmt":"2024-03-26T19:28:03","guid":{"rendered":"https:\/\/www.uqac.ca\/calendrier\/?post_type=tribe_events&#038;p=6155"},"modified":"2024-03-26T15:35:19","modified_gmt":"2024-03-26T19:35:19","slug":"conference-discussion","status":"publish","type":"tribe_events","link":"https:\/\/www.uqac.ca\/calendrier\/evenement\/conference-discussion\/2024-04-03\/","title":{"rendered":"Conf\u00e9rence discussion &#8211; L&rsquo;incompr\u00e9hensible perte : le deuil p\u00e9rinatal"},"content":{"rendered":"<p><img loading=\"lazy\" decoding=\"async\" class=\"alignnone wp-image-6156\" src=\"https:\/\/www.uqac.ca\/calendrier\/wp-content\/uploads\/2024\/03\/NUM_LERARS_DeuilPrenatal3-10avrilH24_PubBenchmk1355X758.jpg\" alt=\"\" width=\"793\" height=\"443\" srcset=\"https:\/\/www.uqac.ca\/calendrier\/wp-content\/uploads\/2024\/03\/NUM_LERARS_DeuilPrenatal3-10avrilH24_PubBenchmk1355X758.jpg 1355w, https:\/\/www.uqac.ca\/calendrier\/wp-content\/uploads\/2024\/03\/NUM_LERARS_DeuilPrenatal3-10avrilH24_PubBenchmk1355X758-300x168.jpg 300w, https:\/\/www.uqac.ca\/calendrier\/wp-content\/uploads\/2024\/03\/NUM_LERARS_DeuilPrenatal3-10avrilH24_PubBenchmk1355X758-1024x573.jpg 1024w, https:\/\/www.uqac.ca\/calendrier\/wp-content\/uploads\/2024\/03\/NUM_LERARS_DeuilPrenatal3-10avrilH24_PubBenchmk1355X758-768x430.jpg 768w\" sizes=\"auto, (max-width: 793px) 100vw, 793px\" \/><\/p>\n","protected":false},"excerpt":{"rendered":"","protected":false},"author":22,"featured_media":0,"template":"","meta":{"_acf_changed":false,"_tribe_events_status":"","_tribe_events_status_reason":"","_tribe_events_is_hybrid":"","_tribe_events_is_virtual":"","_tribe_events_virtual_video_source":"","_tribe_events_virtual_embed_video":"","_tribe_events_virtual_linked_button_text":"","_tribe_events_virtual_linked_button":"","_tribe_events_virtual_show_embed_at":"","_tribe_events_virtual_show_embed_to":[],"_tribe_events_virtual_show_on_event":"","_tribe_events_virtual_show_on_views":"","_tribe_events_virtual_url":"","footnotes":""},"tags":[],"tribe_events_cat":[],"class_list":["post-10001736","tribe_events","type-tribe_events","status-publish","hentry","tribe-recurring-event","tribe-recurring-event-parent"],"acf":[],"_links":{"self":[{"href":"https:\/\/www.uqac.ca\/calendrier\/wp-json\/wp\/v2\/tribe_events\/10001736","targetHints":{"allow":["GET"]}}],"collection":[{"href":"https:\/\/www.uqac.ca\/calendrier\/wp-json\/wp\/v2\/tribe_events"}],"about":[{"href":"https:\/\/www.uqac.ca\/calendrier\/wp-json\/wp\/v2\/types\/tribe_events"}],"author":[{"embeddable":true,"href":"https:\/\/www.uqac.ca\/calendrier\/wp-json\/wp\/v2\/users\/22"}],"version-history":[{"count":0,"href":"https:\/\/www.uqac.ca\/calendrier\/wp-json\/wp\/v2\/tribe_events\/10001736\/revisions"}],"wp:attachment":[{"href":"https:\/\/www.uqac.ca\/calendrier\/wp-json\/wp\/v2\/media?parent=10001736"}],"wp:term":[{"taxonomy":"post_tag","embeddable":true,"href":"https:\/\/www.uqac.ca\/calendrier\/wp-json\/wp\/v2\/tags?post=10001736"},{"taxonomy":"tribe_events_cat","embeddable":true,"href":"https:\/\/www.uqac.ca\/calendrier\/wp-json\/wp\/v2\/tribe_events_cat?post=10001736"}],"curies":[{"name":"wp","href":"https:\/\/api.w.org\/{rel}","templated":true}]}}

Conférence discussion &#8211; L&rsquo;incompréhensible perte : le deuil périnatal
