{"id":166,"date":"2018-04-27T16:13:58","date_gmt":"2018-04-27T20:13:58","guid":{"rendered":"http:\/\/www.uqac.ca\/calendrier\/?post_type=tribe_events&#038;p=166"},"modified":"2018-04-27T16:13:58","modified_gmt":"2018-04-27T20:13:58","slug":"la-conduite-responsable-en-recherche-une-culture-a-promouvoir","status":"publish","type":"tribe_events","link":"https:\/\/www.uqac.ca\/calendrier\/evenement\/la-conduite-responsable-en-recherche-une-culture-a-promouvoir\/","title":{"rendered":"La conduite responsable en recherche : une culture \u00e0 promouvoir"},"content":{"rendered":"<p>Les FRQ et le Secr\u00e9tariat sur la conduite responsable de la recherche vous invitent \u00e0 partager leur r\u00e9flexion sur leur politique respective sur la conduite responsable en recherche et leurs exp\u00e9riences acquises.<\/p>\n","protected":false},"excerpt":{"rendered":"<p>Les FRQ et le Secr\u00e9tariat sur la conduite responsable de la recherche vous invitent \u00e0 partager leur r\u00e9flexion sur leur politique respective sur la conduite responsable en recherche et leurs [&hellip;]<\/p>\n","protected":false},"author":7,"featured_media":0,"template":"","meta":{"_acf_changed":false,"_tribe_events_status":"","_tribe_events_status_reason":"","_tribe_events_is_hybrid":"","_tribe_events_is_virtual":"","_tribe_events_virtual_video_source":"","_tribe_events_virtual_embed_video":"","_tribe_events_virtual_linked_button_text":"","_tribe_events_virtual_linked_button":"","_tribe_events_virtual_show_embed_at":"","_tribe_events_virtual_show_embed_to":[],"_tribe_events_virtual_show_on_event":"","_tribe_events_virtual_show_on_views":"","_tribe_events_virtual_url":"","footnotes":""},"tags":[],"tribe_events_cat":[23,26],"class_list":["post-166","tribe_events","type-tribe_events","status-publish","hentry","tribe_events_cat-conferences-et-presentations","tribe_events_cat-enseignement-rechercher-et-formation","cat_conferences-et-presentations","cat_enseignement-rechercher-et-formation"],"acf":[],"_links":{"self":[{"href":"https:\/\/www.uqac.ca\/calendrier\/wp-json\/wp\/v2\/tribe_events\/166","targetHints":{"allow":["GET"]}}],"collection":[{"href":"https:\/\/www.uqac.ca\/calendrier\/wp-json\/wp\/v2\/tribe_events"}],"about":[{"href":"https:\/\/www.uqac.ca\/calendrier\/wp-json\/wp\/v2\/types\/tribe_events"}],"author":[{"embeddable":true,"href":"https:\/\/www.uqac.ca\/calendrier\/wp-json\/wp\/v2\/users\/7"}],"version-history":[{"count":1,"href":"https:\/\/www.uqac.ca\/calendrier\/wp-json\/wp\/v2\/tribe_events\/166\/revisions"}],"predecessor-version":[{"id":167,"href":"https:\/\/www.uqac.ca\/calendrier\/wp-json\/wp\/v2\/tribe_events\/166\/revisions\/167"}],"wp:attachment":[{"href":"https:\/\/www.uqac.ca\/calendrier\/wp-json\/wp\/v2\/media?parent=166"}],"wp:term":[{"taxonomy":"post_tag","embeddable":true,"href":"https:\/\/www.uqac.ca\/calendrier\/wp-json\/wp\/v2\/tags?post=166"},{"taxonomy":"tribe_events_cat","embeddable":true,"href":"https:\/\/www.uqac.ca\/calendrier\/wp-json\/wp\/v2\/tribe_events_cat?post=166"}],"curies":[{"name":"wp","href":"https:\/\/api.w.org\/{rel}","templated":true}]}}

La conduite responsable en recherche : une culture à promouvoir

<p>Les FRQ et le Secrétariat sur la conduite responsable de la recherche vous invitent à partager leur réflexion sur leur politique respective sur la conduite responsable en recherche et leurs expériences acquises.</p>

<p>Les FRQ et le Secrétariat sur la conduite responsable de la recherche vous invitent à partager leur réflexion sur leur politique respective sur la conduite responsable en recherche et leurs [&hellip;]</p>
