{"id":2749,"date":"2020-09-24T11:45:32","date_gmt":"2020-09-24T15:45:32","guid":{"rendered":"http:\/\/www.uqac.ca\/calendrier\/?post_type=tribe_events&#038;p=2749"},"modified":"2020-09-24T11:45:32","modified_gmt":"2020-09-24T15:45:32","slug":"zoom-sur-nos-professeurs-chercheurs-avec-simon-girard-professeur-au-departement-des-sciences-fondamentales","status":"publish","type":"tribe_events","link":"https:\/\/www.uqac.ca\/calendrier\/evenement\/zoom-sur-nos-professeurs-chercheurs-avec-simon-girard-professeur-au-departement-des-sciences-fondamentales\/","title":{"rendered":"Zoom sur nos professeurs-chercheurs avec Simon Girard, professeur au D\u00e9partement des sciences fondamentales"},"content":{"rendered":"<div class=\"o9v6fnle cxmmr5t8 oygrvhab hcukyx3x c1et5uql\">\u00c0 la suite de l\u2019article \u00e0 para\u00eetre dans le journal Le Quotidien le samedi 26 septembre prochain, le professeur Simon Girard vous invite \u00e0 une discussion en ligne portant sur la place des scientifiques sur les tribunes publiques et sur les m\u00e9dias sociaux. On parlera aussi de Facebook, de complots et de scientifiques de salon.<\/div>\n<div class=\"o9v6fnle cxmmr5t8 oygrvhab hcukyx3x c1et5uql\">C\u2019est donc un rendez-vous le lundi 28 septembre \u2022 19 h sur Zoom :<\/div>\n<div class=\"o9v6fnle cxmmr5t8 oygrvhab hcukyx3x c1et5uql\"><a class=\"oajrlxb2 g5ia77u1 qu0x051f esr5mh6w e9989ue4 r7d6kgcz rq0escxv nhd2j8a9 nc684nl6 p7hjln8o kvgmc6g5 cxmmr5t8 oygrvhab hcukyx3x jb3vyjys rz4wbd8a qt6c0cv9 a8nywdso i1ao9s8h esuyzwwr f1sip0of lzcic4wl py34i1dx gpro0wi8\" tabindex=\"0\" role=\"link\" href=\"https:\/\/uqac.zoom.us\/my\/quotidien?fbclid=IwAR1_tzHSDiopUrMg2PgFlMdnuyWdz5hEw9HjTs22YJmvlvZZJx8wPH_yYyA\" target=\"_blank\" rel=\"nofollow noopener\">https:\/\/uqac.zoom.us\/my\/quotidien<\/a><\/div>\n","protected":false},"excerpt":{"rendered":"<p>\u00c0 la suite de l\u2019article \u00e0 para\u00eetre dans le journal Le Quotidien le samedi 26 septembre prochain, le professeur Simon Girard vous invite \u00e0 une discussion en ligne portant sur [&hellip;]<\/p>\n","protected":false},"author":7,"featured_media":0,"template":"","meta":{"_acf_changed":false,"_tribe_events_status":"","_tribe_events_status_reason":"","_tribe_events_is_hybrid":"","_tribe_events_is_virtual":"","_tribe_events_virtual_video_source":"","_tribe_events_virtual_embed_video":"","_tribe_events_virtual_linked_button_text":"","_tribe_events_virtual_linked_button":"","_tribe_events_virtual_show_embed_at":"","_tribe_events_virtual_show_embed_to":[],"_tribe_events_virtual_show_on_event":"","_tribe_events_virtual_show_on_views":"","_tribe_events_virtual_url":"","footnotes":""},"tags":[87,88,86],"tribe_events_cat":[23],"class_list":["post-2749","tribe_events","type-tribe_events","status-publish","hentry","tag-facebook","tag-fake-news","tag-science","tribe_events_cat-conferences-et-presentations","cat_conferences-et-presentations"],"acf":[],"_links":{"self":[{"href":"https:\/\/www.uqac.ca\/calendrier\/wp-json\/wp\/v2\/tribe_events\/2749","targetHints":{"allow":["GET"]}}],"collection":[{"href":"https:\/\/www.uqac.ca\/calendrier\/wp-json\/wp\/v2\/tribe_events"}],"about":[{"href":"https:\/\/www.uqac.ca\/calendrier\/wp-json\/wp\/v2\/types\/tribe_events"}],"author":[{"embeddable":true,"href":"https:\/\/www.uqac.ca\/calendrier\/wp-json\/wp\/v2\/users\/7"}],"version-history":[{"count":1,"href":"https:\/\/www.uqac.ca\/calendrier\/wp-json\/wp\/v2\/tribe_events\/2749\/revisions"}],"predecessor-version":[{"id":2750,"href":"https:\/\/www.uqac.ca\/calendrier\/wp-json\/wp\/v2\/tribe_events\/2749\/revisions\/2750"}],"wp:attachment":[{"href":"https:\/\/www.uqac.ca\/calendrier\/wp-json\/wp\/v2\/media?parent=2749"}],"wp:term":[{"taxonomy":"post_tag","embeddable":true,"href":"https:\/\/www.uqac.ca\/calendrier\/wp-json\/wp\/v2\/tags?post=2749"},{"taxonomy":"tribe_events_cat","embeddable":true,"href":"https:\/\/www.uqac.ca\/calendrier\/wp-json\/wp\/v2\/tribe_events_cat?post=2749"}],"curies":[{"name":"wp","href":"https:\/\/api.w.org\/{rel}","templated":true}]}}

Zoom sur nos professeurs-chercheurs avec Simon Girard, professeur au Département des sciences fondamentales

<div class="o9v6fnle cxmmr5t8 oygrvhab hcukyx3x c1et5uql">À la suite de l’article à paraître dans le journal Le Quotidien le samedi 26 septembre prochain, le professeur Simon Girard vous invite à une discussion en ligne portant sur la place des scientifiques sur les tribunes publiques et sur les médias sociaux. On parlera aussi de Facebook, de complots et de scientifiques de salon.</div>
<div class="o9v6fnle cxmmr5t8 oygrvhab hcukyx3x c1et5uql">C’est donc un rendez-vous le lundi 28 septembre • 19 h sur Zoom :</div>
<div class="o9v6fnle cxmmr5t8 oygrvhab hcukyx3x c1et5uql"><a class="oajrlxb2 g5ia77u1 qu0x051f esr5mh6w e9989ue4 r7d6kgcz rq0escxv nhd2j8a9 nc684nl6 p7hjln8o kvgmc6g5 cxmmr5t8 oygrvhab hcukyx3x jb3vyjys rz4wbd8a qt6c0cv9 a8nywdso i1ao9s8h esuyzwwr f1sip0of lzcic4wl py34i1dx gpro0wi8" tabindex="0" role="link" href="https://uqac.zoom.us/my/quotidien?fbclid=IwAR1_tzHSDiopUrMg2PgFlMdnuyWdz5hEw9HjTs22YJmvlvZZJx8wPH_yYyA" target="_blank" rel="nofollow noopener">https://uqac.zoom.us/my/quotidien</a></div>

<p>À la suite de l’article à paraître dans le journal Le Quotidien le samedi 26 septembre prochain, le professeur Simon Girard vous invite à une discussion en ligne portant sur [&hellip;]</p>
