{"id":2884,"date":"2020-11-02T10:00:19","date_gmt":"2020-11-02T15:00:19","guid":{"rendered":"http:\/\/www.uqac.ca\/calendrier\/?post_type=tribe_events&#038;p=2884"},"modified":"2020-11-02T10:03:25","modified_gmt":"2020-11-02T15:03:25","slug":"portes-ouvertes-virtuelles","status":"publish","type":"tribe_events","link":"https:\/\/www.uqac.ca\/calendrier\/evenement\/portes-ouvertes-virtuelles\/","title":{"rendered":"Portes ouvertes virtuelles"},"content":{"rendered":"<div><\/div>\n<div class=\"o9v6fnle cxmmr5t8 oygrvhab hcukyx3x c1et5uql\"><strong>UNE PROGRAMMATION DES PLUS COMPL\u00c8TES<\/strong><\/div>\n<ul>\n<li class=\"o9v6fnle cxmmr5t8 oygrvhab hcukyx3x c1et5uql\">+ de 20 rencontres d&rsquo;information<br \/>\navec les responsables des programmes<\/li>\n<li class=\"o9v6fnle cxmmr5t8 oygrvhab hcukyx3x c1et5uql\">+ de 15 kiosques<br \/>\npour clavarder et \u00e9changer en visioconf\u00e9rence avec nos \u00e9quipes<\/li>\n<li class=\"o9v6fnle cxmmr5t8 oygrvhab hcukyx3x c1et5uql\">Ateliers th\u00e9matiques<br \/>\npour d\u00e9mystifier les \u00e9tudes universitaires et bien s&rsquo;y pr\u00e9parer<\/li>\n<li class=\"o9v6fnle cxmmr5t8 oygrvhab hcukyx3x c1et5uql\">Des \u00e9tudiants de l&rsquo;UQAC pr\u00e9sents<br \/>\npour partager leur exp\u00e9rience et discuter avec vous<\/li>\n<li class=\"o9v6fnle cxmmr5t8 oygrvhab hcukyx3x c1et5uql\">et encore +<\/li>\n<\/ul>\n<p><strong><a href=\"https:\/\/www.uqac.ca\/portesouvertes\/\">www.uqac.ca\/portesouvertes<\/a><\/strong><\/p>\n","protected":false},"excerpt":{"rendered":"<p>UNE PROGRAMMATION DES PLUS COMPL\u00c8TES + de 20 rencontres d&rsquo;information avec les responsables des programmes + de 15 kiosques pour clavarder et \u00e9changer en visioconf\u00e9rence avec nos \u00e9quipes Ateliers th\u00e9matiques [&hellip;]<\/p>\n","protected":false},"author":8,"featured_media":0,"template":"","meta":{"_acf_changed":false,"_tribe_events_status":"","_tribe_events_status_reason":"","_tribe_events_is_hybrid":"","_tribe_events_is_virtual":"","_tribe_events_virtual_video_source":"","_tribe_events_virtual_embed_video":"","_tribe_events_virtual_linked_button_text":"","_tribe_events_virtual_linked_button":"","_tribe_events_virtual_show_embed_at":"","_tribe_events_virtual_show_embed_to":[],"_tribe_events_virtual_show_on_event":"","_tribe_events_virtual_show_on_views":"","_tribe_events_virtual_url":"","footnotes":""},"tags":[],"tribe_events_cat":[93,92,24],"class_list":["post-2884","tribe_events","type-tribe_events","status-publish","hentry","tribe_events_cat-activites-de-recrutement","tribe_events_cat-activites-de-recrutement-international","tribe_events_cat-evenements-institutionnels","cat_activites-de-recrutement","cat_activites-de-recrutement-international","cat_evenements-institutionnels"],"acf":[],"_links":{"self":[{"href":"https:\/\/www.uqac.ca\/calendrier\/wp-json\/wp\/v2\/tribe_events\/2884","targetHints":{"allow":["GET"]}}],"collection":[{"href":"https:\/\/www.uqac.ca\/calendrier\/wp-json\/wp\/v2\/tribe_events"}],"about":[{"href":"https:\/\/www.uqac.ca\/calendrier\/wp-json\/wp\/v2\/types\/tribe_events"}],"author":[{"embeddable":true,"href":"https:\/\/www.uqac.ca\/calendrier\/wp-json\/wp\/v2\/users\/8"}],"version-history":[{"count":4,"href":"https:\/\/www.uqac.ca\/calendrier\/wp-json\/wp\/v2\/tribe_events\/2884\/revisions"}],"predecessor-version":[{"id":2888,"href":"https:\/\/www.uqac.ca\/calendrier\/wp-json\/wp\/v2\/tribe_events\/2884\/revisions\/2888"}],"wp:attachment":[{"href":"https:\/\/www.uqac.ca\/calendrier\/wp-json\/wp\/v2\/media?parent=2884"}],"wp:term":[{"taxonomy":"post_tag","embeddable":true,"href":"https:\/\/www.uqac.ca\/calendrier\/wp-json\/wp\/v2\/tags?post=2884"},{"taxonomy":"tribe_events_cat","embeddable":true,"href":"https:\/\/www.uqac.ca\/calendrier\/wp-json\/wp\/v2\/tribe_events_cat?post=2884"}],"curies":[{"name":"wp","href":"https:\/\/api.w.org\/{rel}","templated":true}]}}

<div></div>
<div class="o9v6fnle cxmmr5t8 oygrvhab hcukyx3x c1et5uql"><strong>UNE PROGRAMMATION DES PLUS COMPLÈTES</strong></div>
<ul>
<li class="o9v6fnle cxmmr5t8 oygrvhab hcukyx3x c1et5uql">+ de 20 rencontres d&rsquo;information<br />
avec les responsables des programmes</li>
<li class="o9v6fnle cxmmr5t8 oygrvhab hcukyx3x c1et5uql">+ de 15 kiosques<br />
pour clavarder et échanger en visioconférence avec nos équipes</li>
<li class="o9v6fnle cxmmr5t8 oygrvhab hcukyx3x c1et5uql">Ateliers thématiques<br />
pour démystifier les études universitaires et bien s&rsquo;y préparer</li>
<li class="o9v6fnle cxmmr5t8 oygrvhab hcukyx3x c1et5uql">Des étudiants de l&rsquo;UQAC présents<br />
pour partager leur expérience et discuter avec vous</li>
<li class="o9v6fnle cxmmr5t8 oygrvhab hcukyx3x c1et5uql">et encore +</li>
</ul>
<p><strong><a href="https://www.uqac.ca/portesouvertes/">www.uqac.ca/portesouvertes</a></strong></p>

<p>UNE PROGRAMMATION DES PLUS COMPLÈTES + de 20 rencontres d&rsquo;information avec les responsables des programmes + de 15 kiosques pour clavarder et échanger en visioconférence avec nos équipes Ateliers thématiques [&hellip;]</p>
