{"id":2987,"date":"2021-01-22T15:50:04","date_gmt":"2021-01-22T20:50:04","guid":{"rendered":"http:\/\/www.uqac.ca\/calendrier\/?post_type=tribe_events&#038;p=2987"},"modified":"2021-01-22T15:50:04","modified_gmt":"2021-01-22T20:50:04","slug":"salon-virtuel-destination-universites-quebec-3","status":"publish","type":"tribe_events","link":"https:\/\/www.uqac.ca\/calendrier\/evenement\/salon-virtuel-destination-universites-quebec-3\/","title":{"rendered":"Salon virtuel Destination Universit\u00e9s Qu\u00e9bec"},"content":{"rendered":"<div class=\"kvgmc6g5 cxmmr5t8 oygrvhab hcukyx3x c1et5uql\">L&rsquo;\u00e9quipe du recrutement de l&rsquo;UQAC sera pr\u00e9sente au Salon virtuel Destination Universit\u00e9s Qu\u00e9bec.<\/div>\n<div><\/div>\n<div class=\"o9v6fnle cxmmr5t8 oygrvhab hcukyx3x c1et5uql\">Le 10 f\u00e9vrier 2021:<br \/>\n\u2022Une occasion id\u00e9ale pour clavarder en direct avec nous.<br \/>\n\u2022Visitez notre kiosque, d\u00e9couvrez l\u2019ensemble des programmes offerts au premier cycle.<br \/>\n\u2022Trouvez la formation qui vous convient.<br \/>\n\u2022Participez \u00e0 des webconf\u00e9rences et pr\u00e9parez-vous \u00e0 r\u00e9aliser vos projets d&rsquo;\u00e9tudes sup\u00e9rieures.<\/div>\n<div><\/div>\n<div class=\"o9v6fnle cxmmr5t8 oygrvhab hcukyx3x c1et5uql\">Plus d\u2019infos sur:<br \/>\nLe site internet\u00a0<a class=\"oajrlxb2 g5ia77u1 qu0x051f esr5mh6w e9989ue4 r7d6kgcz rq0escxv nhd2j8a9 nc684nl6 p7hjln8o kvgmc6g5 cxmmr5t8 oygrvhab hcukyx3x jb3vyjys rz4wbd8a qt6c0cv9 a8nywdso i1ao9s8h esuyzwwr f1sip0of lzcic4wl py34i1dx gpro0wi8\" tabindex=\"0\" role=\"link\" href=\"https:\/\/l.facebook.com\/l.php?u=http%3A%2F%2Fwww.destinationuniversites.ca%2F%3Ffbclid%3DIwAR06eTIMYj9slqnR4Qk-dFaSBQEnCNtCKiUNyQhtceZZcl_gObEPrJOnvJw&amp;h=AT3vHTTO5kCJCAKmhUk3jb4QvKZ1dUa5-S-P1_syieRol9xNOsRZVYRT0tWHm-CiXTMXHO0vrJlY3_2YCbZG-K8IQSqKB9zdwZ11j9-9uu17gkJnmA7pUUYNb6CNH1BjpQ&amp;__tn__=q&amp;c[0]=AT0fd_QFkVnamIas7n9rXxALbNrX60P7bAF3R2TyNzZEwsNV2xE3bSHBK0eQDzMsQYF-jPYODcZ0a_rGWjPmy3phMWm-oHMb5DC4w8manpxx_rYKTvQ1G1xg83MEdRhbbocfvvNBhUz8AG5tCozrfyjw5xfKdqrev831Y_T_DIsfM3I\" target=\"_blank\" rel=\"nofollow noopener\">www.destinationuniversites.ca<\/a><br \/>\nLe site d\u2019inscription\u00a0<a class=\"oajrlxb2 g5ia77u1 qu0x051f esr5mh6w e9989ue4 r7d6kgcz rq0escxv nhd2j8a9 nc684nl6 p7hjln8o kvgmc6g5 cxmmr5t8 oygrvhab hcukyx3x jb3vyjys rz4wbd8a qt6c0cv9 a8nywdso i1ao9s8h esuyzwwr f1sip0of lzcic4wl py34i1dx gpro0wi8\" tabindex=\"0\" role=\"link\" href=\"https:\/\/duq.easyvirtualfair.com\/?fbclid=IwAR2QR2gSed_Xs20MrUVXiKRdL0Mc6RscC41qoWZO_8opBjX5kcEa_KL7IQM\" target=\"_blank\" rel=\"nofollow noopener\">https:\/\/duq.easyvirtualfair.com<\/a><\/div>\n","protected":false},"excerpt":{"rendered":"<p>L&rsquo;\u00e9quipe du recrutement de l&rsquo;UQAC sera pr\u00e9sente au Salon virtuel Destination Universit\u00e9s Qu\u00e9bec. Le 10 f\u00e9vrier 2021: \u2022Une occasion id\u00e9ale pour clavarder en direct avec nous. \u2022Visitez notre kiosque, d\u00e9couvrez [&hellip;]<\/p>\n","protected":false},"author":15,"featured_media":2988,"template":"","meta":{"_acf_changed":false,"_tribe_events_status":"","_tribe_events_status_reason":"","_tribe_events_is_hybrid":"","_tribe_events_is_virtual":"","_tribe_events_virtual_video_source":"","_tribe_events_virtual_embed_video":"","_tribe_events_virtual_linked_button_text":"","_tribe_events_virtual_linked_button":"","_tribe_events_virtual_show_embed_at":"","_tribe_events_virtual_show_embed_to":[],"_tribe_events_virtual_show_on_event":"","_tribe_events_virtual_show_on_views":"","_tribe_events_virtual_url":"","footnotes":""},"tags":[],"tribe_events_cat":[93],"class_list":["post-2987","tribe_events","type-tribe_events","status-publish","has-post-thumbnail","hentry","tribe_events_cat-activites-de-recrutement","cat_activites-de-recrutement"],"acf":[],"_links":{"self":[{"href":"https:\/\/www.uqac.ca\/calendrier\/wp-json\/wp\/v2\/tribe_events\/2987","targetHints":{"allow":["GET"]}}],"collection":[{"href":"https:\/\/www.uqac.ca\/calendrier\/wp-json\/wp\/v2\/tribe_events"}],"about":[{"href":"https:\/\/www.uqac.ca\/calendrier\/wp-json\/wp\/v2\/types\/tribe_events"}],"author":[{"embeddable":true,"href":"https:\/\/www.uqac.ca\/calendrier\/wp-json\/wp\/v2\/users\/15"}],"version-history":[{"count":1,"href":"https:\/\/www.uqac.ca\/calendrier\/wp-json\/wp\/v2\/tribe_events\/2987\/revisions"}],"predecessor-version":[{"id":2989,"href":"https:\/\/www.uqac.ca\/calendrier\/wp-json\/wp\/v2\/tribe_events\/2987\/revisions\/2989"}],"wp:featuredmedia":[{"embeddable":true,"href":"https:\/\/www.uqac.ca\/calendrier\/wp-json\/wp\/v2\/media\/2988"}],"wp:attachment":[{"href":"https:\/\/www.uqac.ca\/calendrier\/wp-json\/wp\/v2\/media?parent=2987"}],"wp:term":[{"taxonomy":"post_tag","embeddable":true,"href":"https:\/\/www.uqac.ca\/calendrier\/wp-json\/wp\/v2\/tags?post=2987"},{"taxonomy":"tribe_events_cat","embeddable":true,"href":"https:\/\/www.uqac.ca\/calendrier\/wp-json\/wp\/v2\/tribe_events_cat?post=2987"}],"curies":[{"name":"wp","href":"https:\/\/api.w.org\/{rel}","templated":true}]}}

Salon virtuel Destination Universités Québec

<div class="kvgmc6g5 cxmmr5t8 oygrvhab hcukyx3x c1et5uql">L&rsquo;équipe du recrutement de l&rsquo;UQAC sera présente au Salon virtuel Destination Universités Québec.</div>
<div></div>
<div class="o9v6fnle cxmmr5t8 oygrvhab hcukyx3x c1et5uql">Le 10 février 2021:<br />
•Une occasion idéale pour clavarder en direct avec nous.<br />
•Visitez notre kiosque, découvrez l’ensemble des programmes offerts au premier cycle.<br />
•Trouvez la formation qui vous convient.<br />
•Participez à des webconférences et préparez-vous à réaliser vos projets d&rsquo;études supérieures.</div>
<div></div>
<div class="o9v6fnle cxmmr5t8 oygrvhab hcukyx3x c1et5uql">Plus d’infos sur:<br />
Le site internet <a class="oajrlxb2 g5ia77u1 qu0x051f esr5mh6w e9989ue4 r7d6kgcz rq0escxv nhd2j8a9 nc684nl6 p7hjln8o kvgmc6g5 cxmmr5t8 oygrvhab hcukyx3x jb3vyjys rz4wbd8a qt6c0cv9 a8nywdso i1ao9s8h esuyzwwr f1sip0of lzcic4wl py34i1dx gpro0wi8" tabindex="0" role="link" href="https://l.facebook.com/l.php?u=http%3A%2F%2Fwww.destinationuniversites.ca%2F%3Ffbclid%3DIwAR06eTIMYj9slqnR4Qk-dFaSBQEnCNtCKiUNyQhtceZZcl_gObEPrJOnvJw&amp;h=AT3vHTTO5kCJCAKmhUk3jb4QvKZ1dUa5-S-P1_syieRol9xNOsRZVYRT0tWHm-CiXTMXHO0vrJlY3_2YCbZG-K8IQSqKB9zdwZ11j9-9uu17gkJnmA7pUUYNb6CNH1BjpQ&amp;__tn__=q&amp;c[0]=AT0fd_QFkVnamIas7n9rXxALbNrX60P7bAF3R2TyNzZEwsNV2xE3bSHBK0eQDzMsQYF-jPYODcZ0a_rGWjPmy3phMWm-oHMb5DC4w8manpxx_rYKTvQ1G1xg83MEdRhbbocfvvNBhUz8AG5tCozrfyjw5xfKdqrev831Y_T_DIsfM3I" target="_blank" rel="nofollow noopener">www.destinationuniversites.ca</a><br />
Le site d’inscription <a class="oajrlxb2 g5ia77u1 qu0x051f esr5mh6w e9989ue4 r7d6kgcz rq0escxv nhd2j8a9 nc684nl6 p7hjln8o kvgmc6g5 cxmmr5t8 oygrvhab hcukyx3x jb3vyjys rz4wbd8a qt6c0cv9 a8nywdso i1ao9s8h esuyzwwr f1sip0of lzcic4wl py34i1dx gpro0wi8" tabindex="0" role="link" href="https://duq.easyvirtualfair.com/?fbclid=IwAR2QR2gSed_Xs20MrUVXiKRdL0Mc6RscC41qoWZO_8opBjX5kcEa_KL7IQM" target="_blank" rel="nofollow noopener">https://duq.easyvirtualfair.com</a></div>

<p>L&rsquo;équipe du recrutement de l&rsquo;UQAC sera présente au Salon virtuel Destination Universités Québec. Le 10 février 2021: •Une occasion idéale pour clavarder en direct avec nous. •Visitez notre kiosque, découvrez [&hellip;]</p>
