{"id":3086,"date":"2021-03-22T13:47:03","date_gmt":"2021-03-22T17:47:03","guid":{"rendered":"http:\/\/www.uqac.ca\/calendrier\/?post_type=tribe_events&#038;p=3086"},"modified":"2021-03-22T13:47:03","modified_gmt":"2021-03-22T17:47:03","slug":"conference-webinaire-de-michel-seymour-plaidoyer-pour-la-laicite-ouverte","status":"publish","type":"tribe_events","link":"https:\/\/www.uqac.ca\/calendrier\/evenement\/conference-webinaire-de-michel-seymour-plaidoyer-pour-la-laicite-ouverte\/","title":{"rendered":"Conf\u00e9rence webinaire de Michel Seymour : \u00ab Plaidoyer pour la la\u00efcit\u00e9 ouverte \u00bb"},"content":{"rendered":"<div><\/div>\n<div>\n<div class=\"\">Dans le cadre des activit\u00e9s scientifiques de la CERII et du CELAT, vous \u00eates invit\u00e9s \u00e0 participer \u00e0 la conf\u00e9rence webinaire du philosophe et professeur retrait\u00e9 de l&rsquo;Universit\u00e9 de Montr\u00e9al, monsieur Michel Seymour. Le professeur Seymour pr\u00e9sentera ses derni\u00e8res r\u00e9flexions d\u00e9velopp\u00e9es dans son r\u00e9cent ouvrage <em>Raison, D\u00e9raison et Religion. Plaidoyer pour une la\u00efcit\u00e9 ouverte.<\/em><\/div>\n<\/div>\n<div><\/div>\n<div>\n<div class=\"\" style=\"padding-left: 30px;\">\u00ab Plaidoyer pour la la\u00efcit\u00e9 ouverte \u00bb<br \/>\nMardi le 30 mars de 14 h \u00e0 16 h<br \/>\n<a href=\"https:\/\/uqac.zoom.us\/j\/85498452457\">https:\/\/uqac.zoom.us\/j\/85498452457<\/a><br \/>\nID de r\u00e9union : 854 9845 2457<\/div>\n<div class=\"\">\n<p class=\"\"><strong>Renseignements : <\/strong><a href=\"mailto:kfall@uqac.ca\">kfall@uqac.ca<\/a><\/p>\n<\/div>\n<\/div>\n","protected":false},"excerpt":{"rendered":"<p>Dans le cadre des activit\u00e9s scientifiques de la CERII et du CELAT, vous \u00eates invit\u00e9s \u00e0 participer \u00e0 la conf\u00e9rence webinaire du philosophe et professeur retrait\u00e9 de l&rsquo;Universit\u00e9 de Montr\u00e9al, [&hellip;]<\/p>\n","protected":false},"author":7,"featured_media":0,"template":"","meta":{"_acf_changed":false,"_tribe_events_status":"","_tribe_events_status_reason":"","_tribe_events_is_hybrid":"","_tribe_events_is_virtual":"","_tribe_events_virtual_video_source":"","_tribe_events_virtual_embed_video":"","_tribe_events_virtual_linked_button_text":"","_tribe_events_virtual_linked_button":"","_tribe_events_virtual_show_embed_at":"","_tribe_events_virtual_show_embed_to":[],"_tribe_events_virtual_show_on_event":"","_tribe_events_virtual_show_on_views":"","_tribe_events_virtual_url":"","footnotes":""},"tags":[101],"tribe_events_cat":[23],"class_list":["post-3086","tribe_events","type-tribe_events","status-publish","hentry","tag-dall","tribe_events_cat-conferences-et-presentations","cat_conferences-et-presentations"],"acf":[],"_links":{"self":[{"href":"https:\/\/www.uqac.ca\/calendrier\/wp-json\/wp\/v2\/tribe_events\/3086","targetHints":{"allow":["GET"]}}],"collection":[{"href":"https:\/\/www.uqac.ca\/calendrier\/wp-json\/wp\/v2\/tribe_events"}],"about":[{"href":"https:\/\/www.uqac.ca\/calendrier\/wp-json\/wp\/v2\/types\/tribe_events"}],"author":[{"embeddable":true,"href":"https:\/\/www.uqac.ca\/calendrier\/wp-json\/wp\/v2\/users\/7"}],"version-history":[{"count":1,"href":"https:\/\/www.uqac.ca\/calendrier\/wp-json\/wp\/v2\/tribe_events\/3086\/revisions"}],"predecessor-version":[{"id":3087,"href":"https:\/\/www.uqac.ca\/calendrier\/wp-json\/wp\/v2\/tribe_events\/3086\/revisions\/3087"}],"wp:attachment":[{"href":"https:\/\/www.uqac.ca\/calendrier\/wp-json\/wp\/v2\/media?parent=3086"}],"wp:term":[{"taxonomy":"post_tag","embeddable":true,"href":"https:\/\/www.uqac.ca\/calendrier\/wp-json\/wp\/v2\/tags?post=3086"},{"taxonomy":"tribe_events_cat","embeddable":true,"href":"https:\/\/www.uqac.ca\/calendrier\/wp-json\/wp\/v2\/tribe_events_cat?post=3086"}],"curies":[{"name":"wp","href":"https:\/\/api.w.org\/{rel}","templated":true}]}}

Conférence webinaire de Michel Seymour : « Plaidoyer pour la laïcité ouverte »

<div></div>
<div>
<div class="">Dans le cadre des activités scientifiques de la CERII et du CELAT, vous êtes invités à participer à la conférence webinaire du philosophe et professeur retraité de l&rsquo;Université de Montréal, monsieur Michel Seymour. Le professeur Seymour présentera ses dernières réflexions développées dans son récent ouvrage <em>Raison, Déraison et Religion. Plaidoyer pour une laïcité ouverte.</em></div>
</div>
<div></div>
<div>
<div class="" style="padding-left: 30px;">« Plaidoyer pour la laïcité ouverte »<br />
Mardi le 30 mars de 14 h à 16 h<br />
<a href="https://uqac.zoom.us/j/85498452457">https://uqac.zoom.us/j/85498452457</a><br />
ID de réunion : 854 9845 2457</div>
<div class="">
<p class=""><strong>Renseignements : </strong><a href="mailto:kfall@uqac.ca">kfall@uqac.ca</a></p>
</div>
</div>

<p>Dans le cadre des activités scientifiques de la CERII et du CELAT, vous êtes invités à participer à la conférence webinaire du philosophe et professeur retraité de l&rsquo;Université de Montréal, [&hellip;]</p>
