{"id":3348,"date":"2021-09-17T15:30:05","date_gmt":"2021-09-17T19:30:05","guid":{"rendered":"http:\/\/www.uqac.ca\/calendrier\/?post_type=tribe_events&#038;p=3348"},"modified":"2021-09-17T16:00:01","modified_gmt":"2021-09-17T20:00:01","slug":"salon-virtuel-de-letudiant","status":"publish","type":"tribe_events","link":"https:\/\/www.uqac.ca\/calendrier\/evenement\/salon-virtuel-de-letudiant\/","title":{"rendered":"Salon virtuel de l&rsquo;\u00e9tudiant"},"content":{"rendered":"<div>Venez poser vos questions sur nos 200 programmes, l\u2019admission, la vie \u00e9tudiante et nos campus de Saguenay, Montr\u00e9al et Sept-\u00celes. Trouvez de l&rsquo;information sur les services offerts et les avantages de choisir notre universit\u00e9. \u00c9changez en direct avec nos repr\u00e9sentants de l\u2019UQAC. Ton avenir est ici!<\/div>\n<div><\/div>\n<div><a href=\"https:\/\/ecarrieres.com\/fr\/evenements\/salon-virtuel-etudiant\/\">ecarrieres.com\/fr\/evenements\/salon-virtuel-etudiant\/<\/a><\/div>\n","protected":false},"excerpt":{"rendered":"<p>Venez poser vos questions sur nos 200 programmes, l\u2019admission, la vie \u00e9tudiante et nos campus de Saguenay, Montr\u00e9al et Sept-\u00celes. Trouvez de l&rsquo;information sur les services offerts et les avantages [&hellip;]<\/p>\n","protected":false},"author":15,"featured_media":0,"template":"","meta":{"_acf_changed":false,"_tribe_events_status":"","_tribe_events_status_reason":"","_tribe_events_is_hybrid":"","_tribe_events_is_virtual":"","_tribe_events_virtual_video_source":"","_tribe_events_virtual_embed_video":"","_tribe_events_virtual_linked_button_text":"","_tribe_events_virtual_linked_button":"","_tribe_events_virtual_show_embed_at":"","_tribe_events_virtual_show_embed_to":[],"_tribe_events_virtual_show_on_event":"","_tribe_events_virtual_show_on_views":"","_tribe_events_virtual_url":"","footnotes":""},"tags":[],"tribe_events_cat":[96,93],"class_list":["post-3348","tribe_events","type-tribe_events","status-publish","hentry","tribe_events_cat-activites-de-recrutement-2","tribe_events_cat-activites-de-recrutement","cat_activites-de-recrutement-2","cat_activites-de-recrutement"],"acf":[],"_links":{"self":[{"href":"https:\/\/www.uqac.ca\/calendrier\/wp-json\/wp\/v2\/tribe_events\/3348","targetHints":{"allow":["GET"]}}],"collection":[{"href":"https:\/\/www.uqac.ca\/calendrier\/wp-json\/wp\/v2\/tribe_events"}],"about":[{"href":"https:\/\/www.uqac.ca\/calendrier\/wp-json\/wp\/v2\/types\/tribe_events"}],"author":[{"embeddable":true,"href":"https:\/\/www.uqac.ca\/calendrier\/wp-json\/wp\/v2\/users\/15"}],"version-history":[{"count":1,"href":"https:\/\/www.uqac.ca\/calendrier\/wp-json\/wp\/v2\/tribe_events\/3348\/revisions"}],"predecessor-version":[{"id":3349,"href":"https:\/\/www.uqac.ca\/calendrier\/wp-json\/wp\/v2\/tribe_events\/3348\/revisions\/3349"}],"wp:attachment":[{"href":"https:\/\/www.uqac.ca\/calendrier\/wp-json\/wp\/v2\/media?parent=3348"}],"wp:term":[{"taxonomy":"post_tag","embeddable":true,"href":"https:\/\/www.uqac.ca\/calendrier\/wp-json\/wp\/v2\/tags?post=3348"},{"taxonomy":"tribe_events_cat","embeddable":true,"href":"https:\/\/www.uqac.ca\/calendrier\/wp-json\/wp\/v2\/tribe_events_cat?post=3348"}],"curies":[{"name":"wp","href":"https:\/\/api.w.org\/{rel}","templated":true}]}}

Salon virtuel de l&rsquo;étudiant

<div>Venez poser vos questions sur nos 200 programmes, l’admission, la vie étudiante et nos campus de Saguenay, Montréal et Sept-Îles. Trouvez de l&rsquo;information sur les services offerts et les avantages de choisir notre université. Échangez en direct avec nos représentants de l’UQAC. Ton avenir est ici!</div>
<div></div>
<div><a href="https://ecarrieres.com/fr/evenements/salon-virtuel-etudiant/">ecarrieres.com/fr/evenements/salon-virtuel-etudiant/</a></div>

<p>Venez poser vos questions sur nos 200 programmes, l’admission, la vie étudiante et nos campus de Saguenay, Montréal et Sept-Îles. Trouvez de l&rsquo;information sur les services offerts et les avantages [&hellip;]</p>
