{"id":3403,"date":"2021-10-01T09:37:03","date_gmt":"2021-10-01T13:37:03","guid":{"rendered":"http:\/\/www.uqac.ca\/calendrier\/?post_type=tribe_events&#038;p=3403"},"modified":"2021-10-01T09:37:03","modified_gmt":"2021-10-01T13:37:03","slug":"midi-conference-du-dall","status":"publish","type":"tribe_events","link":"https:\/\/www.uqac.ca\/calendrier\/evenement\/midi-conference-du-dall\/","title":{"rendered":"MIDI-CONF\u00c9RENCE DU DALL"},"content":{"rendered":"<p>Le D\u00e9partement des arts, des lettres et du langage vous invite \u00e0 participer au tout premier midi-conf\u00e9rence.<\/p>\n<p>Auditorium de l&rsquo;UQAC (PO-5000)<\/p>\n<p>ou<\/p>\n<p>ZOOM:\u00a0https:\/\/uqac.zoom.us\/j\/84728002854<\/p>\n<p><strong>NOS CONF\u00c9RENCIERS<\/strong><\/p>\n<p><strong>Vincent Collette, professeur invit\u00e9<br \/>\n<\/strong><strong>Analyse ethnolinguistique d&rsquo;une lettre ilnue du d\u00e9but du XX<sup>e <\/sup>si\u00e8cle<br \/>\n<\/strong><strong>R\u00e9sum\u00e9:<\/strong> Anomalie dans l&rsquo;histoire de la presse \u00e9crite jeannoise, une lettre r\u00e9dig\u00e9e en ilnu de Mashteuiatsh dans le journal <em>Le Colon<\/em> (\u00e9dition du 26 avril 1917) nous r\u00e9v\u00e8le des faits captivants et parfois surprenants sur les plans linguistique (dialectologique, grammatical, rh\u00e9torique) et culturel.<\/p>\n<p><strong>Catherine Morency, professeure<br \/>\n<\/strong><strong>Enseigner la cr\u00e9ation\u00a0: donner forme \u00e0 l\u2019insondable<br \/>\n<\/strong><strong>R\u00e9sum\u00e9:<\/strong> Dans un court-m\u00e9trage intitul\u00e9 <em>Enseigner l\u2019impossible<\/em>, Catherine Mavrikakis avance que \u00ab transmettre, c\u2019est accepter que les autres qui vous re\u00e7oivent trahissent ce qu\u2019on fait \u00bb. Je partirai de cette pr\u00e9misse pour aborder mon propre rapport \u00e0 la transmission, des possibles aux limites, entre incarnation et projection.<\/p>\n<p style=\"margin: 0cm 0cm 0.0001pt; line-height: 150%; text-align: left;\" align=\"center\"><strong><span style=\"font-size: 10.5pt; line-height: 150%; font-family: 'Arial',sans-serif; color: black;\">*<\/span><\/strong><span style=\"font-size: 10.5pt; line-height: 150%; font-family: 'Arial',sans-serif; color: black;\">Le port du masque est obligatoire en tout temps. Le passeport vaccinal ainsi qu\u2019une carte d\u2019identit\u00e9 avec photo seront exig\u00e9s.<\/span><\/p>\n<p>&nbsp;<\/p>\n","protected":false},"excerpt":{"rendered":"<p>Le D\u00e9partement des arts, des lettres et du langage vous invite \u00e0 participer au tout premier midi-conf\u00e9rence. Auditorium de l&rsquo;UQAC (PO-5000) ou ZOOM:\u00a0https:\/\/uqac.zoom.us\/j\/84728002854 NOS CONF\u00c9RENCIERS Vincent Collette, professeur invit\u00e9 Analyse [&hellip;]<\/p>\n","protected":false},"author":15,"featured_media":0,"template":"","meta":{"_acf_changed":false,"_tribe_events_status":"","_tribe_events_status_reason":"","_tribe_events_is_hybrid":"","_tribe_events_is_virtual":"","_tribe_events_virtual_video_source":"","_tribe_events_virtual_embed_video":"","_tribe_events_virtual_linked_button_text":"","_tribe_events_virtual_linked_button":"","_tribe_events_virtual_show_embed_at":"","_tribe_events_virtual_show_embed_to":[],"_tribe_events_virtual_show_on_event":"","_tribe_events_virtual_show_on_views":"","_tribe_events_virtual_url":"","footnotes":""},"tags":[101],"tribe_events_cat":[23],"class_list":["post-3403","tribe_events","type-tribe_events","status-publish","hentry","tag-dall","tribe_events_cat-conferences-et-presentations","cat_conferences-et-presentations"],"acf":[],"_links":{"self":[{"href":"https:\/\/www.uqac.ca\/calendrier\/wp-json\/wp\/v2\/tribe_events\/3403","targetHints":{"allow":["GET"]}}],"collection":[{"href":"https:\/\/www.uqac.ca\/calendrier\/wp-json\/wp\/v2\/tribe_events"}],"about":[{"href":"https:\/\/www.uqac.ca\/calendrier\/wp-json\/wp\/v2\/types\/tribe_events"}],"author":[{"embeddable":true,"href":"https:\/\/www.uqac.ca\/calendrier\/wp-json\/wp\/v2\/users\/15"}],"version-history":[{"count":2,"href":"https:\/\/www.uqac.ca\/calendrier\/wp-json\/wp\/v2\/tribe_events\/3403\/revisions"}],"predecessor-version":[{"id":3407,"href":"https:\/\/www.uqac.ca\/calendrier\/wp-json\/wp\/v2\/tribe_events\/3403\/revisions\/3407"}],"wp:attachment":[{"href":"https:\/\/www.uqac.ca\/calendrier\/wp-json\/wp\/v2\/media?parent=3403"}],"wp:term":[{"taxonomy":"post_tag","embeddable":true,"href":"https:\/\/www.uqac.ca\/calendrier\/wp-json\/wp\/v2\/tags?post=3403"},{"taxonomy":"tribe_events_cat","embeddable":true,"href":"https:\/\/www.uqac.ca\/calendrier\/wp-json\/wp\/v2\/tribe_events_cat?post=3403"}],"curies":[{"name":"wp","href":"https:\/\/api.w.org\/{rel}","templated":true}]}}

MIDI-CONFÉRENCE DU DALL

<p>Le Département des arts, des lettres et du langage vous invite à participer au tout premier midi-conférence.</p>
<p>Auditorium de l&rsquo;UQAC (PO-5000)</p>
<p>ou</p>
<p>ZOOM: https://uqac.zoom.us/j/84728002854</p>
<p><strong>NOS CONFÉRENCIERS</strong></p>
<p><strong>Vincent Collette, professeur invité<br />
</strong><strong>Analyse ethnolinguistique d&rsquo;une lettre ilnue du début du XX<sup>e </sup>siècle<br />
</strong><strong>Résumé:</strong> Anomalie dans l&rsquo;histoire de la presse écrite jeannoise, une lettre rédigée en ilnu de Mashteuiatsh dans le journal <em>Le Colon</em> (édition du 26 avril 1917) nous révèle des faits captivants et parfois surprenants sur les plans linguistique (dialectologique, grammatical, rhétorique) et culturel.</p>
<p><strong>Catherine Morency, professeure<br />
</strong><strong>Enseigner la création : donner forme à l’insondable<br />
</strong><strong>Résumé:</strong> Dans un court-métrage intitulé <em>Enseigner l’impossible</em>, Catherine Mavrikakis avance que « transmettre, c’est accepter que les autres qui vous reçoivent trahissent ce qu’on fait ». Je partirai de cette prémisse pour aborder mon propre rapport à la transmission, des possibles aux limites, entre incarnation et projection.</p>
<p style="margin: 0cm 0cm 0.0001pt; line-height: 150%; text-align: left;" align="center"><strong><span style="font-size: 10.5pt; line-height: 150%; font-family: 'Arial',sans-serif; color: black;">*</span></strong><span style="font-size: 10.5pt; line-height: 150%; font-family: 'Arial',sans-serif; color: black;">Le port du masque est obligatoire en tout temps. Le passeport vaccinal ainsi qu’une carte d’identité avec photo seront exigés.</span></p>
<p>&nbsp;</p>

<p>Le Département des arts, des lettres et du langage vous invite à participer au tout premier midi-conférence. Auditorium de l&rsquo;UQAC (PO-5000) ou ZOOM: https://uqac.zoom.us/j/84728002854 NOS CONFÉRENCIERS Vincent Collette, professeur invité Analyse [&hellip;]</p>
