{"id":3462,"date":"2021-10-18T10:08:30","date_gmt":"2021-10-18T14:08:30","guid":{"rendered":"http:\/\/www.uqac.ca\/calendrier\/?post_type=tribe_events&#038;p=3462"},"modified":"2021-10-18T10:08:30","modified_gmt":"2021-10-18T14:08:30","slug":"debat-des-candidats-a-la-mairie-de-saguenay","status":"publish","type":"tribe_events","link":"https:\/\/www.uqac.ca\/calendrier\/evenement\/debat-des-candidats-a-la-mairie-de-saguenay\/","title":{"rendered":"D\u00e9bat des candidats \u00e0 la mairie de Saguenay"},"content":{"rendered":"<div class=\"kvgmc6g5 cxmmr5t8 oygrvhab hcukyx3x c1et5uql\">Le Cercle de presse du Saguenay tiendra un d\u00e9bat impliquant tous les candidats \u00e0 la mairie de Saguenay \u00e0 l&rsquo;auditorium (P0-5000) de l&rsquo;UQAC.<\/div>\n<div><\/div>\n<div class=\"o9v6fnle cxmmr5t8 oygrvhab hcukyx3x c1et5uql\">Jos\u00e9e N\u00e9ron, Julie Dufour, Catherine Morissette, Serge Simard, Dominic Gagnon, Jacinthe Vaillancourt et Claude C\u00f4t\u00e9 ont tous confirm\u00e9 leur pr\u00e9sence.<\/div>\n<div><\/div>\n<div class=\"o9v6fnle cxmmr5t8 oygrvhab hcukyx3x c1et5uql\">Une formule originale permettra deux tours de questions des journalistes aux candidats. Le d\u00e9roulement exact sera communiqu\u00e9 plus tard.<\/div>\n<div><\/div>\n<div class=\"o9v6fnle cxmmr5t8 oygrvhab hcukyx3x c1et5uql\">Le d\u00e9bat sera diffus\u00e9 en direct par Internet sur la page YouTube de l&rsquo;UQAC.<\/div>\n<div><\/div>\n<div class=\"o9v6fnle cxmmr5t8 oygrvhab hcukyx3x c1et5uql\">Le d\u00e9bat sera ouvert au public. Le port du masque sera obligatoire en tout temps dans l&rsquo;assistance et le passeport vaccinal sera exig\u00e9 \u00e0 l&rsquo;entr\u00e9e.<\/div>\n","protected":false},"excerpt":{"rendered":"<p>Le Cercle de presse du Saguenay tiendra un d\u00e9bat impliquant tous les candidats \u00e0 la mairie de Saguenay \u00e0 l&rsquo;auditorium (P0-5000) de l&rsquo;UQAC. Jos\u00e9e N\u00e9ron, Julie Dufour, Catherine Morissette, Serge [&hellip;]<\/p>\n","protected":false},"author":8,"featured_media":0,"template":"","meta":{"_acf_changed":false,"_tribe_events_status":"","_tribe_events_status_reason":"","_tribe_events_is_hybrid":"","_tribe_events_is_virtual":"","_tribe_events_virtual_video_source":"","_tribe_events_virtual_embed_video":"","_tribe_events_virtual_linked_button_text":"","_tribe_events_virtual_linked_button":"","_tribe_events_virtual_show_embed_at":"","_tribe_events_virtual_show_embed_to":[],"_tribe_events_virtual_show_on_event":"","_tribe_events_virtual_show_on_views":"","_tribe_events_virtual_url":"","footnotes":""},"tags":[],"tribe_events_cat":[23],"class_list":["post-3462","tribe_events","type-tribe_events","status-publish","hentry","tribe_events_cat-conferences-et-presentations","cat_conferences-et-presentations"],"acf":[],"_links":{"self":[{"href":"https:\/\/www.uqac.ca\/calendrier\/wp-json\/wp\/v2\/tribe_events\/3462","targetHints":{"allow":["GET"]}}],"collection":[{"href":"https:\/\/www.uqac.ca\/calendrier\/wp-json\/wp\/v2\/tribe_events"}],"about":[{"href":"https:\/\/www.uqac.ca\/calendrier\/wp-json\/wp\/v2\/types\/tribe_events"}],"author":[{"embeddable":true,"href":"https:\/\/www.uqac.ca\/calendrier\/wp-json\/wp\/v2\/users\/8"}],"version-history":[{"count":1,"href":"https:\/\/www.uqac.ca\/calendrier\/wp-json\/wp\/v2\/tribe_events\/3462\/revisions"}],"predecessor-version":[{"id":3463,"href":"https:\/\/www.uqac.ca\/calendrier\/wp-json\/wp\/v2\/tribe_events\/3462\/revisions\/3463"}],"wp:attachment":[{"href":"https:\/\/www.uqac.ca\/calendrier\/wp-json\/wp\/v2\/media?parent=3462"}],"wp:term":[{"taxonomy":"post_tag","embeddable":true,"href":"https:\/\/www.uqac.ca\/calendrier\/wp-json\/wp\/v2\/tags?post=3462"},{"taxonomy":"tribe_events_cat","embeddable":true,"href":"https:\/\/www.uqac.ca\/calendrier\/wp-json\/wp\/v2\/tribe_events_cat?post=3462"}],"curies":[{"name":"wp","href":"https:\/\/api.w.org\/{rel}","templated":true}]}}

Débat des candidats à la mairie de Saguenay

<div class="kvgmc6g5 cxmmr5t8 oygrvhab hcukyx3x c1et5uql">Le Cercle de presse du Saguenay tiendra un débat impliquant tous les candidats à la mairie de Saguenay à l&rsquo;auditorium (P0-5000) de l&rsquo;UQAC.</div>
<div></div>
<div class="o9v6fnle cxmmr5t8 oygrvhab hcukyx3x c1et5uql">Josée Néron, Julie Dufour, Catherine Morissette, Serge Simard, Dominic Gagnon, Jacinthe Vaillancourt et Claude Côté ont tous confirmé leur présence.</div>
<div></div>
<div class="o9v6fnle cxmmr5t8 oygrvhab hcukyx3x c1et5uql">Une formule originale permettra deux tours de questions des journalistes aux candidats. Le déroulement exact sera communiqué plus tard.</div>
<div></div>
<div class="o9v6fnle cxmmr5t8 oygrvhab hcukyx3x c1et5uql">Le débat sera diffusé en direct par Internet sur la page YouTube de l&rsquo;UQAC.</div>
<div></div>
<div class="o9v6fnle cxmmr5t8 oygrvhab hcukyx3x c1et5uql">Le débat sera ouvert au public. Le port du masque sera obligatoire en tout temps dans l&rsquo;assistance et le passeport vaccinal sera exigé à l&rsquo;entrée.</div>

<p>Le Cercle de presse du Saguenay tiendra un débat impliquant tous les candidats à la mairie de Saguenay à l&rsquo;auditorium (P0-5000) de l&rsquo;UQAC. Josée Néron, Julie Dufour, Catherine Morissette, Serge [&hellip;]</p>
