{"id":3467,"date":"2021-10-18T16:26:17","date_gmt":"2021-10-18T20:26:17","guid":{"rendered":"http:\/\/www.uqac.ca\/calendrier\/?post_type=tribe_events&#038;p=3467"},"modified":"2021-10-18T16:26:17","modified_gmt":"2021-10-18T20:26:17","slug":"les-astucieuses-conference","status":"publish","type":"tribe_events","link":"https:\/\/www.uqac.ca\/calendrier\/evenement\/les-astucieuses-conference\/","title":{"rendered":"Les Astucieuses &#8211; conf\u00e9rence"},"content":{"rendered":"<div class=\"kvgmc6g5 cxmmr5t8 oygrvhab hcukyx3x c1et5uql ii04i59q\">\n<h1 dir=\"auto\">COlab lance \u00ab\u00a0Les Astucieuses\u00a0\u00bb!<\/h1>\n<\/div>\n<div class=\"o9v6fnle cxmmr5t8 oygrvhab hcukyx3x c1et5uql ii04i59q\">\n<div dir=\"auto\">En collaboration avec l&rsquo;UQAC, le COlab\u00a0propose un parcours exclusivement destin\u00e9 aux \u00e9tudiantes de niveau coll\u00e9gial et universitaire qui \u00e9tudient dans un domaine relatif \u00e0 l\u2019informatique, l\u2019ing\u00e9nierie, les math\u00e9matiques ou tout ce qui touche au num\u00e9rique.<\/p>\n<\/div>\n<\/div>\n<div class=\"o9v6fnle cxmmr5t8 oygrvhab hcukyx3x c1et5uql ii04i59q\">\n<div dir=\"auto\">Tu as une id\u00e9e de projet en lien avec ces domaines ? Inscris-toi avant le 20 octobre prochain et tu pourrais recevoir une bourse pour r\u00e9aliser ton projet. C\u2019est juste ici -&gt;. <a class=\"oajrlxb2 g5ia77u1 qu0x051f esr5mh6w e9989ue4 r7d6kgcz rq0escxv nhd2j8a9 nc684nl6 p7hjln8o kvgmc6g5 cxmmr5t8 oygrvhab hcukyx3x jb3vyjys rz4wbd8a qt6c0cv9 a8nywdso i1ao9s8h esuyzwwr f1sip0of lzcic4wl py34i1dx gpro0wi8\" tabindex=\"0\" role=\"link\" href=\"https:\/\/colabnumerique.com\/parcours\/les-astucieuses\/?fbclid=IwAR0BiozaIPutuSq3lmlAmT6UgXjA1_ZltFLwdNk3HSEBSmC_SIbVK5brNcQ\" target=\"_blank\" rel=\"nofollow noopener\">https:\/\/colabnumerique.com\/parcours\/les-astucieuses\/<\/a><\/div>\n<\/div>\n<p>Pour en savoir plus sur\u00a0<em>Les Astucieuses\u00a0<\/em>assistez \u00e0 une conf\u00e9rence avec deux femmes entrepreneures technologiques lundi le 25 octobre prochain \u00e0 l\u2019UQAC de 12h \u00e0 12h45 au local P1-4270.<\/p>\n","protected":false},"excerpt":{"rendered":"<p>COlab lance \u00ab\u00a0Les Astucieuses\u00a0\u00bb! En collaboration avec l&rsquo;UQAC, le COlab\u00a0propose un parcours exclusivement destin\u00e9 aux \u00e9tudiantes de niveau coll\u00e9gial et universitaire qui \u00e9tudient dans un domaine relatif \u00e0 l\u2019informatique, l\u2019ing\u00e9nierie, [&hellip;]<\/p>\n","protected":false},"author":13,"featured_media":3468,"template":"","meta":{"_acf_changed":false,"_tribe_events_status":"","_tribe_events_status_reason":"","_tribe_events_is_hybrid":"","_tribe_events_is_virtual":"","_tribe_events_virtual_video_source":"","_tribe_events_virtual_embed_video":"","_tribe_events_virtual_linked_button_text":"","_tribe_events_virtual_linked_button":"","_tribe_events_virtual_show_embed_at":"","_tribe_events_virtual_show_embed_to":[],"_tribe_events_virtual_show_on_event":"","_tribe_events_virtual_show_on_views":"","_tribe_events_virtual_url":"","footnotes":""},"tags":[],"tribe_events_cat":[],"class_list":["post-3467","tribe_events","type-tribe_events","status-publish","has-post-thumbnail","hentry"],"acf":[],"_links":{"self":[{"href":"https:\/\/www.uqac.ca\/calendrier\/wp-json\/wp\/v2\/tribe_events\/3467","targetHints":{"allow":["GET"]}}],"collection":[{"href":"https:\/\/www.uqac.ca\/calendrier\/wp-json\/wp\/v2\/tribe_events"}],"about":[{"href":"https:\/\/www.uqac.ca\/calendrier\/wp-json\/wp\/v2\/types\/tribe_events"}],"author":[{"embeddable":true,"href":"https:\/\/www.uqac.ca\/calendrier\/wp-json\/wp\/v2\/users\/13"}],"version-history":[{"count":2,"href":"https:\/\/www.uqac.ca\/calendrier\/wp-json\/wp\/v2\/tribe_events\/3467\/revisions"}],"predecessor-version":[{"id":3470,"href":"https:\/\/www.uqac.ca\/calendrier\/wp-json\/wp\/v2\/tribe_events\/3467\/revisions\/3470"}],"wp:featuredmedia":[{"embeddable":true,"href":"https:\/\/www.uqac.ca\/calendrier\/wp-json\/wp\/v2\/media\/3468"}],"wp:attachment":[{"href":"https:\/\/www.uqac.ca\/calendrier\/wp-json\/wp\/v2\/media?parent=3467"}],"wp:term":[{"taxonomy":"post_tag","embeddable":true,"href":"https:\/\/www.uqac.ca\/calendrier\/wp-json\/wp\/v2\/tags?post=3467"},{"taxonomy":"tribe_events_cat","embeddable":true,"href":"https:\/\/www.uqac.ca\/calendrier\/wp-json\/wp\/v2\/tribe_events_cat?post=3467"}],"curies":[{"name":"wp","href":"https:\/\/api.w.org\/{rel}","templated":true}]}}

Les Astucieuses &#8211; conférence

<div class="kvgmc6g5 cxmmr5t8 oygrvhab hcukyx3x c1et5uql ii04i59q">
<h1 dir="auto">COlab lance « Les Astucieuses »!</h1>
</div>
<div class="o9v6fnle cxmmr5t8 oygrvhab hcukyx3x c1et5uql ii04i59q">
<div dir="auto">En collaboration avec l&rsquo;UQAC, le COlab propose un parcours exclusivement destiné aux étudiantes de niveau collégial et universitaire qui étudient dans un domaine relatif à l’informatique, l’ingénierie, les mathématiques ou tout ce qui touche au numérique.</p>
</div>
</div>
<div class="o9v6fnle cxmmr5t8 oygrvhab hcukyx3x c1et5uql ii04i59q">
<div dir="auto">Tu as une idée de projet en lien avec ces domaines ? Inscris-toi avant le 20 octobre prochain et tu pourrais recevoir une bourse pour réaliser ton projet. C’est juste ici -&gt;. <a class="oajrlxb2 g5ia77u1 qu0x051f esr5mh6w e9989ue4 r7d6kgcz rq0escxv nhd2j8a9 nc684nl6 p7hjln8o kvgmc6g5 cxmmr5t8 oygrvhab hcukyx3x jb3vyjys rz4wbd8a qt6c0cv9 a8nywdso i1ao9s8h esuyzwwr f1sip0of lzcic4wl py34i1dx gpro0wi8" tabindex="0" role="link" href="https://colabnumerique.com/parcours/les-astucieuses/?fbclid=IwAR0BiozaIPutuSq3lmlAmT6UgXjA1_ZltFLwdNk3HSEBSmC_SIbVK5brNcQ" target="_blank" rel="nofollow noopener">https://colabnumerique.com/parcours/les-astucieuses/</a></div>
</div>
<p>Pour en savoir plus sur <em>Les Astucieuses </em>assistez à une conférence avec deux femmes entrepreneures technologiques lundi le 25 octobre prochain à l’UQAC de 12h à 12h45 au local P1-4270.</p>

<p>COlab lance « Les Astucieuses »! En collaboration avec l&rsquo;UQAC, le COlab propose un parcours exclusivement destiné aux étudiantes de niveau collégial et universitaire qui étudient dans un domaine relatif à l’informatique, l’ingénierie, [&hellip;]</p>
