{"id":4249,"date":"2022-09-27T08:24:29","date_gmt":"2022-09-27T12:24:29","guid":{"rendered":"http:\/\/www.uqac.ca\/calendrier\/?post_type=tribe_events&#038;p=4249"},"modified":"2022-09-27T08:39:20","modified_gmt":"2022-09-27T12:39:20","slug":"tragedie-en-iran-invitation-a-se-recueillir","status":"publish","type":"tribe_events","link":"https:\/\/www.uqac.ca\/calendrier\/evenement\/tragedie-en-iran-invitation-a-se-recueillir\/","title":{"rendered":"Trag\u00e9die en Iran : invitation \u00e0 se recueillir"},"content":{"rendered":"<p>La communaut\u00e9 Iranienne de l&rsquo;UQAC invite les membres de la communaut\u00e9 universitaire pour \u00e9changer et se recueillir.<\/p>\n<p>Bienvenue \u00e0 toutes et \u00e0 tous.<\/p>\n<p>Lieu : Salle collaborative La Bulle de la Biblioth\u00e8que Paul-\u00c9mile-Boulet<\/p>\n","protected":false},"excerpt":{"rendered":"<p>La communaut\u00e9 Iranienne de l&rsquo;UQAC invite les membres de la communaut\u00e9 universitaire pour \u00e9changer et se recueillir. Bienvenue \u00e0 toutes et \u00e0 tous. Lieu : Salle collaborative La Bulle de [&hellip;]<\/p>\n","protected":false},"author":13,"featured_media":4251,"template":"","meta":{"_acf_changed":false,"_tribe_events_status":"","_tribe_events_status_reason":"","_tribe_events_is_hybrid":"","_tribe_events_is_virtual":"","_tribe_events_virtual_video_source":"","_tribe_events_virtual_embed_video":"","_tribe_events_virtual_linked_button_text":"","_tribe_events_virtual_linked_button":"","_tribe_events_virtual_show_embed_at":"","_tribe_events_virtual_show_embed_to":[],"_tribe_events_virtual_show_on_event":"","_tribe_events_virtual_show_on_views":"","_tribe_events_virtual_url":"","footnotes":""},"tags":[],"tribe_events_cat":[],"class_list":["post-4249","tribe_events","type-tribe_events","status-publish","has-post-thumbnail","hentry"],"acf":[],"_links":{"self":[{"href":"https:\/\/www.uqac.ca\/calendrier\/wp-json\/wp\/v2\/tribe_events\/4249","targetHints":{"allow":["GET"]}}],"collection":[{"href":"https:\/\/www.uqac.ca\/calendrier\/wp-json\/wp\/v2\/tribe_events"}],"about":[{"href":"https:\/\/www.uqac.ca\/calendrier\/wp-json\/wp\/v2\/types\/tribe_events"}],"author":[{"embeddable":true,"href":"https:\/\/www.uqac.ca\/calendrier\/wp-json\/wp\/v2\/users\/13"}],"version-history":[{"count":1,"href":"https:\/\/www.uqac.ca\/calendrier\/wp-json\/wp\/v2\/tribe_events\/4249\/revisions"}],"predecessor-version":[{"id":4250,"href":"https:\/\/www.uqac.ca\/calendrier\/wp-json\/wp\/v2\/tribe_events\/4249\/revisions\/4250"}],"wp:featuredmedia":[{"embeddable":true,"href":"https:\/\/www.uqac.ca\/calendrier\/wp-json\/wp\/v2\/media\/4251"}],"wp:attachment":[{"href":"https:\/\/www.uqac.ca\/calendrier\/wp-json\/wp\/v2\/media?parent=4249"}],"wp:term":[{"taxonomy":"post_tag","embeddable":true,"href":"https:\/\/www.uqac.ca\/calendrier\/wp-json\/wp\/v2\/tags?post=4249"},{"taxonomy":"tribe_events_cat","embeddable":true,"href":"https:\/\/www.uqac.ca\/calendrier\/wp-json\/wp\/v2\/tribe_events_cat?post=4249"}],"curies":[{"name":"wp","href":"https:\/\/api.w.org\/{rel}","templated":true}]}}

Tragédie en Iran : invitation à se recueillir

<p>La communauté Iranienne de l&rsquo;UQAC invite les membres de la communauté universitaire pour échanger et se recueillir.</p>
<p>Bienvenue à toutes et à tous.</p>
<p>Lieu : Salle collaborative La Bulle de la Bibliothèque Paul-Émile-Boulet</p>

<p>La communauté Iranienne de l&rsquo;UQAC invite les membres de la communauté universitaire pour échanger et se recueillir. Bienvenue à toutes et à tous. Lieu : Salle collaborative La Bulle de [&hellip;]</p>
