{"id":4435,"date":"2022-11-03T08:29:34","date_gmt":"2022-11-03T12:29:34","guid":{"rendered":"http:\/\/www.uqac.ca\/calendrier\/?post_type=tribe_events&#038;p=4435"},"modified":"2022-11-03T08:29:34","modified_gmt":"2022-11-03T12:29:34","slug":"kiosque-de-sensibilisation-etudes-travail","status":"publish","type":"tribe_events","link":"https:\/\/www.uqac.ca\/calendrier\/evenement\/kiosque-de-sensibilisation-etudes-travail\/","title":{"rendered":"Kiosque de sensibilisation \u00e9tudes-travail"},"content":{"rendered":"<p>Saviez-vous que les \u00e9tudiants \u00e9trangers pourront travailler davantage \u00e0 partir du 15 novembre 2022?<\/p>\n<p>La lev\u00e9e de ce plafond d&rsquo;heures (20 heures) de travail sera en vigueur \u00e0 partir du 15 novembre jusqu&rsquo;\u00e0 la fin de l&rsquo;ann\u00e9e 2023.<\/p>\n<p>Venez \u00e9changer avec nous sur votre perception de cette nouvelle mesure et des effets que cela peut avoir sur vos \u00e9tudes.<\/p>\n<ul>\n<li>Outils autor\u00e9flexion<\/li>\n<li>Intervenants disponibles pour r\u00e9pondre \u00e0 tes questions<\/li>\n<li>Quiz sur les avantages et les inconv\u00e9nients de cette mesure<\/li>\n<li>Sensibilisation<\/li>\n<\/ul>\n<p>Par les Services aux \u00e9tudiants.<\/p>\n","protected":false},"excerpt":{"rendered":"<p>Saviez-vous que les \u00e9tudiants \u00e9trangers pourront travailler davantage \u00e0 partir du 15 novembre 2022? La lev\u00e9e de ce plafond d&rsquo;heures (20 heures) de travail sera en vigueur \u00e0 partir du [&hellip;]<\/p>\n","protected":false},"author":20,"featured_media":4434,"template":"","meta":{"_acf_changed":false,"_tribe_events_status":"","_tribe_events_status_reason":"","_tribe_events_is_hybrid":"","_tribe_events_is_virtual":"","_tribe_events_virtual_video_source":"","_tribe_events_virtual_embed_video":"","_tribe_events_virtual_linked_button_text":"","_tribe_events_virtual_linked_button":"","_tribe_events_virtual_show_embed_at":"","_tribe_events_virtual_show_embed_to":[],"_tribe_events_virtual_show_on_event":"","_tribe_events_virtual_show_on_views":"","_tribe_events_virtual_url":"","footnotes":""},"tags":[],"tribe_events_cat":[35],"class_list":["post-4435","tribe_events","type-tribe_events","status-publish","has-post-thumbnail","hentry","tribe_events_cat-rencontres-et-evenements-festifs","cat_rencontres-et-evenements-festifs"],"acf":[],"_links":{"self":[{"href":"https:\/\/www.uqac.ca\/calendrier\/wp-json\/wp\/v2\/tribe_events\/4435","targetHints":{"allow":["GET"]}}],"collection":[{"href":"https:\/\/www.uqac.ca\/calendrier\/wp-json\/wp\/v2\/tribe_events"}],"about":[{"href":"https:\/\/www.uqac.ca\/calendrier\/wp-json\/wp\/v2\/types\/tribe_events"}],"author":[{"embeddable":true,"href":"https:\/\/www.uqac.ca\/calendrier\/wp-json\/wp\/v2\/users\/20"}],"version-history":[{"count":1,"href":"https:\/\/www.uqac.ca\/calendrier\/wp-json\/wp\/v2\/tribe_events\/4435\/revisions"}],"predecessor-version":[{"id":4436,"href":"https:\/\/www.uqac.ca\/calendrier\/wp-json\/wp\/v2\/tribe_events\/4435\/revisions\/4436"}],"wp:featuredmedia":[{"embeddable":true,"href":"https:\/\/www.uqac.ca\/calendrier\/wp-json\/wp\/v2\/media\/4434"}],"wp:attachment":[{"href":"https:\/\/www.uqac.ca\/calendrier\/wp-json\/wp\/v2\/media?parent=4435"}],"wp:term":[{"taxonomy":"post_tag","embeddable":true,"href":"https:\/\/www.uqac.ca\/calendrier\/wp-json\/wp\/v2\/tags?post=4435"},{"taxonomy":"tribe_events_cat","embeddable":true,"href":"https:\/\/www.uqac.ca\/calendrier\/wp-json\/wp\/v2\/tribe_events_cat?post=4435"}],"curies":[{"name":"wp","href":"https:\/\/api.w.org\/{rel}","templated":true}]}}

Kiosque de sensibilisation études-travail

<p>Saviez-vous que les étudiants étrangers pourront travailler davantage à partir du 15 novembre 2022?</p>
<p>La levée de ce plafond d&rsquo;heures (20 heures) de travail sera en vigueur à partir du 15 novembre jusqu&rsquo;à la fin de l&rsquo;année 2023.</p>
<p>Venez échanger avec nous sur votre perception de cette nouvelle mesure et des effets que cela peut avoir sur vos études.</p>
<ul>
<li>Outils autoréflexion</li>
<li>Intervenants disponibles pour répondre à tes questions</li>
<li>Quiz sur les avantages et les inconvénients de cette mesure</li>
<li>Sensibilisation</li>
</ul>
<p>Par les Services aux étudiants.</p>

<p>Saviez-vous que les étudiants étrangers pourront travailler davantage à partir du 15 novembre 2022? La levée de ce plafond d&rsquo;heures (20 heures) de travail sera en vigueur à partir du [&hellip;]</p>
