{"id":4491,"date":"2022-11-15T15:22:25","date_gmt":"2022-11-15T20:22:25","guid":{"rendered":"http:\/\/www.uqac.ca\/calendrier\/?post_type=tribe_events&#038;p=4491"},"modified":"2022-11-15T15:23:03","modified_gmt":"2022-11-15T20:23:03","slug":"colloque-les-temps-composes-2","status":"publish","type":"tribe_events","link":"https:\/\/www.uqac.ca\/calendrier\/evenement\/colloque-les-temps-composes-2\/","title":{"rendered":"Colloque les Temps compos\u00e9s"},"content":{"rendered":"<p>Colloque des \u00e9tudiant.e.s en HISTOIRE et en ARCH\u00c9OLOGIE<br \/>\nde l\u2019Universit\u00e9 du Qu\u00e9bec \u00e0 Chicoutimi (UQAC)<\/p>\n<p>&nbsp;<\/p>\n<p><span style=\"font-size: 12.0pt; color: black;\">Site colloque:\u00a0<a href=\"http:\/\/colloques.uqac.ca\/lestempscomposes\">http:\/\/colloques.uqac.ca\/lestempscomposes<\/a>\u200b<\/span><\/p>\n<p><span style=\"font-size: 12.0pt; color: black;\">Courriel du colloque:\u00a0<a href=\"mailto:les-temps-composes@uqac.ca\">les-temps-composes@uqac.ca<\/a><\/span><\/p>\n","protected":false},"excerpt":{"rendered":"<p>Colloque des \u00e9tudiant.e.s en HISTOIRE et en ARCH\u00c9OLOGIE de l\u2019Universit\u00e9 du Qu\u00e9bec \u00e0 Chicoutimi (UQAC) &nbsp; Site colloque:\u00a0http:\/\/colloques.uqac.ca\/lestempscomposes\u200b Courriel du colloque:\u00a0les-temps-composes@uqac.ca<\/p>\n","protected":false},"author":13,"featured_media":0,"template":"","meta":{"_acf_changed":false,"_tribe_events_status":"","_tribe_events_status_reason":"","_tribe_events_is_hybrid":"","_tribe_events_is_virtual":"","_tribe_events_virtual_video_source":"","_tribe_events_virtual_embed_video":"","_tribe_events_virtual_linked_button_text":"","_tribe_events_virtual_linked_button":"","_tribe_events_virtual_show_embed_at":"","_tribe_events_virtual_show_embed_to":[],"_tribe_events_virtual_show_on_event":"","_tribe_events_virtual_show_on_views":"","_tribe_events_virtual_url":"","footnotes":""},"tags":[],"tribe_events_cat":[11],"class_list":["post-4491","tribe_events","type-tribe_events","status-publish","hentry","tribe_events_cat-colloques-et-congres","cat_colloques-et-congres"],"acf":[],"_links":{"self":[{"href":"https:\/\/www.uqac.ca\/calendrier\/wp-json\/wp\/v2\/tribe_events\/4491","targetHints":{"allow":["GET"]}}],"collection":[{"href":"https:\/\/www.uqac.ca\/calendrier\/wp-json\/wp\/v2\/tribe_events"}],"about":[{"href":"https:\/\/www.uqac.ca\/calendrier\/wp-json\/wp\/v2\/types\/tribe_events"}],"author":[{"embeddable":true,"href":"https:\/\/www.uqac.ca\/calendrier\/wp-json\/wp\/v2\/users\/13"}],"version-history":[{"count":1,"href":"https:\/\/www.uqac.ca\/calendrier\/wp-json\/wp\/v2\/tribe_events\/4491\/revisions"}],"predecessor-version":[{"id":4492,"href":"https:\/\/www.uqac.ca\/calendrier\/wp-json\/wp\/v2\/tribe_events\/4491\/revisions\/4492"}],"wp:attachment":[{"href":"https:\/\/www.uqac.ca\/calendrier\/wp-json\/wp\/v2\/media?parent=4491"}],"wp:term":[{"taxonomy":"post_tag","embeddable":true,"href":"https:\/\/www.uqac.ca\/calendrier\/wp-json\/wp\/v2\/tags?post=4491"},{"taxonomy":"tribe_events_cat","embeddable":true,"href":"https:\/\/www.uqac.ca\/calendrier\/wp-json\/wp\/v2\/tribe_events_cat?post=4491"}],"curies":[{"name":"wp","href":"https:\/\/api.w.org\/{rel}","templated":true}]}}

Colloque les Temps composés

<p>Colloque des étudiant.e.s en HISTOIRE et en ARCHÉOLOGIE<br />
de l’Université du Québec à Chicoutimi (UQAC)</p>
<p>&nbsp;</p>
<p><span style="font-size: 12.0pt; color: black;">Site colloque: <a href="http://colloques.uqac.ca/lestempscomposes">http://colloques.uqac.ca/lestempscomposes</a>​</span></p>
<p><span style="font-size: 12.0pt; color: black;">Courriel du colloque: <a href="mailto:les-temps-composes@uqac.ca">les-temps-composes@uqac.ca</a></span></p>

<p>Colloque des étudiant.e.s en HISTOIRE et en ARCHÉOLOGIE de l’Université du Québec à Chicoutimi (UQAC) &nbsp; Site colloque: http://colloques.uqac.ca/lestempscomposes​ Courriel du colloque: les-temps-composes@uqac.ca</p>
