{"id":456,"date":"2018-11-06T16:27:44","date_gmt":"2018-11-06T21:27:44","guid":{"rendered":"http:\/\/www.uqac.ca\/calendrier\/?post_type=tribe_events&#038;p=456"},"modified":"2018-11-06T16:27:44","modified_gmt":"2018-11-06T21:27:44","slug":"atelier-du-cee-uqac-exporter-de-la-preparation-a-la-conquete-des-marches","status":"publish","type":"tribe_events","link":"https:\/\/www.uqac.ca\/calendrier\/evenement\/atelier-du-cee-uqac-exporter-de-la-preparation-a-la-conquete-des-marches\/","title":{"rendered":"[Atelier du CEE-UQAC] \u00ab Exporter\u00a0: de la pr\u00e9paration \u00e0 la conqu\u00eate des march\u00e9s \u00bb"},"content":{"rendered":"<p><img loading=\"lazy\" decoding=\"async\" class=\"alignleft size-medium wp-image-457\" src=\"http:\/\/www.uqac.ca\/calendrier\/wp-content\/uploads\/2018\/11\/Nadine_2-200x300.jpg\" alt=\"\" width=\"200\" height=\"300\" srcset=\"https:\/\/www.uqac.ca\/calendrier\/wp-content\/uploads\/2018\/11\/Nadine_2-200x300.jpg 200w, https:\/\/www.uqac.ca\/calendrier\/wp-content\/uploads\/2018\/11\/Nadine_2-768x1154.jpg 768w, https:\/\/www.uqac.ca\/calendrier\/wp-content\/uploads\/2018\/11\/Nadine_2-681x1024.jpg 681w\" sizes=\"auto, (max-width: 200px) 100vw, 200px\" \/>Les ateliers d&rsquo;information et de perfectionnement du CEE-UQAC sont offerts aux \u00e9tudiants, aux intervenants socio\u00e9conomiques et aux entrepreneurs du Saguenay\u2013Lac-Saint-Jean. Ils ont pour objectif d\u2019outiller les participants en mati\u00e8re de cr\u00e9ation et de gestion d\u2019entreprise.<\/p>\n<p>Les ateliers consolident et multiplient les connaissances de chacun dans diff\u00e9rents domaines reli\u00e9s \u00e0 l\u2019entrepreneuriat.<\/p>\n<p>Ils sont offerts tout \u00e0 fait GRATUITEMENT aux \u00e9tudiants universitaires et coll\u00e9giaux.\u00a040 $ pour le public!<\/p>\n","protected":false},"excerpt":{"rendered":"<p>Les ateliers d&rsquo;information et de perfectionnement du CEE-UQAC sont offerts aux \u00e9tudiants, aux intervenants socio\u00e9conomiques et aux entrepreneurs du Saguenay\u2013Lac-Saint-Jean. Ils ont pour objectif d\u2019outiller les participants en mati\u00e8re de [&hellip;]<\/p>\n","protected":false},"author":2,"featured_media":0,"template":"","meta":{"_acf_changed":false,"_tribe_events_status":"","_tribe_events_status_reason":"","_tribe_events_is_hybrid":"","_tribe_events_is_virtual":"","_tribe_events_virtual_video_source":"","_tribe_events_virtual_embed_video":"","_tribe_events_virtual_linked_button_text":"","_tribe_events_virtual_linked_button":"","_tribe_events_virtual_show_embed_at":"","_tribe_events_virtual_show_embed_to":[],"_tribe_events_virtual_show_on_event":"","_tribe_events_virtual_show_on_views":"","_tribe_events_virtual_url":"","footnotes":""},"tags":[42,41,40],"tribe_events_cat":[23],"class_list":["post-456","tribe_events","type-tribe_events","status-publish","hentry","tag-cee","tag-entrepreneuriat","tag-entreprise","tribe_events_cat-conferences-et-presentations","cat_conferences-et-presentations"],"acf":[],"_links":{"self":[{"href":"https:\/\/www.uqac.ca\/calendrier\/wp-json\/wp\/v2\/tribe_events\/456","targetHints":{"allow":["GET"]}}],"collection":[{"href":"https:\/\/www.uqac.ca\/calendrier\/wp-json\/wp\/v2\/tribe_events"}],"about":[{"href":"https:\/\/www.uqac.ca\/calendrier\/wp-json\/wp\/v2\/types\/tribe_events"}],"author":[{"embeddable":true,"href":"https:\/\/www.uqac.ca\/calendrier\/wp-json\/wp\/v2\/users\/2"}],"version-history":[{"count":1,"href":"https:\/\/www.uqac.ca\/calendrier\/wp-json\/wp\/v2\/tribe_events\/456\/revisions"}],"predecessor-version":[{"id":458,"href":"https:\/\/www.uqac.ca\/calendrier\/wp-json\/wp\/v2\/tribe_events\/456\/revisions\/458"}],"wp:attachment":[{"href":"https:\/\/www.uqac.ca\/calendrier\/wp-json\/wp\/v2\/media?parent=456"}],"wp:term":[{"taxonomy":"post_tag","embeddable":true,"href":"https:\/\/www.uqac.ca\/calendrier\/wp-json\/wp\/v2\/tags?post=456"},{"taxonomy":"tribe_events_cat","embeddable":true,"href":"https:\/\/www.uqac.ca\/calendrier\/wp-json\/wp\/v2\/tribe_events_cat?post=456"}],"curies":[{"name":"wp","href":"https:\/\/api.w.org\/{rel}","templated":true}]}}

[Atelier du CEE-UQAC] « Exporter : de la préparation à la conquête des marchés »

<p><img loading="lazy" decoding="async" class="alignleft size-medium wp-image-457" src="http://www.uqac.ca/calendrier/wp-content/uploads/2018/11/Nadine_2-200x300.jpg" alt="" width="200" height="300" srcset="https://www.uqac.ca/calendrier/wp-content/uploads/2018/11/Nadine_2-200x300.jpg 200w, https://www.uqac.ca/calendrier/wp-content/uploads/2018/11/Nadine_2-768x1154.jpg 768w, https://www.uqac.ca/calendrier/wp-content/uploads/2018/11/Nadine_2-681x1024.jpg 681w" sizes="auto, (max-width: 200px) 100vw, 200px" />Les ateliers d&rsquo;information et de perfectionnement du CEE-UQAC sont offerts aux étudiants, aux intervenants socioéconomiques et aux entrepreneurs du Saguenay–Lac-Saint-Jean. Ils ont pour objectif d’outiller les participants en matière de création et de gestion d’entreprise.</p>
<p>Les ateliers consolident et multiplient les connaissances de chacun dans différents domaines reliés à l’entrepreneuriat.</p>
<p>Ils sont offerts tout à fait GRATUITEMENT aux étudiants universitaires et collégiaux. 40 $ pour le public!</p>

<p>Les ateliers d&rsquo;information et de perfectionnement du CEE-UQAC sont offerts aux étudiants, aux intervenants socioéconomiques et aux entrepreneurs du Saguenay–Lac-Saint-Jean. Ils ont pour objectif d’outiller les participants en matière de [&hellip;]</p>
