{"id":48,"date":"2018-01-22T09:26:50","date_gmt":"2018-01-22T14:26:50","guid":{"rendered":"http:\/\/www.uqac.ca\/calendrier\/?post_type=tribe_events&#038;p=48"},"modified":"2018-01-23T16:24:49","modified_gmt":"2018-01-23T21:24:49","slug":"acfas","status":"publish","type":"tribe_events","link":"https:\/\/www.uqac.ca\/calendrier\/evenement\/acfas\/","title":{"rendered":"ACFAS"},"content":{"rendered":"<p>Le congr\u00e8s annuel de l&rsquo;ACFAS le plus important rassemblement multidisciplinaire du savoir et de la recherche de la francophonie, accueille des milliers de chercheurs et d\u2019utilisateurs de la recherche provenant d\u2019une trentaine de pays.<\/p>\n<p>Depuis 1933, la communaut\u00e9 scientifique francophone profite de ce rendez-vous pour pr\u00e9senter ses plus r\u00e9cents travaux, conna\u00eetre les derniers d\u00e9veloppements en recherche, d\u00e9battre de questions d&rsquo;actualit\u00e9 et \u00e9changer des id\u00e9es avec des coll\u00e8gues, des associations et des groupes participants. Ce cadre stimulant est propice au partage de nouveaux savoirs qui donnent aujourd\u2019hui sa forme au monde dans lequel nous vivrons demain.<\/p>\n","protected":false},"excerpt":{"rendered":"<p>Le congr\u00e8s annuel de l&rsquo;ACFAS le plus important rassemblement multidisciplinaire du savoir et de la recherche de la francophonie, accueille des milliers de chercheurs et d\u2019utilisateurs de la recherche provenant [&hellip;]<\/p>\n","protected":false},"author":2,"featured_media":49,"template":"","meta":{"_acf_changed":false,"_tribe_events_status":"","_tribe_events_status_reason":"","_tribe_events_is_hybrid":"","_tribe_events_is_virtual":"","_tribe_events_virtual_video_source":"","_tribe_events_virtual_embed_video":"","_tribe_events_virtual_linked_button_text":"","_tribe_events_virtual_linked_button":"","_tribe_events_virtual_show_embed_at":"","_tribe_events_virtual_show_embed_to":[],"_tribe_events_virtual_show_on_event":"","_tribe_events_virtual_show_on_views":"","_tribe_events_virtual_url":"","footnotes":""},"tags":[12],"tribe_events_cat":[11],"class_list":["post-48","tribe_events","type-tribe_events","status-publish","has-post-thumbnail","hentry","tag-acfas","tribe_events_cat-colloques-et-congres","cat_colloques-et-congres"],"acf":[],"_links":{"self":[{"href":"https:\/\/www.uqac.ca\/calendrier\/wp-json\/wp\/v2\/tribe_events\/48","targetHints":{"allow":["GET"]}}],"collection":[{"href":"https:\/\/www.uqac.ca\/calendrier\/wp-json\/wp\/v2\/tribe_events"}],"about":[{"href":"https:\/\/www.uqac.ca\/calendrier\/wp-json\/wp\/v2\/types\/tribe_events"}],"author":[{"embeddable":true,"href":"https:\/\/www.uqac.ca\/calendrier\/wp-json\/wp\/v2\/users\/2"}],"version-history":[{"count":1,"href":"https:\/\/www.uqac.ca\/calendrier\/wp-json\/wp\/v2\/tribe_events\/48\/revisions"}],"predecessor-version":[{"id":50,"href":"https:\/\/www.uqac.ca\/calendrier\/wp-json\/wp\/v2\/tribe_events\/48\/revisions\/50"}],"wp:featuredmedia":[{"embeddable":true,"href":"https:\/\/www.uqac.ca\/calendrier\/wp-json\/wp\/v2\/media\/49"}],"wp:attachment":[{"href":"https:\/\/www.uqac.ca\/calendrier\/wp-json\/wp\/v2\/media?parent=48"}],"wp:term":[{"taxonomy":"post_tag","embeddable":true,"href":"https:\/\/www.uqac.ca\/calendrier\/wp-json\/wp\/v2\/tags?post=48"},{"taxonomy":"tribe_events_cat","embeddable":true,"href":"https:\/\/www.uqac.ca\/calendrier\/wp-json\/wp\/v2\/tribe_events_cat?post=48"}],"curies":[{"name":"wp","href":"https:\/\/api.w.org\/{rel}","templated":true}]}}

<p>Le congrès annuel de l&rsquo;ACFAS le plus important rassemblement multidisciplinaire du savoir et de la recherche de la francophonie, accueille des milliers de chercheurs et d’utilisateurs de la recherche provenant d’une trentaine de pays.</p>
<p>Depuis 1933, la communauté scientifique francophone profite de ce rendez-vous pour présenter ses plus récents travaux, connaître les derniers développements en recherche, débattre de questions d&rsquo;actualité et échanger des idées avec des collègues, des associations et des groupes participants. Ce cadre stimulant est propice au partage de nouveaux savoirs qui donnent aujourd’hui sa forme au monde dans lequel nous vivrons demain.</p>

<p>Le congrès annuel de l&rsquo;ACFAS le plus important rassemblement multidisciplinaire du savoir et de la recherche de la francophonie, accueille des milliers de chercheurs et d’utilisateurs de la recherche provenant [&hellip;]</p>
