{"id":5778,"date":"2024-01-10T11:19:33","date_gmt":"2024-01-10T16:19:33","guid":{"rendered":"https:\/\/www.uqac.ca\/calendrier\/?post_type=tribe_events&#038;p=5778"},"modified":"2024-01-10T11:22:24","modified_gmt":"2024-01-10T16:22:24","slug":"conference-enseigner-les-stim-avec-la-toile-de-legalite","status":"publish","type":"tribe_events","link":"https:\/\/www.uqac.ca\/calendrier\/evenement\/conference-enseigner-les-stim-avec-la-toile-de-legalite\/","title":{"rendered":"Conf\u00e9rence \u00ab Enseigner les STIM avec la Toile de l&rsquo;\u00e9galit\u00e9 \u00bb"},"content":{"rendered":"<p>Avec Isabelle Collet, chercheuse \u00e0 l&rsquo;Universit\u00e9 de Gen\u00e8ve<\/p>\n<p>Cette conf\u00e9rence est possible gr\u00e2ce \u00e0 la collaboration du COlab du C\u00e9gep d\u2019Alma et du\u00a0P\u00f4le\u00a0sur les transitions en enseignement sup\u00e9rieur.<\/p>\n","protected":false},"excerpt":{"rendered":"<p>Avec Isabelle Collet, chercheuse \u00e0 l&rsquo;Universit\u00e9 de Gen\u00e8ve Cette conf\u00e9rence est possible gr\u00e2ce \u00e0 la collaboration du COlab du C\u00e9gep d\u2019Alma et du\u00a0P\u00f4le\u00a0sur les transitions en enseignement sup\u00e9rieur.<\/p>\n","protected":false},"author":7,"featured_media":0,"template":"","meta":{"_acf_changed":false,"_tribe_events_status":"","_tribe_events_status_reason":"","_tribe_events_is_hybrid":"","_tribe_events_is_virtual":"","_tribe_events_virtual_video_source":"","_tribe_events_virtual_embed_video":"","_tribe_events_virtual_linked_button_text":"","_tribe_events_virtual_linked_button":"","_tribe_events_virtual_show_embed_at":"","_tribe_events_virtual_show_embed_to":[],"_tribe_events_virtual_show_on_event":"","_tribe_events_virtual_show_on_views":"","_tribe_events_virtual_url":"","footnotes":""},"tags":[],"tribe_events_cat":[23],"class_list":["post-5778","tribe_events","type-tribe_events","status-publish","hentry","tribe_events_cat-conferences-et-presentations","cat_conferences-et-presentations"],"acf":[],"_links":{"self":[{"href":"https:\/\/www.uqac.ca\/calendrier\/wp-json\/wp\/v2\/tribe_events\/5778","targetHints":{"allow":["GET"]}}],"collection":[{"href":"https:\/\/www.uqac.ca\/calendrier\/wp-json\/wp\/v2\/tribe_events"}],"about":[{"href":"https:\/\/www.uqac.ca\/calendrier\/wp-json\/wp\/v2\/types\/tribe_events"}],"author":[{"embeddable":true,"href":"https:\/\/www.uqac.ca\/calendrier\/wp-json\/wp\/v2\/users\/7"}],"version-history":[{"count":2,"href":"https:\/\/www.uqac.ca\/calendrier\/wp-json\/wp\/v2\/tribe_events\/5778\/revisions"}],"predecessor-version":[{"id":5781,"href":"https:\/\/www.uqac.ca\/calendrier\/wp-json\/wp\/v2\/tribe_events\/5778\/revisions\/5781"}],"wp:attachment":[{"href":"https:\/\/www.uqac.ca\/calendrier\/wp-json\/wp\/v2\/media?parent=5778"}],"wp:term":[{"taxonomy":"post_tag","embeddable":true,"href":"https:\/\/www.uqac.ca\/calendrier\/wp-json\/wp\/v2\/tags?post=5778"},{"taxonomy":"tribe_events_cat","embeddable":true,"href":"https:\/\/www.uqac.ca\/calendrier\/wp-json\/wp\/v2\/tribe_events_cat?post=5778"}],"curies":[{"name":"wp","href":"https:\/\/api.w.org\/{rel}","templated":true}]}}

Conférence « Enseigner les STIM avec la Toile de l&rsquo;égalité »

<p>Avec Isabelle Collet, chercheuse à l&rsquo;Université de Genève</p>
<p>Cette conférence est possible grâce à la collaboration du COlab du Cégep d’Alma et du Pôle sur les transitions en enseignement supérieur.</p>

<p>Avec Isabelle Collet, chercheuse à l&rsquo;Université de Genève Cette conférence est possible grâce à la collaboration du COlab du Cégep d’Alma et du Pôle sur les transitions en enseignement supérieur.</p>
