{"id":5836,"date":"2024-01-26T10:23:44","date_gmt":"2024-01-26T15:23:44","guid":{"rendered":"https:\/\/www.uqac.ca\/calendrier\/?post_type=tribe_events&#038;p=5836"},"modified":"2024-01-26T10:23:44","modified_gmt":"2024-01-26T15:23:44","slug":"presentation-du-seminaire-de-recherche-creation-ecriture-et-territoire-decriture","status":"publish","type":"tribe_events","link":"https:\/\/www.uqac.ca\/calendrier\/evenement\/presentation-du-seminaire-de-recherche-creation-ecriture-et-territoire-decriture\/","title":{"rendered":"Pr\u00e9sentation du s\u00e9minaire de recherche-cr\u00e9ation \u00ab\u00a0\u00c9criture et territoire d&rsquo;\u00e9criture\u00a0\u00bb"},"content":{"rendered":"<p><img loading=\"lazy\" decoding=\"async\" class=\"alignnone  wp-image-5837\" src=\"https:\/\/www.uqac.ca\/calendrier\/wp-content\/uploads\/2024\/01\/territoire3.jpg\" alt=\"\" width=\"756\" height=\"504\" srcset=\"https:\/\/www.uqac.ca\/calendrier\/wp-content\/uploads\/2024\/01\/territoire3.jpg 1296w, https:\/\/www.uqac.ca\/calendrier\/wp-content\/uploads\/2024\/01\/territoire3-300x200.jpg 300w, https:\/\/www.uqac.ca\/calendrier\/wp-content\/uploads\/2024\/01\/territoire3-768x512.jpg 768w, https:\/\/www.uqac.ca\/calendrier\/wp-content\/uploads\/2024\/01\/territoire3-1024x683.jpg 1024w\" sizes=\"auto, (max-width: 756px) 100vw, 756px\" \/><\/p>\n","protected":false},"excerpt":{"rendered":"","protected":false},"author":22,"featured_media":0,"template":"","meta":{"_acf_changed":false,"_tribe_events_status":"","_tribe_events_status_reason":"","_tribe_events_is_hybrid":"","_tribe_events_is_virtual":"","_tribe_events_virtual_video_source":"","_tribe_events_virtual_embed_video":"","_tribe_events_virtual_linked_button_text":"","_tribe_events_virtual_linked_button":"","_tribe_events_virtual_show_embed_at":"","_tribe_events_virtual_show_embed_to":[],"_tribe_events_virtual_show_on_event":"","_tribe_events_virtual_show_on_views":"","_tribe_events_virtual_url":"","footnotes":""},"tags":[],"tribe_events_cat":[],"class_list":["post-5836","tribe_events","type-tribe_events","status-publish","hentry"],"acf":[],"_links":{"self":[{"href":"https:\/\/www.uqac.ca\/calendrier\/wp-json\/wp\/v2\/tribe_events\/5836","targetHints":{"allow":["GET"]}}],"collection":[{"href":"https:\/\/www.uqac.ca\/calendrier\/wp-json\/wp\/v2\/tribe_events"}],"about":[{"href":"https:\/\/www.uqac.ca\/calendrier\/wp-json\/wp\/v2\/types\/tribe_events"}],"author":[{"embeddable":true,"href":"https:\/\/www.uqac.ca\/calendrier\/wp-json\/wp\/v2\/users\/22"}],"version-history":[{"count":1,"href":"https:\/\/www.uqac.ca\/calendrier\/wp-json\/wp\/v2\/tribe_events\/5836\/revisions"}],"predecessor-version":[{"id":5838,"href":"https:\/\/www.uqac.ca\/calendrier\/wp-json\/wp\/v2\/tribe_events\/5836\/revisions\/5838"}],"wp:attachment":[{"href":"https:\/\/www.uqac.ca\/calendrier\/wp-json\/wp\/v2\/media?parent=5836"}],"wp:term":[{"taxonomy":"post_tag","embeddable":true,"href":"https:\/\/www.uqac.ca\/calendrier\/wp-json\/wp\/v2\/tags?post=5836"},{"taxonomy":"tribe_events_cat","embeddable":true,"href":"https:\/\/www.uqac.ca\/calendrier\/wp-json\/wp\/v2\/tribe_events_cat?post=5836"}],"curies":[{"name":"wp","href":"https:\/\/api.w.org\/{rel}","templated":true}]}}

Présentation du séminaire de recherche-création « Écriture et territoire d&rsquo;écriture »
