{"id":6029,"date":"2024-03-12T14:56:53","date_gmt":"2024-03-12T18:56:53","guid":{"rendered":"https:\/\/www.uqac.ca\/calendrier\/?post_type=tribe_events&#038;p=6029"},"modified":"2024-03-26T11:46:41","modified_gmt":"2024-03-26T15:46:41","slug":"conference-la-pratique-du-catholicisme-chez-les-innus-du-17e-siecle-a-aujourdhui","status":"publish","type":"tribe_events","link":"https:\/\/www.uqac.ca\/calendrier\/evenement\/conference-la-pratique-du-catholicisme-chez-les-innus-du-17e-siecle-a-aujourdhui\/","title":{"rendered":"Conf\u00e9rence &#8211; La pratique du catholicisme chez les Innus du 17e si\u00e8cle \u00e0 aujourd&rsquo;hui"},"content":{"rendered":"<p><img loading=\"lazy\" decoding=\"async\" class=\"alignnone wp-image-6030\" src=\"https:\/\/www.uqac.ca\/calendrier\/wp-content\/uploads\/2024\/03\/NUM_EmileDuchesneH24_PubBenchmk650X366.jpg\" alt=\"\" width=\"700\" height=\"392\" srcset=\"https:\/\/www.uqac.ca\/calendrier\/wp-content\/uploads\/2024\/03\/NUM_EmileDuchesneH24_PubBenchmk650X366.jpg 1355w, https:\/\/www.uqac.ca\/calendrier\/wp-content\/uploads\/2024\/03\/NUM_EmileDuchesneH24_PubBenchmk650X366-300x168.jpg 300w, https:\/\/www.uqac.ca\/calendrier\/wp-content\/uploads\/2024\/03\/NUM_EmileDuchesneH24_PubBenchmk650X366-768x430.jpg 768w, https:\/\/www.uqac.ca\/calendrier\/wp-content\/uploads\/2024\/03\/NUM_EmileDuchesneH24_PubBenchmk650X366-1024x573.jpg 1024w\" sizes=\"auto, (max-width: 700px) 100vw, 700px\" \/><\/p>\n<p>En d\u00e9pit des traumatismes v\u00e9cus dans les pensionnats autochtones et des abus commis par des membres du clerg\u00e9, il n\u2019en demeure pas moins qu\u2019une grande partie des a\u00een\u00e9s d\u00e9tenteurs de savoirs de la nation innue sont fondamentalement attach\u00e9e au catholicisme. Pour bien des observateurs externes, cette situation para\u00eet paradoxale. Cependant, on comprend mieux l\u2019attachement \u00e0 cette pratique religieuse \u00e0 la lumi\u00e8re de la trame historique de sa diffusion chez les Innus. Se basant sur une enqu\u00eate ethnographique de longue dur\u00e9e dans une communaut\u00e9 innue de la Basse-C\u00f4te-Nord et sur un travail en archive, cette conf\u00e9rence montre comment les Innus ont \u00e9t\u00e9 les ma\u00eetres d\u2019\u0153uvre de leur adoption du catholicisme. \u00c0 bien des \u00e9gards, le catholicisme s\u2019est diffus\u00e9 \u00e0 l\u2019insu des missionnaires et dans une forme qui \u00e9chappait \u00e0 leur contr\u00f4le. Cette forme unique de catholicisme diffus\u00e9e par des cat\u00e9chistes innus visait moins \u00e0 se d\u00e9tourner des anciennes fa\u00e7ons de faire h\u00e9rit\u00e9es du chamanisme que de compl\u00e9menter un complexe rituel en adoptant de nouvelles techniques et un nouveau cadre moral.<\/p>\n","protected":false},"excerpt":{"rendered":"<p>En d\u00e9pit des traumatismes v\u00e9cus dans les pensionnats autochtones et des abus commis par des membres du clerg\u00e9, il n\u2019en demeure pas moins qu\u2019une grande partie des a\u00een\u00e9s d\u00e9tenteurs de [&hellip;]<\/p>\n","protected":false},"author":22,"featured_media":0,"template":"","meta":{"_acf_changed":false,"_tribe_events_status":"","_tribe_events_status_reason":"","_tribe_events_is_hybrid":"","_tribe_events_is_virtual":"","_tribe_events_virtual_video_source":"","_tribe_events_virtual_embed_video":"","_tribe_events_virtual_linked_button_text":"","_tribe_events_virtual_linked_button":"","_tribe_events_virtual_show_embed_at":"","_tribe_events_virtual_show_embed_to":[],"_tribe_events_virtual_show_on_event":"","_tribe_events_virtual_show_on_views":"","_tribe_events_virtual_url":"","footnotes":""},"tags":[],"tribe_events_cat":[],"class_list":["post-6029","tribe_events","type-tribe_events","status-publish","hentry"],"acf":[],"_links":{"self":[{"href":"https:\/\/www.uqac.ca\/calendrier\/wp-json\/wp\/v2\/tribe_events\/6029","targetHints":{"allow":["GET"]}}],"collection":[{"href":"https:\/\/www.uqac.ca\/calendrier\/wp-json\/wp\/v2\/tribe_events"}],"about":[{"href":"https:\/\/www.uqac.ca\/calendrier\/wp-json\/wp\/v2\/types\/tribe_events"}],"author":[{"embeddable":true,"href":"https:\/\/www.uqac.ca\/calendrier\/wp-json\/wp\/v2\/users\/22"}],"version-history":[{"count":1,"href":"https:\/\/www.uqac.ca\/calendrier\/wp-json\/wp\/v2\/tribe_events\/6029\/revisions"}],"predecessor-version":[{"id":6031,"href":"https:\/\/www.uqac.ca\/calendrier\/wp-json\/wp\/v2\/tribe_events\/6029\/revisions\/6031"}],"wp:attachment":[{"href":"https:\/\/www.uqac.ca\/calendrier\/wp-json\/wp\/v2\/media?parent=6029"}],"wp:term":[{"taxonomy":"post_tag","embeddable":true,"href":"https:\/\/www.uqac.ca\/calendrier\/wp-json\/wp\/v2\/tags?post=6029"},{"taxonomy":"tribe_events_cat","embeddable":true,"href":"https:\/\/www.uqac.ca\/calendrier\/wp-json\/wp\/v2\/tribe_events_cat?post=6029"}],"curies":[{"name":"wp","href":"https:\/\/api.w.org\/{rel}","templated":true}]}}

Conférence &#8211; La pratique du catholicisme chez les Innus du 17e siècle à aujourd&rsquo;hui

<p><img loading="lazy" decoding="async" class="alignnone wp-image-6030" src="https://www.uqac.ca/calendrier/wp-content/uploads/2024/03/NUM_EmileDuchesneH24_PubBenchmk650X366.jpg" alt="" width="700" height="392" srcset="https://www.uqac.ca/calendrier/wp-content/uploads/2024/03/NUM_EmileDuchesneH24_PubBenchmk650X366.jpg 1355w, https://www.uqac.ca/calendrier/wp-content/uploads/2024/03/NUM_EmileDuchesneH24_PubBenchmk650X366-300x168.jpg 300w, https://www.uqac.ca/calendrier/wp-content/uploads/2024/03/NUM_EmileDuchesneH24_PubBenchmk650X366-768x430.jpg 768w, https://www.uqac.ca/calendrier/wp-content/uploads/2024/03/NUM_EmileDuchesneH24_PubBenchmk650X366-1024x573.jpg 1024w" sizes="auto, (max-width: 700px) 100vw, 700px" /></p>
<p>En dépit des traumatismes vécus dans les pensionnats autochtones et des abus commis par des membres du clergé, il n’en demeure pas moins qu’une grande partie des aînés détenteurs de savoirs de la nation innue sont fondamentalement attachée au catholicisme. Pour bien des observateurs externes, cette situation paraît paradoxale. Cependant, on comprend mieux l’attachement à cette pratique religieuse à la lumière de la trame historique de sa diffusion chez les Innus. Se basant sur une enquête ethnographique de longue durée dans une communauté innue de la Basse-Côte-Nord et sur un travail en archive, cette conférence montre comment les Innus ont été les maîtres d’œuvre de leur adoption du catholicisme. À bien des égards, le catholicisme s’est diffusé à l’insu des missionnaires et dans une forme qui échappait à leur contrôle. Cette forme unique de catholicisme diffusée par des catéchistes innus visait moins à se détourner des anciennes façons de faire héritées du chamanisme que de complémenter un complexe rituel en adoptant de nouvelles techniques et un nouveau cadre moral.</p>

<p>En dépit des traumatismes vécus dans les pensionnats autochtones et des abus commis par des membres du clergé, il n’en demeure pas moins qu’une grande partie des aînés détenteurs de [&hellip;]</p>
