{"id":6216,"date":"2024-04-03T10:53:59","date_gmt":"2024-04-03T14:53:59","guid":{"rendered":"https:\/\/www.uqac.ca\/calendrier\/?post_type=tribe_events&#038;p=6216"},"modified":"2024-04-03T10:53:59","modified_gmt":"2024-04-03T14:53:59","slug":"soutenance-de-these-de-samuel-sabor-etudiant-au-doctorat-en-lettres","status":"publish","type":"tribe_events","link":"https:\/\/www.uqac.ca\/calendrier\/evenement\/soutenance-de-these-de-samuel-sabor-etudiant-au-doctorat-en-lettres\/","title":{"rendered":"Soutenance de th\u00e8se de Samuel Sabor \u00e9tudiant au doctorat en lettres"},"content":{"rendered":"<p>CANDIDAT<br \/>\n<strong>Samuel Sabor<\/strong><\/p>\n<p>PROGRAMME<br \/>\n<strong>Doctorat en lettres<\/strong><\/p>\n<p>TITRE DE LA TH\u00c8SE<br \/>\n<strong>Du n\u00e9oterroir au noir rural. \u00c9tude compar\u00e9e en litt\u00e9ratures qu\u00e9b\u00e9coise et \u00e9tatsunienne suivi du roman <em>Jamais sans Ariane<\/em><\/strong><\/p>\n<p>DIRECTION DE RECHERCHE<br \/>\n<b>Fran\u00e7ois Ouellet, UQAC<\/b><\/p>\n<p>JURY D\u2019\u00c9VALUATION<br \/>\n<b>Jean Morency, Universit\u00e9 de Moncton<br \/>\nMartin Robitaille, UQAR<\/b><\/p>\n<p>PR\u00c9SIDENCE DU JURY<br \/>\n<strong>Anne Martine Parent, UQAC<\/strong><\/p>\n<p>DIRECTION DE PROGRAMME (OU SON REPR\u00c9SENTANT)<br \/>\n<strong>Cynthia Harvey, UQAC<\/strong><\/p>\n","protected":false},"excerpt":{"rendered":"<p>CANDIDAT Samuel Sabor PROGRAMME Doctorat en lettres TITRE DE LA TH\u00c8SE Du n\u00e9oterroir au noir rural. \u00c9tude compar\u00e9e en litt\u00e9ratures qu\u00e9b\u00e9coise et \u00e9tatsunienne suivi du roman Jamais sans Ariane DIRECTION [&hellip;]<\/p>\n","protected":false},"author":22,"featured_media":0,"template":"","meta":{"_acf_changed":false,"_tribe_events_status":"","_tribe_events_status_reason":"","_tribe_events_is_hybrid":"","_tribe_events_is_virtual":"","_tribe_events_virtual_video_source":"","_tribe_events_virtual_embed_video":"","_tribe_events_virtual_linked_button_text":"","_tribe_events_virtual_linked_button":"","_tribe_events_virtual_show_embed_at":"","_tribe_events_virtual_show_embed_to":[],"_tribe_events_virtual_show_on_event":"","_tribe_events_virtual_show_on_views":"","_tribe_events_virtual_url":"","footnotes":""},"tags":[],"tribe_events_cat":[],"class_list":["post-6216","tribe_events","type-tribe_events","status-publish","hentry"],"acf":[],"_links":{"self":[{"href":"https:\/\/www.uqac.ca\/calendrier\/wp-json\/wp\/v2\/tribe_events\/6216","targetHints":{"allow":["GET"]}}],"collection":[{"href":"https:\/\/www.uqac.ca\/calendrier\/wp-json\/wp\/v2\/tribe_events"}],"about":[{"href":"https:\/\/www.uqac.ca\/calendrier\/wp-json\/wp\/v2\/types\/tribe_events"}],"author":[{"embeddable":true,"href":"https:\/\/www.uqac.ca\/calendrier\/wp-json\/wp\/v2\/users\/22"}],"version-history":[{"count":1,"href":"https:\/\/www.uqac.ca\/calendrier\/wp-json\/wp\/v2\/tribe_events\/6216\/revisions"}],"predecessor-version":[{"id":6217,"href":"https:\/\/www.uqac.ca\/calendrier\/wp-json\/wp\/v2\/tribe_events\/6216\/revisions\/6217"}],"wp:attachment":[{"href":"https:\/\/www.uqac.ca\/calendrier\/wp-json\/wp\/v2\/media?parent=6216"}],"wp:term":[{"taxonomy":"post_tag","embeddable":true,"href":"https:\/\/www.uqac.ca\/calendrier\/wp-json\/wp\/v2\/tags?post=6216"},{"taxonomy":"tribe_events_cat","embeddable":true,"href":"https:\/\/www.uqac.ca\/calendrier\/wp-json\/wp\/v2\/tribe_events_cat?post=6216"}],"curies":[{"name":"wp","href":"https:\/\/api.w.org\/{rel}","templated":true}]}}

Soutenance de thèse de Samuel Sabor étudiant au doctorat en lettres

<p>CANDIDAT<br />
<strong>Samuel Sabor</strong></p>
<p>PROGRAMME<br />
<strong>Doctorat en lettres</strong></p>
<p>TITRE DE LA THÈSE<br />
<strong>Du néoterroir au noir rural. Étude comparée en littératures québécoise et étatsunienne suivi du roman <em>Jamais sans Ariane</em></strong></p>
<p>DIRECTION DE RECHERCHE<br />
<b>François Ouellet, UQAC</b></p>
<p>JURY D’ÉVALUATION<br />
<b>Jean Morency, Université de Moncton<br />
Martin Robitaille, UQAR</b></p>
<p>PRÉSIDENCE DU JURY<br />
<strong>Anne Martine Parent, UQAC</strong></p>
<p>DIRECTION DE PROGRAMME (OU SON REPRÉSENTANT)<br />
<strong>Cynthia Harvey, UQAC</strong></p>

<p>CANDIDAT Samuel Sabor PROGRAMME Doctorat en lettres TITRE DE LA THÈSE Du néoterroir au noir rural. Étude comparée en littératures québécoise et étatsunienne suivi du roman Jamais sans Ariane DIRECTION [&hellip;]</p>
