{"id":638,"date":"2019-03-07T10:25:10","date_gmt":"2019-03-07T15:25:10","guid":{"rendered":"http:\/\/www.uqac.ca\/calendrier\/?post_type=tribe_events&#038;p=638"},"modified":"2019-03-07T10:25:10","modified_gmt":"2019-03-07T15:25:10","slug":"conference-publique-pourquoi-et-comment-faire-face-aux-absurdites-dune-agriculture-mondialisee","status":"publish","type":"tribe_events","link":"https:\/\/www.uqac.ca\/calendrier\/evenement\/conference-publique-pourquoi-et-comment-faire-face-aux-absurdites-dune-agriculture-mondialisee\/","title":{"rendered":"Conf\u00e9rence publique : \u00ab Pourquoi et comment faire face aux absurdit\u00e9s d&rsquo;une agriculture mondialis\u00e9e \u00bb"},"content":{"rendered":"<p>Avec Rodolphe De Koninck, g\u00e9ographe et professeur \u00e9m\u00e9rite de l&rsquo;UdeM<\/p>\n","protected":false},"excerpt":{"rendered":"<p>Avec Rodolphe De Koninck, g\u00e9ographe et professeur \u00e9m\u00e9rite de l&rsquo;UdeM<\/p>\n","protected":false},"author":7,"featured_media":0,"template":"","meta":{"_acf_changed":false,"_tribe_events_status":"","_tribe_events_status_reason":"","_tribe_events_is_hybrid":"","_tribe_events_is_virtual":"","_tribe_events_virtual_video_source":"","_tribe_events_virtual_embed_video":"","_tribe_events_virtual_linked_button_text":"","_tribe_events_virtual_linked_button":"","_tribe_events_virtual_show_embed_at":"","_tribe_events_virtual_show_embed_to":[],"_tribe_events_virtual_show_on_event":"","_tribe_events_virtual_show_on_views":"","_tribe_events_virtual_url":"","footnotes":""},"tags":[],"tribe_events_cat":[23],"class_list":["post-638","tribe_events","type-tribe_events","status-publish","hentry","tribe_events_cat-conferences-et-presentations","cat_conferences-et-presentations"],"acf":[],"_links":{"self":[{"href":"https:\/\/www.uqac.ca\/calendrier\/wp-json\/wp\/v2\/tribe_events\/638","targetHints":{"allow":["GET"]}}],"collection":[{"href":"https:\/\/www.uqac.ca\/calendrier\/wp-json\/wp\/v2\/tribe_events"}],"about":[{"href":"https:\/\/www.uqac.ca\/calendrier\/wp-json\/wp\/v2\/types\/tribe_events"}],"author":[{"embeddable":true,"href":"https:\/\/www.uqac.ca\/calendrier\/wp-json\/wp\/v2\/users\/7"}],"version-history":[{"count":1,"href":"https:\/\/www.uqac.ca\/calendrier\/wp-json\/wp\/v2\/tribe_events\/638\/revisions"}],"predecessor-version":[{"id":639,"href":"https:\/\/www.uqac.ca\/calendrier\/wp-json\/wp\/v2\/tribe_events\/638\/revisions\/639"}],"wp:attachment":[{"href":"https:\/\/www.uqac.ca\/calendrier\/wp-json\/wp\/v2\/media?parent=638"}],"wp:term":[{"taxonomy":"post_tag","embeddable":true,"href":"https:\/\/www.uqac.ca\/calendrier\/wp-json\/wp\/v2\/tags?post=638"},{"taxonomy":"tribe_events_cat","embeddable":true,"href":"https:\/\/www.uqac.ca\/calendrier\/wp-json\/wp\/v2\/tribe_events_cat?post=638"}],"curies":[{"name":"wp","href":"https:\/\/api.w.org\/{rel}","templated":true}]}}

Conférence publique : « Pourquoi et comment faire face aux absurdités d&rsquo;une agriculture mondialisée »

<p>Avec Rodolphe De Koninck, géographe et professeur émérite de l&rsquo;UdeM</p>
