{"id":6510,"date":"2024-09-23T14:36:00","date_gmt":"2024-09-23T18:36:00","guid":{"rendered":"https:\/\/www.uqac.ca\/calendrier\/?post_type=tribe_events&#038;p=6510"},"modified":"2024-09-23T16:20:35","modified_gmt":"2024-09-23T20:20:35","slug":"semaine-de-la-verite-et-de-la-reconciliation-kiosque-de-sensibilisation","status":"publish","type":"tribe_events","link":"https:\/\/www.uqac.ca\/calendrier\/evenement\/semaine-de-la-verite-et-de-la-reconciliation-kiosque-de-sensibilisation\/","title":{"rendered":"Semaine de la v\u00e9rit\u00e9 et de la r\u00e9conciliation &#8211; Kiosque de sensibilisation"},"content":{"rendered":"<p>Kiosque de sensibilisation des \u00e9tudiants de l\u2019Association \u00e9tudiante des Premi\u00e8res Nations de l\u2019UQAC<\/p>\n<p>Vente de chandails orange au Centre social P0-6000<\/p>\n<p><img loading=\"lazy\" decoding=\"async\" class=\"wp-image-1085 alignleft\" src=\"https:\/\/nikanite.uqac.ca\/wp-content\/uploads\/2024\/09\/Capture-decran-2024-09-19-154512.png\" alt=\"\" width=\"107\" height=\"102\" \/><\/p>\n","protected":false},"excerpt":{"rendered":"<p>Kiosque de sensibilisation des \u00e9tudiants de l\u2019Association \u00e9tudiante des Premi\u00e8res Nations de l\u2019UQAC Vente de chandails orange au Centre social P0-6000<\/p>\n","protected":false},"author":22,"featured_media":0,"template":"","meta":{"_acf_changed":false,"_tribe_events_status":"","_tribe_events_status_reason":"","_tribe_events_is_hybrid":"","_tribe_events_is_virtual":"","_tribe_events_virtual_video_source":"","_tribe_events_virtual_embed_video":"","_tribe_events_virtual_linked_button_text":"","_tribe_events_virtual_linked_button":"","_tribe_events_virtual_show_embed_at":"","_tribe_events_virtual_show_embed_to":[],"_tribe_events_virtual_show_on_event":"","_tribe_events_virtual_show_on_views":"","_tribe_events_virtual_url":"","footnotes":""},"tags":[],"tribe_events_cat":[],"class_list":["post-6510","tribe_events","type-tribe_events","status-publish","hentry"],"acf":[],"_links":{"self":[{"href":"https:\/\/www.uqac.ca\/calendrier\/wp-json\/wp\/v2\/tribe_events\/6510","targetHints":{"allow":["GET"]}}],"collection":[{"href":"https:\/\/www.uqac.ca\/calendrier\/wp-json\/wp\/v2\/tribe_events"}],"about":[{"href":"https:\/\/www.uqac.ca\/calendrier\/wp-json\/wp\/v2\/types\/tribe_events"}],"author":[{"embeddable":true,"href":"https:\/\/www.uqac.ca\/calendrier\/wp-json\/wp\/v2\/users\/22"}],"version-history":[{"count":1,"href":"https:\/\/www.uqac.ca\/calendrier\/wp-json\/wp\/v2\/tribe_events\/6510\/revisions"}],"predecessor-version":[{"id":6511,"href":"https:\/\/www.uqac.ca\/calendrier\/wp-json\/wp\/v2\/tribe_events\/6510\/revisions\/6511"}],"wp:attachment":[{"href":"https:\/\/www.uqac.ca\/calendrier\/wp-json\/wp\/v2\/media?parent=6510"}],"wp:term":[{"taxonomy":"post_tag","embeddable":true,"href":"https:\/\/www.uqac.ca\/calendrier\/wp-json\/wp\/v2\/tags?post=6510"},{"taxonomy":"tribe_events_cat","embeddable":true,"href":"https:\/\/www.uqac.ca\/calendrier\/wp-json\/wp\/v2\/tribe_events_cat?post=6510"}],"curies":[{"name":"wp","href":"https:\/\/api.w.org\/{rel}","templated":true}]}}

Semaine de la vérité et de la réconciliation &#8211; Kiosque de sensibilisation

<p>Kiosque de sensibilisation des étudiants de l’Association étudiante des Premières Nations de l’UQAC</p>
<p>Vente de chandails orange au Centre social P0-6000</p>
<p><img loading="lazy" decoding="async" class="wp-image-1085 alignleft" src="https://nikanite.uqac.ca/wp-content/uploads/2024/09/Capture-decran-2024-09-19-154512.png" alt="" width="107" height="102" /></p>

<p>Kiosque de sensibilisation des étudiants de l’Association étudiante des Premières Nations de l’UQAC Vente de chandails orange au Centre social P0-6000</p>
