{"id":658,"date":"2019-03-13T15:57:58","date_gmt":"2019-03-13T19:57:58","guid":{"rendered":"http:\/\/www.uqac.ca\/calendrier\/?post_type=tribe_events&#038;p=658"},"modified":"2019-03-13T16:18:25","modified_gmt":"2019-03-13T20:18:25","slug":"journee-de-la-releve-en-recherche-du-dsea","status":"publish","type":"tribe_events","link":"https:\/\/www.uqac.ca\/calendrier\/evenement\/journee-de-la-releve-en-recherche-du-dsea\/","title":{"rendered":"Journ\u00e9e de la rel\u00e8ve en recherche du DSEA"},"content":{"rendered":"<p>8\u00a0h\u00a030<br \/>\nAccueil des participants<\/p>\n<p>8\u00a0h\u00a045<br \/>\nMot de bienvenue<\/p>\n<p>9\u00a0h<br \/>\n<strong>Leadership f\u00e9minin\u00a0: une gestion humaine bas\u00e9e sur la confiance et contribuant au succ\u00e8s des projets<br \/>\n<\/strong>Katy Langlais, \u00e9tudiante, doctorat en management de projets<\/p>\n<p>9\u00a0h\u00a030<br \/>\nQuestions et \u00e9change<\/p>\n<p>9\u00a0h\u00a045<br \/>\n<strong>Le succ\u00e8s professionnel d\u2019un immigr\u00e9 qualifi\u00e9 au Qu\u00e9bec : une question de socialisation organisationnelle?<br \/>\n<\/strong>Gildas Agbon, \u00e9tudiant, ma\u00eetrise en gestion des organisations<\/p>\n<p>10\u00a0h\u00a015<br \/>\nQuestions et \u00e9change<\/p>\n<p>10\u00a0h\u00a030<br \/>\nPause<\/p>\n<p>10\u00a0h\u00a045<br \/>\n<strong>Effet du capital intellectuel sur l\u2019approche entrepreneuriale de l\u2019innovation scientifique<br \/>\n<\/strong>Victor Mignenan, \u00e9tudiant, doctorat en management de projets<\/p>\n<p>11\u00a0h\u00a015<br \/>\nQuestions et \u00e9change<\/p>\n<p>11\u00a0h\u00a030<br \/>\n<strong>L\u2019engagement des entreprises vers le d\u00e9veloppement durable\u00a0: la perception des gestionnaires<br \/>\n<\/strong>Salimata Kon\u00e9, \u00e9tudiante, ma\u00eetrise en gestion des organisations<\/p>\n<p>12\u00a0h<br \/>\nQuestions et \u00e9change<\/p>\n<p>12\u00a0h\u00a015<br \/>\nDiner<\/p>\n<p>13\u00a0h\u00a030<br \/>\n<strong>Gouvernance de projet et cr\u00e9ation de valeur partag\u00e9e\u00a0: cas des projets innovants en technologie de l\u2019information dans l\u2019industrie 4.0<br \/>\n<\/strong>Marguerite Duval, \u00e9tudiante, doctorat en management de projets<\/p>\n<p>14\u00a0h<br \/>\nQuestions et \u00e9change<\/p>\n<p>14\u00a0h\u00a015<br \/>\n<strong>L\u2019e-finance et la comp\u00e9titivit\u00e9 des Petites et Moyennes Entreprises dans les pays en d\u00e9veloppement : cas de l\u2019Afrique subsaharienne<br \/>\n<\/strong>\u00c8ve Cherif, \u00e9tudiante, ma\u00eetrise en gestion des organisations<\/p>\n<p>14\u00a0h\u00a045<br \/>\nQuestions et \u00e9change<\/p>\n<p>15\u00a0h<br \/>\nPause<\/p>\n<p>15\u00a0h\u00a015<br \/>\n<strong>\u00c9valuation d\u2019une activit\u00e9 de pr\u00e9vention polici\u00e8re en s\u00e9curit\u00e9 routi\u00e8re \u00e0 la Ville de Saguenay<br \/>\n<\/strong>France Desjardins, \u00e9tudiante, doctorat en management de projets<\/p>\n<p>15\u00a0h\u00a045<br \/>\nQuestions et \u00e9change<\/p>\n<p>16\u00a0h<br \/>\nD\u00e9lib\u00e9ration des membres du jury du concours de la meilleure communication<\/p>\n<p>16\u00a0h\u00a015<br \/>\nAttribution des bourses de la meilleure communication en doctorat en management de projets et \u00e0 la maitrise en gestion des organisations<\/p>\n<p>16\u00a0h\u00a030<br \/>\nMot de cl\u00f4ture<\/p>\n","protected":false},"excerpt":{"rendered":"<p>8\u00a0h\u00a030 Accueil des participants 8\u00a0h\u00a045 Mot de bienvenue 9\u00a0h Leadership f\u00e9minin\u00a0: une gestion humaine bas\u00e9e sur la confiance et contribuant au succ\u00e8s des projets Katy Langlais, \u00e9tudiante, doctorat en management [&hellip;]<\/p>\n","protected":false},"author":8,"featured_media":0,"template":"","meta":{"_acf_changed":false,"_tribe_events_status":"","_tribe_events_status_reason":"","_tribe_events_is_hybrid":"","_tribe_events_is_virtual":"","_tribe_events_virtual_video_source":"","_tribe_events_virtual_embed_video":"","_tribe_events_virtual_linked_button_text":"","_tribe_events_virtual_linked_button":"","_tribe_events_virtual_show_embed_at":"","_tribe_events_virtual_show_embed_to":[],"_tribe_events_virtual_show_on_event":"","_tribe_events_virtual_show_on_views":"","_tribe_events_virtual_url":"","footnotes":""},"tags":[32],"tribe_events_cat":[23,26],"class_list":["post-658","tribe_events","type-tribe_events","status-publish","hentry","tag-dsea","tribe_events_cat-conferences-et-presentations","tribe_events_cat-enseignement-rechercher-et-formation","cat_conferences-et-presentations","cat_enseignement-rechercher-et-formation"],"acf":[],"_links":{"self":[{"href":"https:\/\/www.uqac.ca\/calendrier\/wp-json\/wp\/v2\/tribe_events\/658","targetHints":{"allow":["GET"]}}],"collection":[{"href":"https:\/\/www.uqac.ca\/calendrier\/wp-json\/wp\/v2\/tribe_events"}],"about":[{"href":"https:\/\/www.uqac.ca\/calendrier\/wp-json\/wp\/v2\/types\/tribe_events"}],"author":[{"embeddable":true,"href":"https:\/\/www.uqac.ca\/calendrier\/wp-json\/wp\/v2\/users\/8"}],"version-history":[{"count":1,"href":"https:\/\/www.uqac.ca\/calendrier\/wp-json\/wp\/v2\/tribe_events\/658\/revisions"}],"predecessor-version":[{"id":662,"href":"https:\/\/www.uqac.ca\/calendrier\/wp-json\/wp\/v2\/tribe_events\/658\/revisions\/662"}],"wp:attachment":[{"href":"https:\/\/www.uqac.ca\/calendrier\/wp-json\/wp\/v2\/media?parent=658"}],"wp:term":[{"taxonomy":"post_tag","embeddable":true,"href":"https:\/\/www.uqac.ca\/calendrier\/wp-json\/wp\/v2\/tags?post=658"},{"taxonomy":"tribe_events_cat","embeddable":true,"href":"https:\/\/www.uqac.ca\/calendrier\/wp-json\/wp\/v2\/tribe_events_cat?post=658"}],"curies":[{"name":"wp","href":"https:\/\/api.w.org\/{rel}","templated":true}]}}

Journée de la relève en recherche du DSEA

<p>8 h 30<br />
Accueil des participants</p>
<p>8 h 45<br />
Mot de bienvenue</p>
<p>9 h<br />
<strong>Leadership féminin : une gestion humaine basée sur la confiance et contribuant au succès des projets<br />
</strong>Katy Langlais, étudiante, doctorat en management de projets</p>
<p>9 h 30<br />
Questions et échange</p>
<p>9 h 45<br />
<strong>Le succès professionnel d’un immigré qualifié au Québec : une question de socialisation organisationnelle?<br />
</strong>Gildas Agbon, étudiant, maîtrise en gestion des organisations</p>
<p>10 h 15<br />
Questions et échange</p>
<p>10 h 30<br />
Pause</p>
<p>10 h 45<br />
<strong>Effet du capital intellectuel sur l’approche entrepreneuriale de l’innovation scientifique<br />
</strong>Victor Mignenan, étudiant, doctorat en management de projets</p>
<p>11 h 15<br />
Questions et échange</p>
<p>11 h 30<br />
<strong>L’engagement des entreprises vers le développement durable : la perception des gestionnaires<br />
</strong>Salimata Koné, étudiante, maîtrise en gestion des organisations</p>
<p>12 h<br />
Questions et échange</p>
<p>12 h 15<br />
Diner</p>
<p>13 h 30<br />
<strong>Gouvernance de projet et création de valeur partagée : cas des projets innovants en technologie de l’information dans l’industrie 4.0<br />
</strong>Marguerite Duval, étudiante, doctorat en management de projets</p>
<p>14 h<br />
Questions et échange</p>
<p>14 h 15<br />
<strong>L’e-finance et la compétitivité des Petites et Moyennes Entreprises dans les pays en développement : cas de l’Afrique subsaharienne<br />
</strong>Ève Cherif, étudiante, maîtrise en gestion des organisations</p>
<p>14 h 45<br />
Questions et échange</p>
<p>15 h<br />
Pause</p>
<p>15 h 15<br />
<strong>Évaluation d’une activité de prévention policière en sécurité routière à la Ville de Saguenay<br />
</strong>France Desjardins, étudiante, doctorat en management de projets</p>
<p>15 h 45<br />
Questions et échange</p>
<p>16 h<br />
Délibération des membres du jury du concours de la meilleure communication</p>
<p>16 h 15<br />
Attribution des bourses de la meilleure communication en doctorat en management de projets et à la maitrise en gestion des organisations</p>
<p>16 h 30<br />
Mot de clôture</p>

<p>8 h 30 Accueil des participants 8 h 45 Mot de bienvenue 9 h Leadership féminin : une gestion humaine basée sur la confiance et contribuant au succès des projets Katy Langlais, étudiante, doctorat en management [&hellip;]</p>
