{"id":6620,"date":"2024-10-25T16:03:55","date_gmt":"2024-10-25T20:03:55","guid":{"rendered":"https:\/\/www.uqac.ca\/calendrier\/?post_type=tribe_events&#038;p=6620"},"modified":"2024-11-07T09:51:01","modified_gmt":"2024-11-07T14:51:01","slug":"conference-regard-sur-les-mutations-du-nationalisme-quebecois-contemporain-1960-2020","status":"publish","type":"tribe_events","link":"https:\/\/www.uqac.ca\/calendrier\/evenement\/conference-regard-sur-les-mutations-du-nationalisme-quebecois-contemporain-1960-2020\/","title":{"rendered":"Conf\u00e9rence &#8211; Regard sur les mutations du nationalisme qu\u00e9b\u00e9cois contemporain (1960-2020)"},"content":{"rendered":"<p><img loading=\"lazy\" decoding=\"async\" class=\"alignnone wp-image-6621\" src=\"https:\/\/www.uqac.ca\/calendrier\/wp-content\/uploads\/2024\/10\/NUM_CRIDAQ_Conference_FrancoisRocherA24_PubBenchmk1355X758.jpg\" alt=\"\" width=\"858\" height=\"480\" srcset=\"https:\/\/www.uqac.ca\/calendrier\/wp-content\/uploads\/2024\/10\/NUM_CRIDAQ_Conference_FrancoisRocherA24_PubBenchmk1355X758.jpg 1355w, https:\/\/www.uqac.ca\/calendrier\/wp-content\/uploads\/2024\/10\/NUM_CRIDAQ_Conference_FrancoisRocherA24_PubBenchmk1355X758-300x168.jpg 300w, https:\/\/www.uqac.ca\/calendrier\/wp-content\/uploads\/2024\/10\/NUM_CRIDAQ_Conference_FrancoisRocherA24_PubBenchmk1355X758-1024x573.jpg 1024w, https:\/\/www.uqac.ca\/calendrier\/wp-content\/uploads\/2024\/10\/NUM_CRIDAQ_Conference_FrancoisRocherA24_PubBenchmk1355X758-768x430.jpg 768w\" sizes=\"auto, (max-width: 858px) 100vw, 858px\" \/><\/p>\n","protected":false},"excerpt":{"rendered":"","protected":false},"author":22,"featured_media":6621,"template":"","meta":{"_acf_changed":false,"_tribe_events_status":"","_tribe_events_status_reason":"","_tribe_events_is_hybrid":"","_tribe_events_is_virtual":"","_tribe_events_virtual_video_source":"","_tribe_events_virtual_embed_video":"","_tribe_events_virtual_linked_button_text":"","_tribe_events_virtual_linked_button":"","_tribe_events_virtual_show_embed_at":"","_tribe_events_virtual_show_embed_to":[],"_tribe_events_virtual_show_on_event":"","_tribe_events_virtual_show_on_views":"","_tribe_events_virtual_url":"","footnotes":""},"tags":[],"tribe_events_cat":[23],"class_list":["post-6620","tribe_events","type-tribe_events","status-publish","has-post-thumbnail","hentry","tribe_events_cat-conferences-et-presentations","cat_conferences-et-presentations"],"acf":[],"_links":{"self":[{"href":"https:\/\/www.uqac.ca\/calendrier\/wp-json\/wp\/v2\/tribe_events\/6620","targetHints":{"allow":["GET"]}}],"collection":[{"href":"https:\/\/www.uqac.ca\/calendrier\/wp-json\/wp\/v2\/tribe_events"}],"about":[{"href":"https:\/\/www.uqac.ca\/calendrier\/wp-json\/wp\/v2\/types\/tribe_events"}],"author":[{"embeddable":true,"href":"https:\/\/www.uqac.ca\/calendrier\/wp-json\/wp\/v2\/users\/22"}],"version-history":[{"count":1,"href":"https:\/\/www.uqac.ca\/calendrier\/wp-json\/wp\/v2\/tribe_events\/6620\/revisions"}],"predecessor-version":[{"id":6622,"href":"https:\/\/www.uqac.ca\/calendrier\/wp-json\/wp\/v2\/tribe_events\/6620\/revisions\/6622"}],"wp:featuredmedia":[{"embeddable":true,"href":"https:\/\/www.uqac.ca\/calendrier\/wp-json\/wp\/v2\/media\/6621"}],"wp:attachment":[{"href":"https:\/\/www.uqac.ca\/calendrier\/wp-json\/wp\/v2\/media?parent=6620"}],"wp:term":[{"taxonomy":"post_tag","embeddable":true,"href":"https:\/\/www.uqac.ca\/calendrier\/wp-json\/wp\/v2\/tags?post=6620"},{"taxonomy":"tribe_events_cat","embeddable":true,"href":"https:\/\/www.uqac.ca\/calendrier\/wp-json\/wp\/v2\/tribe_events_cat?post=6620"}],"curies":[{"name":"wp","href":"https:\/\/api.w.org\/{rel}","templated":true}]}}

Conférence &#8211; Regard sur les mutations du nationalisme québécois contemporain (1960-2020)
