{"id":668,"date":"2019-03-15T11:15:34","date_gmt":"2019-03-15T15:15:34","guid":{"rendered":"http:\/\/www.uqac.ca\/calendrier\/?post_type=tribe_events&#038;p=668"},"modified":"2019-03-15T11:15:34","modified_gmt":"2019-03-15T15:15:34","slug":"portes-ouvertes-sur-la-formation-a-distance","status":"publish","type":"tribe_events","link":"https:\/\/www.uqac.ca\/calendrier\/evenement\/portes-ouvertes-sur-la-formation-a-distance\/","title":{"rendered":"Portes ouvertes sur la formation \u00e0 distance"},"content":{"rendered":"<p><img loading=\"lazy\" decoding=\"async\" class=\"size-medium wp-image-671 alignleft\" src=\"http:\/\/www.uqac.ca\/calendrier\/wp-content\/uploads\/2019\/03\/FAD-300x300.png\" alt=\"\" width=\"300\" height=\"300\" srcset=\"https:\/\/www.uqac.ca\/calendrier\/wp-content\/uploads\/2019\/03\/FAD-300x300.png 300w, https:\/\/www.uqac.ca\/calendrier\/wp-content\/uploads\/2019\/03\/FAD-150x150.png 150w, https:\/\/www.uqac.ca\/calendrier\/wp-content\/uploads\/2019\/03\/FAD.png 512w\" sizes=\"auto, (max-width: 300px) 100vw, 300px\" \/><\/p>\n<p><strong>UNE INVITATION \u00c0 TOUTE LA COMMUNAUT\u00c9 UNIVERSITAIRE<br \/>\n<\/strong>Visitez les locaux et informez-vous sur les services propos\u00e9s au Bureau de soutien technop\u00e9dagogique<\/p>\n<p><strong>S\u00e9ances d&rsquo;information pr\u00e9vues:<\/strong><\/p>\n<ul>\n<li><strong>\u00a0<\/strong><strong>9\u00a0h<\/strong><\/li>\n<li><strong>11\u00a0h <\/strong><\/li>\n<li><strong>14\u00a0h<\/strong><\/li>\n<li><strong>15\u00a0h\u00a030<\/strong><\/li>\n<\/ul>\n<p><strong>Confirmez votre pr\u00e9sence\u00a0: <a href=\"mailto:bst@uqac.ca\">bst@uqac.ca<\/a> <\/strong><\/p>\n<p>Pour tout savoir sur les programmes et cours offerts \u00e0 distance \u00e0 l&rsquo;UQAC : <a href=\"https:\/\/euqac.ca\/\">euqac.ca<\/a><\/p>\n","protected":false},"excerpt":{"rendered":"<p>UNE INVITATION \u00c0 TOUTE LA COMMUNAUT\u00c9 UNIVERSITAIRE Visitez les locaux et informez-vous sur les services propos\u00e9s au Bureau de soutien technop\u00e9dagogique S\u00e9ances d&rsquo;information pr\u00e9vues: \u00a09\u00a0h 11\u00a0h 14\u00a0h 15\u00a0h\u00a030 Confirmez votre [&hellip;]<\/p>\n","protected":false},"author":8,"featured_media":0,"template":"","meta":{"_acf_changed":false,"_tribe_events_status":"","_tribe_events_status_reason":"","_tribe_events_is_hybrid":"","_tribe_events_is_virtual":"","_tribe_events_virtual_video_source":"","_tribe_events_virtual_embed_video":"","_tribe_events_virtual_linked_button_text":"","_tribe_events_virtual_linked_button":"","_tribe_events_virtual_show_embed_at":"","_tribe_events_virtual_show_embed_to":[],"_tribe_events_virtual_show_on_event":"","_tribe_events_virtual_show_on_views":"","_tribe_events_virtual_url":"","footnotes":""},"tags":[],"tribe_events_cat":[23,26],"class_list":["post-668","tribe_events","type-tribe_events","status-publish","hentry","tribe_events_cat-conferences-et-presentations","tribe_events_cat-enseignement-rechercher-et-formation","cat_conferences-et-presentations","cat_enseignement-rechercher-et-formation"],"acf":[],"_links":{"self":[{"href":"https:\/\/www.uqac.ca\/calendrier\/wp-json\/wp\/v2\/tribe_events\/668","targetHints":{"allow":["GET"]}}],"collection":[{"href":"https:\/\/www.uqac.ca\/calendrier\/wp-json\/wp\/v2\/tribe_events"}],"about":[{"href":"https:\/\/www.uqac.ca\/calendrier\/wp-json\/wp\/v2\/types\/tribe_events"}],"author":[{"embeddable":true,"href":"https:\/\/www.uqac.ca\/calendrier\/wp-json\/wp\/v2\/users\/8"}],"version-history":[{"count":2,"href":"https:\/\/www.uqac.ca\/calendrier\/wp-json\/wp\/v2\/tribe_events\/668\/revisions"}],"predecessor-version":[{"id":672,"href":"https:\/\/www.uqac.ca\/calendrier\/wp-json\/wp\/v2\/tribe_events\/668\/revisions\/672"}],"wp:attachment":[{"href":"https:\/\/www.uqac.ca\/calendrier\/wp-json\/wp\/v2\/media?parent=668"}],"wp:term":[{"taxonomy":"post_tag","embeddable":true,"href":"https:\/\/www.uqac.ca\/calendrier\/wp-json\/wp\/v2\/tags?post=668"},{"taxonomy":"tribe_events_cat","embeddable":true,"href":"https:\/\/www.uqac.ca\/calendrier\/wp-json\/wp\/v2\/tribe_events_cat?post=668"}],"curies":[{"name":"wp","href":"https:\/\/api.w.org\/{rel}","templated":true}]}}

Portes ouvertes sur la formation à distance

<p><img loading="lazy" decoding="async" class="size-medium wp-image-671 alignleft" src="http://www.uqac.ca/calendrier/wp-content/uploads/2019/03/FAD-300x300.png" alt="" width="300" height="300" srcset="https://www.uqac.ca/calendrier/wp-content/uploads/2019/03/FAD-300x300.png 300w, https://www.uqac.ca/calendrier/wp-content/uploads/2019/03/FAD-150x150.png 150w, https://www.uqac.ca/calendrier/wp-content/uploads/2019/03/FAD.png 512w" sizes="auto, (max-width: 300px) 100vw, 300px" /></p>
<p><strong>UNE INVITATION À TOUTE LA COMMUNAUTÉ UNIVERSITAIRE<br />
</strong>Visitez les locaux et informez-vous sur les services proposés au Bureau de soutien technopédagogique</p>
<p><strong>Séances d&rsquo;information prévues:</strong></p>
<ul>
<li><strong> </strong><strong>9 h</strong></li>
<li><strong>11 h </strong></li>
<li><strong>14 h</strong></li>
<li><strong>15 h 30</strong></li>
</ul>
<p><strong>Confirmez votre présence : <a href="mailto:bst@uqac.ca">bst@uqac.ca</a> </strong></p>
<p>Pour tout savoir sur les programmes et cours offerts à distance à l&rsquo;UQAC : <a href="https://euqac.ca/">euqac.ca</a></p>

<p>UNE INVITATION À TOUTE LA COMMUNAUTÉ UNIVERSITAIRE Visitez les locaux et informez-vous sur les services proposés au Bureau de soutien technopédagogique Séances d&rsquo;information prévues:  9 h 11 h 14 h 15 h 30 Confirmez votre [&hellip;]</p>
