{"id":6732,"date":"2024-11-19T10:08:49","date_gmt":"2024-11-19T15:08:49","guid":{"rendered":"https:\/\/www.uqac.ca\/calendrier\/?post_type=tribe_events&#038;p=6732"},"modified":"2024-11-19T10:08:49","modified_gmt":"2024-11-19T15:08:49","slug":"dejeuner-conference-vrefr-planification-strategique-et-chaires-de-leadership-en-enseignement","status":"publish","type":"tribe_events","link":"https:\/\/www.uqac.ca\/calendrier\/evenement\/dejeuner-conference-vrefr-planification-strategique-et-chaires-de-leadership-en-enseignement\/","title":{"rendered":"D\u00e9jeuner conf\u00e9rence &#8211; VR\u00c9FR \u00ab\u00a0Planification strat\u00e9gique et chaires de leadership en enseignement\u00a0\u00bb"},"content":{"rendered":"<p><img loading=\"lazy\" decoding=\"async\" class=\"alignnone  wp-image-6733\" src=\"https:\/\/www.uqac.ca\/calendrier\/wp-content\/uploads\/2024\/11\/1713-Dejeuner_FUQAC_INFOLETTRE.jpg\" alt=\"\" width=\"934\" height=\"525\" srcset=\"https:\/\/www.uqac.ca\/calendrier\/wp-content\/uploads\/2024\/11\/1713-Dejeuner_FUQAC_INFOLETTRE.jpg 1355w, https:\/\/www.uqac.ca\/calendrier\/wp-content\/uploads\/2024\/11\/1713-Dejeuner_FUQAC_INFOLETTRE-300x169.jpg 300w, https:\/\/www.uqac.ca\/calendrier\/wp-content\/uploads\/2024\/11\/1713-Dejeuner_FUQAC_INFOLETTRE-1024x576.jpg 1024w, https:\/\/www.uqac.ca\/calendrier\/wp-content\/uploads\/2024\/11\/1713-Dejeuner_FUQAC_INFOLETTRE-768x432.jpg 768w\" sizes=\"auto, (max-width: 934px) 100vw, 934px\" \/><\/p>\n","protected":false},"excerpt":{"rendered":"","protected":false},"author":22,"featured_media":0,"template":"","meta":{"_acf_changed":false,"_tribe_events_status":"","_tribe_events_status_reason":"","_tribe_events_is_hybrid":"","_tribe_events_is_virtual":"","_tribe_events_virtual_video_source":"","_tribe_events_virtual_embed_video":"","_tribe_events_virtual_linked_button_text":"","_tribe_events_virtual_linked_button":"","_tribe_events_virtual_show_embed_at":"","_tribe_events_virtual_show_embed_to":[],"_tribe_events_virtual_show_on_event":"","_tribe_events_virtual_show_on_views":"","_tribe_events_virtual_url":"","footnotes":""},"tags":[],"tribe_events_cat":[],"class_list":["post-6732","tribe_events","type-tribe_events","status-publish","hentry"],"acf":[],"_links":{"self":[{"href":"https:\/\/www.uqac.ca\/calendrier\/wp-json\/wp\/v2\/tribe_events\/6732","targetHints":{"allow":["GET"]}}],"collection":[{"href":"https:\/\/www.uqac.ca\/calendrier\/wp-json\/wp\/v2\/tribe_events"}],"about":[{"href":"https:\/\/www.uqac.ca\/calendrier\/wp-json\/wp\/v2\/types\/tribe_events"}],"author":[{"embeddable":true,"href":"https:\/\/www.uqac.ca\/calendrier\/wp-json\/wp\/v2\/users\/22"}],"version-history":[{"count":1,"href":"https:\/\/www.uqac.ca\/calendrier\/wp-json\/wp\/v2\/tribe_events\/6732\/revisions"}],"predecessor-version":[{"id":6734,"href":"https:\/\/www.uqac.ca\/calendrier\/wp-json\/wp\/v2\/tribe_events\/6732\/revisions\/6734"}],"wp:attachment":[{"href":"https:\/\/www.uqac.ca\/calendrier\/wp-json\/wp\/v2\/media?parent=6732"}],"wp:term":[{"taxonomy":"post_tag","embeddable":true,"href":"https:\/\/www.uqac.ca\/calendrier\/wp-json\/wp\/v2\/tags?post=6732"},{"taxonomy":"tribe_events_cat","embeddable":true,"href":"https:\/\/www.uqac.ca\/calendrier\/wp-json\/wp\/v2\/tribe_events_cat?post=6732"}],"curies":[{"name":"wp","href":"https:\/\/api.w.org\/{rel}","templated":true}]}}

Déjeuner conférence &#8211; VRÉFR « Planification stratégique et chaires de leadership en enseignement »
