{"id":687,"date":"2019-03-15T15:26:13","date_gmt":"2019-03-15T19:26:13","guid":{"rendered":"http:\/\/www.uqac.ca\/calendrier\/?post_type=tribe_events&#038;p=687"},"modified":"2019-03-15T15:26:13","modified_gmt":"2019-03-15T19:26:13","slug":"lancement-des-festivites-du-50e-anniversaire","status":"publish","type":"tribe_events","link":"https:\/\/www.uqac.ca\/calendrier\/evenement\/lancement-des-festivites-du-50e-anniversaire\/","title":{"rendered":"Lancement des festivit\u00e9s du 50e anniversaire"},"content":{"rendered":"<div class=\"grid\">\n<div class=\"row\">\n<article id=\"page-32\" class=\"post-32 page type-page status-publish has-post-thumbnail hentry\">\n<div class=\"entry-content\">\n<p>D\u00e8s 15 h le vendredi 22 mars, au centre social du Pavillon principal, l\u2019ensemble de la communaut\u00e9 UQAC lancera les festivit\u00e9s entourant l\u2019ann\u00e9e d\u2019or de l\u2019Universit\u00e9 du Qu\u00e9bec \u00e0 Chicoutimi: invit\u00e9s sp\u00e9ciaux, membres du personnel, professeurs, charg\u00e9s de cours et retrait\u00e9s se rassemblent pour f\u00eater les grands moments de notre universit\u00e9.<\/p>\n<\/div>\n<\/article>\n<\/div>\n<\/div>\n","protected":false},"excerpt":{"rendered":"<p>D\u00e8s 15 h le vendredi 22 mars, au centre social du Pavillon principal, l\u2019ensemble de la communaut\u00e9 UQAC lancera les festivit\u00e9s entourant l\u2019ann\u00e9e d\u2019or de l\u2019Universit\u00e9 du Qu\u00e9bec \u00e0 Chicoutimi: [&hellip;]<\/p>\n","protected":false},"author":7,"featured_media":0,"template":"","meta":{"_acf_changed":false,"_tribe_events_status":"","_tribe_events_status_reason":"","_tribe_events_is_hybrid":"","_tribe_events_is_virtual":"","_tribe_events_virtual_video_source":"","_tribe_events_virtual_embed_video":"","_tribe_events_virtual_linked_button_text":"","_tribe_events_virtual_linked_button":"","_tribe_events_virtual_show_embed_at":"","_tribe_events_virtual_show_embed_to":[],"_tribe_events_virtual_show_on_event":"","_tribe_events_virtual_show_on_views":"","_tribe_events_virtual_url":"","footnotes":""},"tags":[],"tribe_events_cat":[24,35],"class_list":["post-687","tribe_events","type-tribe_events","status-publish","hentry","tribe_events_cat-evenements-institutionnels","tribe_events_cat-rencontres-et-evenements-festifs","cat_evenements-institutionnels","cat_rencontres-et-evenements-festifs"],"acf":[],"_links":{"self":[{"href":"https:\/\/www.uqac.ca\/calendrier\/wp-json\/wp\/v2\/tribe_events\/687","targetHints":{"allow":["GET"]}}],"collection":[{"href":"https:\/\/www.uqac.ca\/calendrier\/wp-json\/wp\/v2\/tribe_events"}],"about":[{"href":"https:\/\/www.uqac.ca\/calendrier\/wp-json\/wp\/v2\/types\/tribe_events"}],"author":[{"embeddable":true,"href":"https:\/\/www.uqac.ca\/calendrier\/wp-json\/wp\/v2\/users\/7"}],"version-history":[{"count":1,"href":"https:\/\/www.uqac.ca\/calendrier\/wp-json\/wp\/v2\/tribe_events\/687\/revisions"}],"predecessor-version":[{"id":688,"href":"https:\/\/www.uqac.ca\/calendrier\/wp-json\/wp\/v2\/tribe_events\/687\/revisions\/688"}],"wp:attachment":[{"href":"https:\/\/www.uqac.ca\/calendrier\/wp-json\/wp\/v2\/media?parent=687"}],"wp:term":[{"taxonomy":"post_tag","embeddable":true,"href":"https:\/\/www.uqac.ca\/calendrier\/wp-json\/wp\/v2\/tags?post=687"},{"taxonomy":"tribe_events_cat","embeddable":true,"href":"https:\/\/www.uqac.ca\/calendrier\/wp-json\/wp\/v2\/tribe_events_cat?post=687"}],"curies":[{"name":"wp","href":"https:\/\/api.w.org\/{rel}","templated":true}]}}

Lancement des festivités du 50e anniversaire

<div class="grid">
<div class="row">
<article id="page-32" class="post-32 page type-page status-publish has-post-thumbnail hentry">
<div class="entry-content">
<p>Dès 15 h le vendredi 22 mars, au centre social du Pavillon principal, l’ensemble de la communauté UQAC lancera les festivités entourant l’année d’or de l’Université du Québec à Chicoutimi: invités spéciaux, membres du personnel, professeurs, chargés de cours et retraités se rassemblent pour fêter les grands moments de notre université.</p>
</div>
</article>
</div>
</div>

<p>Dès 15 h le vendredi 22 mars, au centre social du Pavillon principal, l’ensemble de la communauté UQAC lancera les festivités entourant l’année d’or de l’Université du Québec à Chicoutimi: [&hellip;]</p>
