{"id":6871,"date":"2025-01-29T15:32:03","date_gmt":"2025-01-29T20:32:03","guid":{"rendered":"https:\/\/www.uqac.ca\/calendrier\/?post_type=tribe_events&#038;p=6871"},"modified":"2025-01-29T15:32:03","modified_gmt":"2025-01-29T20:32:03","slug":"enfin-on-previent-demi-journee-sur-la-sante-durable","status":"publish","type":"tribe_events","link":"https:\/\/www.uqac.ca\/calendrier\/evenement\/enfin-on-previent-demi-journee-sur-la-sante-durable\/","title":{"rendered":"Enfin, on pr\u00e9vient! \u2013 Demi-journ\u00e9e sur la sant\u00e9 durable"},"content":{"rendered":"<h5>Enfin, on pr\u00e9vient! \u2013 Demi-journ\u00e9e sur la sant\u00e9 durable<\/h5>\n<p>Enfin on pr\u00e9vient! puisque collectivement nous reconnaissons la pertinence de revoir le mod\u00e8le actuel et d\u2019accorder davantage d\u2019importance au pr\u00e9ventif et \u00e0 la promotion de la sant\u00e9 sur le parcours de vie. En recherche, cela implique de poursuivre les recherches fondamentales essentielles mais \u00e9galement de concevoir des projets intersectoriels, dans une vision holistique, en consid\u00e9rant les besoins des communaut\u00e9s concern\u00e9es.<\/p>\n<h6>Mercredi 5 f\u00e9vrier<br \/>\n8 h 15 \u00e0 12 h 15<br \/>\nLieu : Centre social<\/h6>\n<p>Pr\u00e9sent\u00e9 par le Centre intersectoriel en sant\u00e9 durable (CISD).<\/p>\n<p><a href=\"https:\/\/www.uqac.ca\/jrc\/panel-sante-durable\/\" target=\"_blank\" rel=\"noopener\">Programmation<\/a><\/p>\n","protected":false},"excerpt":{"rendered":"<p>Enfin, on pr\u00e9vient! \u2013 Demi-journ\u00e9e sur la sant\u00e9 durable Enfin on pr\u00e9vient! puisque collectivement nous reconnaissons la pertinence de revoir le mod\u00e8le actuel et d\u2019accorder davantage d\u2019importance au pr\u00e9ventif et [&hellip;]<\/p>\n","protected":false},"author":22,"featured_media":0,"template":"","meta":{"_acf_changed":false,"_tribe_events_status":"","_tribe_events_status_reason":"","_tribe_events_is_hybrid":"","_tribe_events_is_virtual":"","_tribe_events_virtual_video_source":"","_tribe_events_virtual_embed_video":"","_tribe_events_virtual_linked_button_text":"","_tribe_events_virtual_linked_button":"","_tribe_events_virtual_show_embed_at":"","_tribe_events_virtual_show_embed_to":[],"_tribe_events_virtual_show_on_event":"","_tribe_events_virtual_show_on_views":"","_tribe_events_virtual_url":"","footnotes":""},"tags":[],"tribe_events_cat":[],"class_list":["post-6871","tribe_events","type-tribe_events","status-publish","hentry"],"acf":[],"_links":{"self":[{"href":"https:\/\/www.uqac.ca\/calendrier\/wp-json\/wp\/v2\/tribe_events\/6871","targetHints":{"allow":["GET"]}}],"collection":[{"href":"https:\/\/www.uqac.ca\/calendrier\/wp-json\/wp\/v2\/tribe_events"}],"about":[{"href":"https:\/\/www.uqac.ca\/calendrier\/wp-json\/wp\/v2\/types\/tribe_events"}],"author":[{"embeddable":true,"href":"https:\/\/www.uqac.ca\/calendrier\/wp-json\/wp\/v2\/users\/22"}],"version-history":[{"count":1,"href":"https:\/\/www.uqac.ca\/calendrier\/wp-json\/wp\/v2\/tribe_events\/6871\/revisions"}],"predecessor-version":[{"id":6872,"href":"https:\/\/www.uqac.ca\/calendrier\/wp-json\/wp\/v2\/tribe_events\/6871\/revisions\/6872"}],"wp:attachment":[{"href":"https:\/\/www.uqac.ca\/calendrier\/wp-json\/wp\/v2\/media?parent=6871"}],"wp:term":[{"taxonomy":"post_tag","embeddable":true,"href":"https:\/\/www.uqac.ca\/calendrier\/wp-json\/wp\/v2\/tags?post=6871"},{"taxonomy":"tribe_events_cat","embeddable":true,"href":"https:\/\/www.uqac.ca\/calendrier\/wp-json\/wp\/v2\/tribe_events_cat?post=6871"}],"curies":[{"name":"wp","href":"https:\/\/api.w.org\/{rel}","templated":true}]}}

Enfin, on prévient! – Demi-journée sur la santé durable

<h5>Enfin, on prévient! – Demi-journée sur la santé durable</h5>
<p>Enfin on prévient! puisque collectivement nous reconnaissons la pertinence de revoir le modèle actuel et d’accorder davantage d’importance au préventif et à la promotion de la santé sur le parcours de vie. En recherche, cela implique de poursuivre les recherches fondamentales essentielles mais également de concevoir des projets intersectoriels, dans une vision holistique, en considérant les besoins des communautés concernées.</p>
<h6>Mercredi 5 février<br />
8 h 15 à 12 h 15<br />
Lieu : Centre social</h6>
<p>Présenté par le Centre intersectoriel en santé durable (CISD).</p>
<p><a href="https://www.uqac.ca/jrc/panel-sante-durable/" target="_blank" rel="noopener">Programmation</a></p>

<p>Enfin, on prévient! – Demi-journée sur la santé durable Enfin on prévient! puisque collectivement nous reconnaissons la pertinence de revoir le modèle actuel et d’accorder davantage d’importance au préventif et [&hellip;]</p>
