{"id":6916,"date":"2025-02-10T09:23:21","date_gmt":"2025-02-10T14:23:21","guid":{"rendered":"https:\/\/www.uqac.ca\/calendrier\/?post_type=tribe_events&#038;p=6916"},"modified":"2025-02-11T09:10:14","modified_gmt":"2025-02-11T14:10:14","slug":"lancement-de-la-station-ilumin","status":"publish","type":"tribe_events","link":"https:\/\/www.uqac.ca\/calendrier\/evenement\/lancement-de-la-station-ilumin\/","title":{"rendered":"Lancement de la station ILUMIN"},"content":{"rendered":"<p><strong>UN PROJET NOVATEUR EN PROMOTION DE LA SANT\u00c9 MENTALE<\/strong><\/p>\n<p>Invitation au lancement de la station ILUMIN<\/p>\n<p>L\u2019\u00e9quipe du <a href=\"https:\/\/can01.safelinks.protection.outlook.com\/?url=http%3A%2F%2Fwww.uqac.ca%2Flabvivant&amp;data=05%7C02%7Cvgobeil%40uqac.ca%7C010def8d4b4d4d6ff1e108dd49d7a662%7Cc97978b1bd4c44b59bbb20215efdf611%7C0%7C0%7C638747912773716573%7CUnknown%7CTWFpbGZsb3d8eyJFbXB0eU1hcGkiOnRydWUsIlYiOiIwLjAuMDAwMCIsIlAiOiJXaW4zMiIsIkFOIjoiTWFpbCIsIldUIjoyfQ%3D%3D%7C0%7C%7C%7C&amp;sdata=6YRCDw3N46reX2GJ8SItZVX6TpmlIVc1yAO%2F52SDV2k%3D&amp;reserved=0\" target=\"_blank\" rel=\"noopener\">Laboratoire vivant<\/a> de l\u2019UQAC vous invite au lancement officiel de ILUMIN, une station de promotion de la sant\u00e9 mentale au c\u0153ur de l\u2019universit\u00e9\u00a0:<\/p>\n<p>Ce projet de recherche innovant, port\u00e9 par les professeurs Christiane Bergeron-Leclerc et S\u00e9bastien Gaboury, est financ\u00e9 par le Fonds de recherche en sant\u00e9 du Qu\u00e9bec (FRQ) dans le cadre du programme INNO. Il a pour objectif de coconstruire et d\u2019exp\u00e9rimenter un dispositif de promotion de la sant\u00e9 mentale en milieu universitaire.<\/p>\n<p>Accessible aux \u00e9tudiant(e)s et employ\u00e9(e)s de l\u2019UQAC (sur rendez-vous, de f\u00e9vrier \u00e0 mai 2025), la station ILUMIN propose un espace unique de ressourcement et de d\u00e9tente, con\u00e7u pour offrir une pause bien-\u00eatre adapt\u00e9e aux besoins de chacun.<\/p>\n<p><strong>\u00a0<\/strong>Venez prendre une pause bien m\u00e9rit\u00e9e, explorer nos espaces de d\u00e9tente et en apprendre davantage sur ce projet novateur!<\/p>\n<p><strong>\u00a0<\/strong>Pour en savoir plus, consultez le <a href=\"https:\/\/can01.safelinks.protection.outlook.com\/?url=https%3A%2F%2Fwww.uqac.ca%2Flabvivant%2Filumin%2F&amp;data=05%7C02%7Cvgobeil%40uqac.ca%7C010def8d4b4d4d6ff1e108dd49d7a662%7Cc97978b1bd4c44b59bbb20215efdf611%7C0%7C0%7C638747912773736829%7CUnknown%7CTWFpbGZsb3d8eyJFbXB0eU1hcGkiOnRydWUsIlYiOiIwLjAuMDAwMCIsIlAiOiJXaW4zMiIsIkFOIjoiTWFpbCIsIldUIjoyfQ%3D%3D%7C0%7C%7C%7C&amp;sdata=fHql%2Fw897tEYiSlJWfB8j714cBnBrDaL6f%2BBKDQwmZ8%3D&amp;reserved=0\" target=\"_blank\" rel=\"noopener\">uqac.ca\/labvivant\/ilumin<\/a>.<\/p>\n","protected":false},"excerpt":{"rendered":"<p>UN PROJET NOVATEUR EN PROMOTION DE LA SANT\u00c9 MENTALE Invitation au lancement de la station ILUMIN L\u2019\u00e9quipe du Laboratoire vivant de l\u2019UQAC vous invite au lancement officiel de ILUMIN, une [&hellip;]<\/p>\n","protected":false},"author":22,"featured_media":0,"template":"","meta":{"_acf_changed":false,"_tribe_events_status":"","_tribe_events_status_reason":"","_tribe_events_is_hybrid":"","_tribe_events_is_virtual":"","_tribe_events_virtual_video_source":"","_tribe_events_virtual_embed_video":"","_tribe_events_virtual_linked_button_text":"","_tribe_events_virtual_linked_button":"","_tribe_events_virtual_show_embed_at":"","_tribe_events_virtual_show_embed_to":[],"_tribe_events_virtual_show_on_event":"","_tribe_events_virtual_show_on_views":"","_tribe_events_virtual_url":"","footnotes":""},"tags":[159],"tribe_events_cat":[],"class_list":["post-6916","tribe_events","type-tribe_events","status-publish","hentry","tag-tv"],"acf":[],"_links":{"self":[{"href":"https:\/\/www.uqac.ca\/calendrier\/wp-json\/wp\/v2\/tribe_events\/6916","targetHints":{"allow":["GET"]}}],"collection":[{"href":"https:\/\/www.uqac.ca\/calendrier\/wp-json\/wp\/v2\/tribe_events"}],"about":[{"href":"https:\/\/www.uqac.ca\/calendrier\/wp-json\/wp\/v2\/types\/tribe_events"}],"author":[{"embeddable":true,"href":"https:\/\/www.uqac.ca\/calendrier\/wp-json\/wp\/v2\/users\/22"}],"version-history":[{"count":1,"href":"https:\/\/www.uqac.ca\/calendrier\/wp-json\/wp\/v2\/tribe_events\/6916\/revisions"}],"predecessor-version":[{"id":6917,"href":"https:\/\/www.uqac.ca\/calendrier\/wp-json\/wp\/v2\/tribe_events\/6916\/revisions\/6917"}],"wp:attachment":[{"href":"https:\/\/www.uqac.ca\/calendrier\/wp-json\/wp\/v2\/media?parent=6916"}],"wp:term":[{"taxonomy":"post_tag","embeddable":true,"href":"https:\/\/www.uqac.ca\/calendrier\/wp-json\/wp\/v2\/tags?post=6916"},{"taxonomy":"tribe_events_cat","embeddable":true,"href":"https:\/\/www.uqac.ca\/calendrier\/wp-json\/wp\/v2\/tribe_events_cat?post=6916"}],"curies":[{"name":"wp","href":"https:\/\/api.w.org\/{rel}","templated":true}]}}

<p><strong>UN PROJET NOVATEUR EN PROMOTION DE LA SANTÉ MENTALE</strong></p>
<p>Invitation au lancement de la station ILUMIN</p>
<p>L’équipe du <a href="https://can01.safelinks.protection.outlook.com/?url=http%3A%2F%2Fwww.uqac.ca%2Flabvivant&amp;data=05%7C02%7Cvgobeil%40uqac.ca%7C010def8d4b4d4d6ff1e108dd49d7a662%7Cc97978b1bd4c44b59bbb20215efdf611%7C0%7C0%7C638747912773716573%7CUnknown%7CTWFpbGZsb3d8eyJFbXB0eU1hcGkiOnRydWUsIlYiOiIwLjAuMDAwMCIsIlAiOiJXaW4zMiIsIkFOIjoiTWFpbCIsIldUIjoyfQ%3D%3D%7C0%7C%7C%7C&amp;sdata=6YRCDw3N46reX2GJ8SItZVX6TpmlIVc1yAO%2F52SDV2k%3D&amp;reserved=0" target="_blank" rel="noopener">Laboratoire vivant</a> de l’UQAC vous invite au lancement officiel de ILUMIN, une station de promotion de la santé mentale au cœur de l’université :</p>
<p>Ce projet de recherche innovant, porté par les professeurs Christiane Bergeron-Leclerc et Sébastien Gaboury, est financé par le Fonds de recherche en santé du Québec (FRQ) dans le cadre du programme INNO. Il a pour objectif de coconstruire et d’expérimenter un dispositif de promotion de la santé mentale en milieu universitaire.</p>
<p>Accessible aux étudiant(e)s et employé(e)s de l’UQAC (sur rendez-vous, de février à mai 2025), la station ILUMIN propose un espace unique de ressourcement et de détente, conçu pour offrir une pause bien-être adaptée aux besoins de chacun.</p>
<p><strong> </strong>Venez prendre une pause bien méritée, explorer nos espaces de détente et en apprendre davantage sur ce projet novateur!</p>
<p><strong> </strong>Pour en savoir plus, consultez le <a href="https://can01.safelinks.protection.outlook.com/?url=https%3A%2F%2Fwww.uqac.ca%2Flabvivant%2Filumin%2F&amp;data=05%7C02%7Cvgobeil%40uqac.ca%7C010def8d4b4d4d6ff1e108dd49d7a662%7Cc97978b1bd4c44b59bbb20215efdf611%7C0%7C0%7C638747912773736829%7CUnknown%7CTWFpbGZsb3d8eyJFbXB0eU1hcGkiOnRydWUsIlYiOiIwLjAuMDAwMCIsIlAiOiJXaW4zMiIsIkFOIjoiTWFpbCIsIldUIjoyfQ%3D%3D%7C0%7C%7C%7C&amp;sdata=fHql%2Fw897tEYiSlJWfB8j714cBnBrDaL6f%2BBKDQwmZ8%3D&amp;reserved=0" target="_blank" rel="noopener">uqac.ca/labvivant/ilumin</a>.</p>

<p>UN PROJET NOVATEUR EN PROMOTION DE LA SANTÉ MENTALE Invitation au lancement de la station ILUMIN L’équipe du Laboratoire vivant de l’UQAC vous invite au lancement officiel de ILUMIN, une [&hellip;]</p>
