{"id":7022,"date":"2025-03-19T16:29:10","date_gmt":"2025-03-19T20:29:10","guid":{"rendered":"https:\/\/www.uqac.ca\/calendrier\/?post_type=tribe_events&#038;p=7022"},"modified":"2025-04-03T11:35:54","modified_gmt":"2025-04-03T15:35:54","slug":"conference-ia-reve-ambition-ia-itineraire-dun-entrepreneur-quebecois","status":"publish","type":"tribe_events","link":"https:\/\/www.uqac.ca\/calendrier\/evenement\/conference-ia-reve-ambition-ia-itineraire-dun-entrepreneur-quebecois\/","title":{"rendered":"Conf\u00e9rence IA &#8211; R\u00eave, ambition, IA : itin\u00e9raire d&rsquo;un entrepreneur qu\u00e9b\u00e9cois"},"content":{"rendered":"<h5>\u2728 F\u00eates de la reconnaissance 2025 \u2728<\/h5>\n<div>\u2014 ENTR\u00c9E LIBRE \u2014<\/div>\n<div><\/div>\n<p><strong>Description de la conf\u00e9rence :<\/strong><\/p>\n<p>Martin Bouchard partagera son parcours entrepreneurial et ses exp\u00e9riences. La conf\u00e9rence abordera \u00e9galement des r\u00e9flexions sur les technologies de rupture, notamment l\u2019impact de l\u2019intelligence artificielle, ainsi que sur la mani\u00e8re dont le Qu\u00e9bec peut innover et d\u00e9velopper des entreprises de classe mondiale.<\/p>\n<p>Offert en pr\u00e9sence au P0-7500 et en ligne : <a href=\"https:\/\/uqac.zoom.us\/j\/81563045496\">https:\/\/uqac.zoom.us\/j\/81563045496<\/a><\/p>\n<p><img loading=\"lazy\" decoding=\"async\" class=\"alignnone wp-image-7023\" src=\"https:\/\/www.uqac.ca\/calendrier\/wp-content\/uploads\/2025\/03\/NUM_Conference-IA_MartinBouchardH25_PubTv1920x1080.jpg\" alt=\"\" width=\"1087\" height=\"612\" srcset=\"https:\/\/www.uqac.ca\/calendrier\/wp-content\/uploads\/2025\/03\/NUM_Conference-IA_MartinBouchardH25_PubTv1920x1080.jpg 1920w, https:\/\/www.uqac.ca\/calendrier\/wp-content\/uploads\/2025\/03\/NUM_Conference-IA_MartinBouchardH25_PubTv1920x1080-300x169.jpg 300w, https:\/\/www.uqac.ca\/calendrier\/wp-content\/uploads\/2025\/03\/NUM_Conference-IA_MartinBouchardH25_PubTv1920x1080-1024x576.jpg 1024w, https:\/\/www.uqac.ca\/calendrier\/wp-content\/uploads\/2025\/03\/NUM_Conference-IA_MartinBouchardH25_PubTv1920x1080-768x432.jpg 768w, https:\/\/www.uqac.ca\/calendrier\/wp-content\/uploads\/2025\/03\/NUM_Conference-IA_MartinBouchardH25_PubTv1920x1080-1536x864.jpg 1536w\" sizes=\"auto, (max-width: 1087px) 100vw, 1087px\" \/><\/p>\n","protected":false},"excerpt":{"rendered":"<p>\u2728 F\u00eates de la reconnaissance 2025 \u2728 \u2014 ENTR\u00c9E LIBRE \u2014 Description de la conf\u00e9rence : Martin Bouchard partagera son parcours entrepreneurial et ses exp\u00e9riences. La conf\u00e9rence abordera \u00e9galement des [&hellip;]<\/p>\n","protected":false},"author":22,"featured_media":7045,"template":"","meta":{"_acf_changed":false,"_tribe_events_status":"","_tribe_events_status_reason":"","_tribe_events_is_hybrid":"","_tribe_events_is_virtual":"","_tribe_events_virtual_video_source":"","_tribe_events_virtual_embed_video":"","_tribe_events_virtual_linked_button_text":"","_tribe_events_virtual_linked_button":"","_tribe_events_virtual_show_embed_at":"","_tribe_events_virtual_show_embed_to":[],"_tribe_events_virtual_show_on_event":"","_tribe_events_virtual_show_on_views":"","_tribe_events_virtual_url":"","footnotes":""},"tags":[],"tribe_events_cat":[],"class_list":["post-7022","tribe_events","type-tribe_events","status-publish","has-post-thumbnail","hentry"],"acf":[],"_links":{"self":[{"href":"https:\/\/www.uqac.ca\/calendrier\/wp-json\/wp\/v2\/tribe_events\/7022","targetHints":{"allow":["GET"]}}],"collection":[{"href":"https:\/\/www.uqac.ca\/calendrier\/wp-json\/wp\/v2\/tribe_events"}],"about":[{"href":"https:\/\/www.uqac.ca\/calendrier\/wp-json\/wp\/v2\/types\/tribe_events"}],"author":[{"embeddable":true,"href":"https:\/\/www.uqac.ca\/calendrier\/wp-json\/wp\/v2\/users\/22"}],"version-history":[{"count":6,"href":"https:\/\/www.uqac.ca\/calendrier\/wp-json\/wp\/v2\/tribe_events\/7022\/revisions"}],"predecessor-version":[{"id":7074,"href":"https:\/\/www.uqac.ca\/calendrier\/wp-json\/wp\/v2\/tribe_events\/7022\/revisions\/7074"}],"wp:featuredmedia":[{"embeddable":true,"href":"https:\/\/www.uqac.ca\/calendrier\/wp-json\/wp\/v2\/media\/7045"}],"wp:attachment":[{"href":"https:\/\/www.uqac.ca\/calendrier\/wp-json\/wp\/v2\/media?parent=7022"}],"wp:term":[{"taxonomy":"post_tag","embeddable":true,"href":"https:\/\/www.uqac.ca\/calendrier\/wp-json\/wp\/v2\/tags?post=7022"},{"taxonomy":"tribe_events_cat","embeddable":true,"href":"https:\/\/www.uqac.ca\/calendrier\/wp-json\/wp\/v2\/tribe_events_cat?post=7022"}],"curies":[{"name":"wp","href":"https:\/\/api.w.org\/{rel}","templated":true}]}}

Conférence IA &#8211; Rêve, ambition, IA : itinéraire d&rsquo;un entrepreneur québécois

<h5>✨ Fêtes de la reconnaissance 2025 ✨</h5>
<div>— ENTRÉE LIBRE —</div>
<div></div>
<p><strong>Description de la conférence :</strong></p>
<p>Martin Bouchard partagera son parcours entrepreneurial et ses expériences. La conférence abordera également des réflexions sur les technologies de rupture, notamment l’impact de l’intelligence artificielle, ainsi que sur la manière dont le Québec peut innover et développer des entreprises de classe mondiale.</p>
<p>Offert en présence au P0-7500 et en ligne : <a href="https://uqac.zoom.us/j/81563045496">https://uqac.zoom.us/j/81563045496</a></p>
<p><img loading="lazy" decoding="async" class="alignnone wp-image-7023" src="https://www.uqac.ca/calendrier/wp-content/uploads/2025/03/NUM_Conference-IA_MartinBouchardH25_PubTv1920x1080.jpg" alt="" width="1087" height="612" srcset="https://www.uqac.ca/calendrier/wp-content/uploads/2025/03/NUM_Conference-IA_MartinBouchardH25_PubTv1920x1080.jpg 1920w, https://www.uqac.ca/calendrier/wp-content/uploads/2025/03/NUM_Conference-IA_MartinBouchardH25_PubTv1920x1080-300x169.jpg 300w, https://www.uqac.ca/calendrier/wp-content/uploads/2025/03/NUM_Conference-IA_MartinBouchardH25_PubTv1920x1080-1024x576.jpg 1024w, https://www.uqac.ca/calendrier/wp-content/uploads/2025/03/NUM_Conference-IA_MartinBouchardH25_PubTv1920x1080-768x432.jpg 768w, https://www.uqac.ca/calendrier/wp-content/uploads/2025/03/NUM_Conference-IA_MartinBouchardH25_PubTv1920x1080-1536x864.jpg 1536w" sizes="auto, (max-width: 1087px) 100vw, 1087px" /></p>

<p>✨ Fêtes de la reconnaissance 2025 ✨ — ENTRÉE LIBRE — Description de la conférence : Martin Bouchard partagera son parcours entrepreneurial et ses expériences. La conférence abordera également des [&hellip;]</p>
