{"id":7066,"date":"2025-04-02T15:46:09","date_gmt":"2025-04-02T19:46:09","guid":{"rendered":"https:\/\/www.uqac.ca\/calendrier\/?post_type=tribe_events&#038;p=7066"},"modified":"2025-04-02T15:46:09","modified_gmt":"2025-04-02T19:46:09","slug":"diner-reconnaissance-de-lengagement-etudiant","status":"publish","type":"tribe_events","link":"https:\/\/www.uqac.ca\/calendrier\/evenement\/diner-reconnaissance-de-lengagement-etudiant\/","title":{"rendered":"D\u00eener reconnaissance de l&rsquo;engagement \u00e9tudiant"},"content":{"rendered":"<div class=\"tribe-events-single-event-description tribe-events-content\">\n<h5>\u2728 F\u00eates de la reconnaissance 2025 \u2728<\/h5>\n<div>\n<div>\u2014 ENTR\u00c9E LIBRE \u2014<\/div>\n<div><\/div>\n<div>Venez c\u00e9l\u00e9brer les r\u00e9ussites personnelles et collectives et les moments marquants de cette ann\u00e9e 2024-2025<\/div>\n<\/div>\n<\/div>\n","protected":false},"excerpt":{"rendered":"<p>\u2728 F\u00eates de la reconnaissance 2025 \u2728 \u2014 ENTR\u00c9E LIBRE \u2014 Venez c\u00e9l\u00e9brer les r\u00e9ussites personnelles et collectives et les moments marquants de cette ann\u00e9e 2024-2025<\/p>\n","protected":false},"author":7,"featured_media":7045,"template":"","meta":{"_acf_changed":false,"_tribe_events_status":"","_tribe_events_status_reason":"","_tribe_events_is_hybrid":"","_tribe_events_is_virtual":"","_tribe_events_virtual_video_source":"","_tribe_events_virtual_embed_video":"","_tribe_events_virtual_linked_button_text":"","_tribe_events_virtual_linked_button":"","_tribe_events_virtual_show_embed_at":"","_tribe_events_virtual_show_embed_to":[],"_tribe_events_virtual_show_on_event":"","_tribe_events_virtual_show_on_views":"","_tribe_events_virtual_url":"","footnotes":""},"tags":[],"tribe_events_cat":[35],"class_list":["post-7066","tribe_events","type-tribe_events","status-publish","has-post-thumbnail","hentry","tribe_events_cat-rencontres-et-evenements-festifs","cat_rencontres-et-evenements-festifs"],"acf":[],"_links":{"self":[{"href":"https:\/\/www.uqac.ca\/calendrier\/wp-json\/wp\/v2\/tribe_events\/7066","targetHints":{"allow":["GET"]}}],"collection":[{"href":"https:\/\/www.uqac.ca\/calendrier\/wp-json\/wp\/v2\/tribe_events"}],"about":[{"href":"https:\/\/www.uqac.ca\/calendrier\/wp-json\/wp\/v2\/types\/tribe_events"}],"author":[{"embeddable":true,"href":"https:\/\/www.uqac.ca\/calendrier\/wp-json\/wp\/v2\/users\/7"}],"version-history":[{"count":1,"href":"https:\/\/www.uqac.ca\/calendrier\/wp-json\/wp\/v2\/tribe_events\/7066\/revisions"}],"predecessor-version":[{"id":7067,"href":"https:\/\/www.uqac.ca\/calendrier\/wp-json\/wp\/v2\/tribe_events\/7066\/revisions\/7067"}],"wp:featuredmedia":[{"embeddable":true,"href":"https:\/\/www.uqac.ca\/calendrier\/wp-json\/wp\/v2\/media\/7045"}],"wp:attachment":[{"href":"https:\/\/www.uqac.ca\/calendrier\/wp-json\/wp\/v2\/media?parent=7066"}],"wp:term":[{"taxonomy":"post_tag","embeddable":true,"href":"https:\/\/www.uqac.ca\/calendrier\/wp-json\/wp\/v2\/tags?post=7066"},{"taxonomy":"tribe_events_cat","embeddable":true,"href":"https:\/\/www.uqac.ca\/calendrier\/wp-json\/wp\/v2\/tribe_events_cat?post=7066"}],"curies":[{"name":"wp","href":"https:\/\/api.w.org\/{rel}","templated":true}]}}

Dîner reconnaissance de l&rsquo;engagement étudiant

<div class="tribe-events-single-event-description tribe-events-content">
<h5>✨ Fêtes de la reconnaissance 2025 ✨</h5>
<div>
<div>— ENTRÉE LIBRE —</div>
<div></div>
<div>Venez célébrer les réussites personnelles et collectives et les moments marquants de cette année 2024-2025</div>
</div>
</div>

<p>✨ Fêtes de la reconnaissance 2025 ✨ — ENTRÉE LIBRE — Venez célébrer les réussites personnelles et collectives et les moments marquants de cette année 2024-2025</p>
