{"id":7117,"date":"2025-04-17T11:59:01","date_gmt":"2025-04-17T15:59:01","guid":{"rendered":"https:\/\/www.uqac.ca\/calendrier\/?post_type=tribe_events&#038;p=7117"},"modified":"2025-05-05T08:25:29","modified_gmt":"2025-05-05T12:25:29","slug":"bar-des-sciences-le-lac-st-jean-sous-surveillance","status":"publish","type":"tribe_events","link":"https:\/\/www.uqac.ca\/calendrier\/evenement\/bar-des-sciences-le-lac-st-jean-sous-surveillance\/","title":{"rendered":"Bar des sciences &#8211; Le lac Saint-Jean sous surveillance"},"content":{"rendered":"<p><img loading=\"lazy\" decoding=\"async\" class=\"alignnone wp-image-7118 size-large\" src=\"https:\/\/www.uqac.ca\/calendrier\/wp-content\/uploads\/2025\/04\/NUM_LacStJeanH25_FbkEven1220x628-1024x527.jpg\" alt=\"\" width=\"1024\" height=\"527\" srcset=\"https:\/\/www.uqac.ca\/calendrier\/wp-content\/uploads\/2025\/04\/NUM_LacStJeanH25_FbkEven1220x628-1024x527.jpg 1024w, https:\/\/www.uqac.ca\/calendrier\/wp-content\/uploads\/2025\/04\/NUM_LacStJeanH25_FbkEven1220x628-300x154.jpg 300w, https:\/\/www.uqac.ca\/calendrier\/wp-content\/uploads\/2025\/04\/NUM_LacStJeanH25_FbkEven1220x628-768x395.jpg 768w, https:\/\/www.uqac.ca\/calendrier\/wp-content\/uploads\/2025\/04\/NUM_LacStJeanH25_FbkEven1220x628.jpg 1220w\" sizes=\"auto, (max-width: 1024px) 100vw, 1024px\" \/><\/p>\n<p>De nouvelles esp\u00e8ces aquatiques envahissantes, comme le crapet-soleil et l\u2019achigan \u00e0 petite bouche, ont \u00e9t\u00e9 observ\u00e9es aux portes du lac Saint-Jean. Des hausses de temp\u00e9ratures et une diminution des p\u00e9riodes de gel sont anticip\u00e9es dans le bassin versant au cours des prochaines d\u00e9cennies. Les pratiques agricoles et plusieurs activit\u00e9s anthropiques autour du lac transforment la qualit\u00e9 de l\u2019eau. Notre majestueux lac Saint-Jean n\u2019\u00e9chappe pas \u00e0 l\u2019\u00e9rosion des berges et aux nombreuses pressions qui laissent une empreinte sur ses ressources et entra\u00eenent des cons\u00e9quences pour tous ses usagers.<\/p>\n<p>Devant tous ces changements, quels sont les d\u00e9fis actuels pour les scientifiques qui rassemblent des connaissances sur ce milieu naturel exceptionnel? Comment la recherche peut-elle trouver des solutions pour pr\u00e9venir les dommages et conserver la biodiversit\u00e9 ? Les \u00e9cosyst\u00e8mes du lac Saint-Jean sauront-ils s\u2019adapter \u00e0 ces changements qui s\u2019accumulent et s\u2019acc\u00e9l\u00e8rent?<\/p>\n<p>Venez \u00e0 la rencontre de personnes qui font avancer les connaissances sur le lac Saint-Jean et profitez en pour leur poser vos questions.<\/p>\n<p><strong>INVIT\u00c9S<\/strong><\/p>\n<p>Sonya Levesque, coordonnatrice, Chaire de recherche sur les esp\u00e8ces aquatiques exploit\u00e9es (CREAE), UQAC<br \/>\nOlivier Morissette, professeur en sciences halieutiques, UQAC<br \/>\nMarc Archer, directeur de la Corporation de LACtivit\u00e9 P\u00eache Lac-Saint-Jean (CLAP)<\/p>\n<p><strong>ANIMATEUR<\/strong><\/p>\n<p>Jean-Pierre Girard<\/p>\n","protected":false},"excerpt":{"rendered":"<p>De nouvelles esp\u00e8ces aquatiques envahissantes, comme le crapet-soleil et l\u2019achigan \u00e0 petite bouche, ont \u00e9t\u00e9 observ\u00e9es aux portes du lac Saint-Jean. Des hausses de temp\u00e9ratures et une diminution des p\u00e9riodes [&hellip;]<\/p>\n","protected":false},"author":35,"featured_media":0,"template":"","meta":{"_acf_changed":false,"_tribe_events_status":"","_tribe_events_status_reason":"","_tribe_events_is_hybrid":"","_tribe_events_is_virtual":"","_tribe_events_virtual_video_source":"","_tribe_events_virtual_embed_video":"","_tribe_events_virtual_linked_button_text":"","_tribe_events_virtual_linked_button":"","_tribe_events_virtual_show_embed_at":"","_tribe_events_virtual_show_embed_to":[],"_tribe_events_virtual_show_on_event":"","_tribe_events_virtual_show_on_views":"","_tribe_events_virtual_url":"","footnotes":""},"tags":[],"tribe_events_cat":[],"class_list":["post-7117","tribe_events","type-tribe_events","status-publish","hentry"],"acf":[],"_links":{"self":[{"href":"https:\/\/www.uqac.ca\/calendrier\/wp-json\/wp\/v2\/tribe_events\/7117","targetHints":{"allow":["GET"]}}],"collection":[{"href":"https:\/\/www.uqac.ca\/calendrier\/wp-json\/wp\/v2\/tribe_events"}],"about":[{"href":"https:\/\/www.uqac.ca\/calendrier\/wp-json\/wp\/v2\/types\/tribe_events"}],"author":[{"embeddable":true,"href":"https:\/\/www.uqac.ca\/calendrier\/wp-json\/wp\/v2\/users\/35"}],"version-history":[{"count":5,"href":"https:\/\/www.uqac.ca\/calendrier\/wp-json\/wp\/v2\/tribe_events\/7117\/revisions"}],"predecessor-version":[{"id":7133,"href":"https:\/\/www.uqac.ca\/calendrier\/wp-json\/wp\/v2\/tribe_events\/7117\/revisions\/7133"}],"wp:attachment":[{"href":"https:\/\/www.uqac.ca\/calendrier\/wp-json\/wp\/v2\/media?parent=7117"}],"wp:term":[{"taxonomy":"post_tag","embeddable":true,"href":"https:\/\/www.uqac.ca\/calendrier\/wp-json\/wp\/v2\/tags?post=7117"},{"taxonomy":"tribe_events_cat","embeddable":true,"href":"https:\/\/www.uqac.ca\/calendrier\/wp-json\/wp\/v2\/tribe_events_cat?post=7117"}],"curies":[{"name":"wp","href":"https:\/\/api.w.org\/{rel}","templated":true}]}}

<p><img loading="lazy" decoding="async" class="alignnone wp-image-7118 size-large" src="https://www.uqac.ca/calendrier/wp-content/uploads/2025/04/NUM_LacStJeanH25_FbkEven1220x628-1024x527.jpg" alt="" width="1024" height="527" srcset="https://www.uqac.ca/calendrier/wp-content/uploads/2025/04/NUM_LacStJeanH25_FbkEven1220x628-1024x527.jpg 1024w, https://www.uqac.ca/calendrier/wp-content/uploads/2025/04/NUM_LacStJeanH25_FbkEven1220x628-300x154.jpg 300w, https://www.uqac.ca/calendrier/wp-content/uploads/2025/04/NUM_LacStJeanH25_FbkEven1220x628-768x395.jpg 768w, https://www.uqac.ca/calendrier/wp-content/uploads/2025/04/NUM_LacStJeanH25_FbkEven1220x628.jpg 1220w" sizes="auto, (max-width: 1024px) 100vw, 1024px" /></p>
<p>De nouvelles espèces aquatiques envahissantes, comme le crapet-soleil et l’achigan à petite bouche, ont été observées aux portes du lac Saint-Jean. Des hausses de températures et une diminution des périodes de gel sont anticipées dans le bassin versant au cours des prochaines décennies. Les pratiques agricoles et plusieurs activités anthropiques autour du lac transforment la qualité de l’eau. Notre majestueux lac Saint-Jean n’échappe pas à l’érosion des berges et aux nombreuses pressions qui laissent une empreinte sur ses ressources et entraînent des conséquences pour tous ses usagers.</p>
<p>Devant tous ces changements, quels sont les défis actuels pour les scientifiques qui rassemblent des connaissances sur ce milieu naturel exceptionnel? Comment la recherche peut-elle trouver des solutions pour prévenir les dommages et conserver la biodiversité ? Les écosystèmes du lac Saint-Jean sauront-ils s’adapter à ces changements qui s’accumulent et s’accélèrent?</p>
<p>Venez à la rencontre de personnes qui font avancer les connaissances sur le lac Saint-Jean et profitez en pour leur poser vos questions.</p>
<p><strong>INVITÉS</strong></p>
<p>Sonya Levesque, coordonnatrice, Chaire de recherche sur les espèces aquatiques exploitées (CREAE), UQAC<br />
Olivier Morissette, professeur en sciences halieutiques, UQAC<br />
Marc Archer, directeur de la Corporation de LACtivité Pêche Lac-Saint-Jean (CLAP)</p>
<p><strong>ANIMATEUR</strong></p>
<p>Jean-Pierre Girard</p>

<p>De nouvelles espèces aquatiques envahissantes, comme le crapet-soleil et l’achigan à petite bouche, ont été observées aux portes du lac Saint-Jean. Des hausses de températures et une diminution des périodes [&hellip;]</p>
