{"id":7128,"date":"2025-04-30T16:12:42","date_gmt":"2025-04-30T20:12:42","guid":{"rendered":"https:\/\/www.uqac.ca\/calendrier\/?post_type=tribe_events&#038;p=7128"},"modified":"2025-04-30T16:12:42","modified_gmt":"2025-04-30T20:12:42","slug":"conference-scientifique-la-therapie-via-lhorticulture-en-sante-mentale","status":"publish","type":"tribe_events","link":"https:\/\/www.uqac.ca\/calendrier\/evenement\/conference-scientifique-la-therapie-via-lhorticulture-en-sante-mentale\/","title":{"rendered":"Conf\u00e9rence scientifique | La th\u00e9rapie via l&rsquo;horticulture en sant\u00e9 mentale"},"content":{"rendered":"<p><img loading=\"lazy\" decoding=\"async\" class=\"alignnone wp-image-7129 size-large\" src=\"https:\/\/www.uqac.ca\/calendrier\/wp-content\/uploads\/2025\/04\/NUM_ConferenceScientifique14maiH25_PubTv1920x1080-1024x576.jpg\" alt=\"\" width=\"1024\" height=\"576\" srcset=\"https:\/\/www.uqac.ca\/calendrier\/wp-content\/uploads\/2025\/04\/NUM_ConferenceScientifique14maiH25_PubTv1920x1080-1024x576.jpg 1024w, https:\/\/www.uqac.ca\/calendrier\/wp-content\/uploads\/2025\/04\/NUM_ConferenceScientifique14maiH25_PubTv1920x1080-300x169.jpg 300w, https:\/\/www.uqac.ca\/calendrier\/wp-content\/uploads\/2025\/04\/NUM_ConferenceScientifique14maiH25_PubTv1920x1080-768x432.jpg 768w, https:\/\/www.uqac.ca\/calendrier\/wp-content\/uploads\/2025\/04\/NUM_ConferenceScientifique14maiH25_PubTv1920x1080.jpg 1200w\" sizes=\"auto, (max-width: 1024px) 100vw, 1024px\" \/><\/p>\n<p>Le Centre intersectoriel en sant\u00e9 durable (CISD) de l&rsquo;UQAC propose \u00e0 la communaut\u00e9 universitaire d&rsquo;assister \u00e0 la conf\u00e9rence \u00ab La th\u00e9rapie via l&rsquo;horticulture en sant\u00e9 mentale \u00bb de Cassandre Ville.<\/p>\n<p>En pr\u00e9sence au P0-7500<br \/>\nEn ligne au lien suivant : <a href=\"https:\/\/uqac.zoom.us\/my\/cisd.uqac\" target=\"_blank\" rel=\"noopener\">uqac.zoom.us\/my\/cisd.uqac<\/a><\/p>\n","protected":false},"excerpt":{"rendered":"<p>Le Centre intersectoriel en sant\u00e9 durable (CISD) de l&rsquo;UQAC propose \u00e0 la communaut\u00e9 universitaire d&rsquo;assister \u00e0 la conf\u00e9rence \u00ab La th\u00e9rapie via l&rsquo;horticulture en sant\u00e9 mentale \u00bb de Cassandre Ville. [&hellip;]<\/p>\n","protected":false},"author":18,"featured_media":0,"template":"","meta":{"_acf_changed":false,"_tribe_events_status":"","_tribe_events_status_reason":"","_tribe_events_is_hybrid":"","_tribe_events_is_virtual":"","_tribe_events_virtual_video_source":"","_tribe_events_virtual_embed_video":"","_tribe_events_virtual_linked_button_text":"","_tribe_events_virtual_linked_button":"","_tribe_events_virtual_show_embed_at":"","_tribe_events_virtual_show_embed_to":[],"_tribe_events_virtual_show_on_event":"","_tribe_events_virtual_show_on_views":"","_tribe_events_virtual_url":"","footnotes":""},"tags":[70],"tribe_events_cat":[23],"class_list":["post-7128","tribe_events","type-tribe_events","status-publish","hentry","tag-cisd","tribe_events_cat-conferences-et-presentations","cat_conferences-et-presentations"],"acf":[],"_links":{"self":[{"href":"https:\/\/www.uqac.ca\/calendrier\/wp-json\/wp\/v2\/tribe_events\/7128","targetHints":{"allow":["GET"]}}],"collection":[{"href":"https:\/\/www.uqac.ca\/calendrier\/wp-json\/wp\/v2\/tribe_events"}],"about":[{"href":"https:\/\/www.uqac.ca\/calendrier\/wp-json\/wp\/v2\/types\/tribe_events"}],"author":[{"embeddable":true,"href":"https:\/\/www.uqac.ca\/calendrier\/wp-json\/wp\/v2\/users\/18"}],"version-history":[{"count":3,"href":"https:\/\/www.uqac.ca\/calendrier\/wp-json\/wp\/v2\/tribe_events\/7128\/revisions"}],"predecessor-version":[{"id":7132,"href":"https:\/\/www.uqac.ca\/calendrier\/wp-json\/wp\/v2\/tribe_events\/7128\/revisions\/7132"}],"wp:attachment":[{"href":"https:\/\/www.uqac.ca\/calendrier\/wp-json\/wp\/v2\/media?parent=7128"}],"wp:term":[{"taxonomy":"post_tag","embeddable":true,"href":"https:\/\/www.uqac.ca\/calendrier\/wp-json\/wp\/v2\/tags?post=7128"},{"taxonomy":"tribe_events_cat","embeddable":true,"href":"https:\/\/www.uqac.ca\/calendrier\/wp-json\/wp\/v2\/tribe_events_cat?post=7128"}],"curies":[{"name":"wp","href":"https:\/\/api.w.org\/{rel}","templated":true}]}}

Conférence scientifique | La thérapie via l&rsquo;horticulture en santé mentale

<p><img loading="lazy" decoding="async" class="alignnone wp-image-7129 size-large" src="https://www.uqac.ca/calendrier/wp-content/uploads/2025/04/NUM_ConferenceScientifique14maiH25_PubTv1920x1080-1024x576.jpg" alt="" width="1024" height="576" srcset="https://www.uqac.ca/calendrier/wp-content/uploads/2025/04/NUM_ConferenceScientifique14maiH25_PubTv1920x1080-1024x576.jpg 1024w, https://www.uqac.ca/calendrier/wp-content/uploads/2025/04/NUM_ConferenceScientifique14maiH25_PubTv1920x1080-300x169.jpg 300w, https://www.uqac.ca/calendrier/wp-content/uploads/2025/04/NUM_ConferenceScientifique14maiH25_PubTv1920x1080-768x432.jpg 768w, https://www.uqac.ca/calendrier/wp-content/uploads/2025/04/NUM_ConferenceScientifique14maiH25_PubTv1920x1080.jpg 1200w" sizes="auto, (max-width: 1024px) 100vw, 1024px" /></p>
<p>Le Centre intersectoriel en santé durable (CISD) de l&rsquo;UQAC propose à la communauté universitaire d&rsquo;assister à la conférence « La thérapie via l&rsquo;horticulture en santé mentale » de Cassandre Ville.</p>
<p>En présence au P0-7500<br />
En ligne au lien suivant : <a href="https://uqac.zoom.us/my/cisd.uqac" target="_blank" rel="noopener">uqac.zoom.us/my/cisd.uqac</a></p>

<p>Le Centre intersectoriel en santé durable (CISD) de l&rsquo;UQAC propose à la communauté universitaire d&rsquo;assister à la conférence « La thérapie via l&rsquo;horticulture en santé mentale » de Cassandre Ville. [&hellip;]</p>
