{"id":7402,"date":"2025-09-11T16:05:17","date_gmt":"2025-09-11T20:05:17","guid":{"rendered":"https:\/\/www.uqac.ca\/calendrier\/?post_type=tribe_events&#038;p=7402"},"modified":"2025-09-11T16:05:25","modified_gmt":"2025-09-11T20:05:25","slug":"soutenance-de-these-de-nancie-chevrette-etudiante-au-doctorat-en-management-de-projet","status":"publish","type":"tribe_events","link":"https:\/\/www.uqac.ca\/calendrier\/evenement\/soutenance-de-these-de-nancie-chevrette-etudiante-au-doctorat-en-management-de-projet\/","title":{"rendered":"Soutenance de th\u00e8se de Nancie Chevrette, \u00e9tudiante au doctorat en management de projet"},"content":{"rendered":"<p><strong>CANDIDATE<\/strong><br \/>\nNancie Chevrette<\/p>\n<p><strong>PROGRAMME<\/strong><br \/>\nDoctorat en management de projets<\/p>\n<p><strong>TITRE DE LA TH\u00c8SE<\/strong><br \/>\nLa capacit\u00e9 d\u2019absorption des cadres interm\u00e9diaires et de leurs employ\u00e9s dans la mise en \u0153uvre des projets \u2013 Le cas d\u2019une institution financi\u00e8re<\/p>\n<p><strong>DIRECTION DE RECHERCHE<\/strong><br \/>\n\u00c9ric Jean, UQAC<\/p>\n<p><strong>JURY D\u2019\u00c9VALUATION<\/strong><br \/>\nChristophe Bredillet, UQTR<br \/>\nSanaa El Boukri, UQAM<\/p>\n<p><strong>PR\u00c9SIDENCE DU JURY<\/strong><br \/>\nSonia Boivin, UQAC<\/p>\n<p><strong>DIRECTION DE PROGRAMME<\/strong><br \/>\nPhilippe Boigey, UQAC<\/p>\n<p>&nbsp;<\/p>\n<p>Pour participer en ligne : <a href=\"https:\/\/uqac.zoom.us\/my\/soutenancedethese\" target=\"_blank\" rel=\"noopener\">https:\/\/uqac.zoom.us\/my\/soutenancedethese<\/a><br \/>\n*veuillez vous connecter 30 minutes avant le d\u00e9but de la soutenance<\/p>\n","protected":false},"excerpt":{"rendered":"<p>CANDIDATE Nancie Chevrette PROGRAMME Doctorat en management de projets TITRE DE LA TH\u00c8SE La capacit\u00e9 d\u2019absorption des cadres interm\u00e9diaires et de leurs employ\u00e9s dans la mise en \u0153uvre des projets [&hellip;]<\/p>\n","protected":false},"author":36,"featured_media":0,"template":"","meta":{"_acf_changed":false,"_tribe_events_status":"","_tribe_events_status_reason":"","_tribe_events_is_hybrid":"","_tribe_events_is_virtual":"","_tribe_events_virtual_video_source":"","_tribe_events_virtual_embed_video":"","_tribe_events_virtual_linked_button_text":"","_tribe_events_virtual_linked_button":"","_tribe_events_virtual_show_embed_at":"","_tribe_events_virtual_show_embed_to":[],"_tribe_events_virtual_show_on_event":"","_tribe_events_virtual_show_on_views":"","_tribe_events_virtual_url":"","footnotes":""},"tags":[32,166,48,37],"tribe_events_cat":[26],"class_list":["post-7402","tribe_events","type-tribe_events","status-publish","hentry","tag-dsea","tag-management-de-projet","tag-soutenance","tag-these","tribe_events_cat-enseignement-rechercher-et-formation","cat_enseignement-rechercher-et-formation"],"acf":[],"_links":{"self":[{"href":"https:\/\/www.uqac.ca\/calendrier\/wp-json\/wp\/v2\/tribe_events\/7402","targetHints":{"allow":["GET"]}}],"collection":[{"href":"https:\/\/www.uqac.ca\/calendrier\/wp-json\/wp\/v2\/tribe_events"}],"about":[{"href":"https:\/\/www.uqac.ca\/calendrier\/wp-json\/wp\/v2\/types\/tribe_events"}],"author":[{"embeddable":true,"href":"https:\/\/www.uqac.ca\/calendrier\/wp-json\/wp\/v2\/users\/36"}],"version-history":[{"count":2,"href":"https:\/\/www.uqac.ca\/calendrier\/wp-json\/wp\/v2\/tribe_events\/7402\/revisions"}],"predecessor-version":[{"id":7404,"href":"https:\/\/www.uqac.ca\/calendrier\/wp-json\/wp\/v2\/tribe_events\/7402\/revisions\/7404"}],"wp:attachment":[{"href":"https:\/\/www.uqac.ca\/calendrier\/wp-json\/wp\/v2\/media?parent=7402"}],"wp:term":[{"taxonomy":"post_tag","embeddable":true,"href":"https:\/\/www.uqac.ca\/calendrier\/wp-json\/wp\/v2\/tags?post=7402"},{"taxonomy":"tribe_events_cat","embeddable":true,"href":"https:\/\/www.uqac.ca\/calendrier\/wp-json\/wp\/v2\/tribe_events_cat?post=7402"}],"curies":[{"name":"wp","href":"https:\/\/api.w.org\/{rel}","templated":true}]}}

Soutenance de thèse de Nancie Chevrette, étudiante au doctorat en management de projet

<p><strong>CANDIDATE</strong><br />
Nancie Chevrette</p>
<p><strong>PROGRAMME</strong><br />
Doctorat en management de projets</p>
<p><strong>TITRE DE LA THÈSE</strong><br />
La capacité d’absorption des cadres intermédiaires et de leurs employés dans la mise en œuvre des projets – Le cas d’une institution financière</p>
<p><strong>DIRECTION DE RECHERCHE</strong><br />
Éric Jean, UQAC</p>
<p><strong>JURY D’ÉVALUATION</strong><br />
Christophe Bredillet, UQTR<br />
Sanaa El Boukri, UQAM</p>
<p><strong>PRÉSIDENCE DU JURY</strong><br />
Sonia Boivin, UQAC</p>
<p><strong>DIRECTION DE PROGRAMME</strong><br />
Philippe Boigey, UQAC</p>
<p>&nbsp;</p>
<p>Pour participer en ligne : <a href="https://uqac.zoom.us/my/soutenancedethese" target="_blank" rel="noopener">https://uqac.zoom.us/my/soutenancedethese</a><br />
*veuillez vous connecter 30 minutes avant le début de la soutenance</p>

<p>CANDIDATE Nancie Chevrette PROGRAMME Doctorat en management de projets TITRE DE LA THÈSE La capacité d’absorption des cadres intermédiaires et de leurs employés dans la mise en œuvre des projets [&hellip;]</p>
