{"id":7466,"date":"2025-09-25T11:03:56","date_gmt":"2025-09-25T15:03:56","guid":{"rendered":"https:\/\/www.uqac.ca\/calendrier\/?post_type=tribe_events&#038;p=7466"},"modified":"2025-09-25T11:04:26","modified_gmt":"2025-09-25T15:04:26","slug":"vernissage-de-lexposition-hydrotherapie-de-alexia-laferte-coutu","status":"publish","type":"tribe_events","link":"https:\/\/www.uqac.ca\/calendrier\/evenement\/vernissage-de-lexposition-hydrotherapie-de-alexia-laferte-coutu\/","title":{"rendered":"Vernissage de l&rsquo;exposition Hydroth\u00e9rapie de Alexia Lafert\u00e9 Coutu"},"content":{"rendered":"<p>La Galerie l\u2019\u0152uvre de L\u2019Autre de L\u2019UQAC pr\u00e9sente l\u2019exposition de l\u2019artiste Alexia Lafert\u00e9 Coutu <em>Hydroth\u00e9rapie<\/em> du 1<sup>er<\/sup> octobre au 20 novembre.<\/p>\n<p>Joignez-vous au vernissage de l&rsquo;exposition le 1<sup>er<\/sup> octobre \u00e0 17 h.<\/p>\n<p>Pour plus de d\u00e9tails: <strong><a href=\"https:\/\/www.uqac.ca\/galerie\/\">https:\/\/www.uqac.ca\/galerie\/<\/a><\/strong><\/p>\n","protected":false},"excerpt":{"rendered":"<p>La Galerie l\u2019\u0152uvre de L\u2019Autre de L\u2019UQAC pr\u00e9sente l\u2019exposition de l\u2019artiste Alexia Lafert\u00e9 Coutu Hydroth\u00e9rapie du 1er octobre au 20 novembre. Joignez-vous au vernissage de l&rsquo;exposition le 1er octobre \u00e0 [&hellip;]<\/p>\n","protected":false},"author":36,"featured_media":0,"template":"","meta":{"_acf_changed":false,"_tribe_events_status":"","_tribe_events_status_reason":"","_tribe_events_is_hybrid":"","_tribe_events_is_virtual":"","_tribe_events_virtual_video_source":"","_tribe_events_virtual_embed_video":"","_tribe_events_virtual_linked_button_text":"","_tribe_events_virtual_linked_button":"","_tribe_events_virtual_show_embed_at":"","_tribe_events_virtual_show_embed_to":[],"_tribe_events_virtual_show_on_event":"","_tribe_events_virtual_show_on_views":"","_tribe_events_virtual_url":"","footnotes":""},"tags":[101],"tribe_events_cat":[17],"class_list":["post-7466","tribe_events","type-tribe_events","status-publish","hentry","tag-dall","tribe_events_cat-arts-et-performances","cat_arts-et-performances"],"acf":[],"_links":{"self":[{"href":"https:\/\/www.uqac.ca\/calendrier\/wp-json\/wp\/v2\/tribe_events\/7466","targetHints":{"allow":["GET"]}}],"collection":[{"href":"https:\/\/www.uqac.ca\/calendrier\/wp-json\/wp\/v2\/tribe_events"}],"about":[{"href":"https:\/\/www.uqac.ca\/calendrier\/wp-json\/wp\/v2\/types\/tribe_events"}],"author":[{"embeddable":true,"href":"https:\/\/www.uqac.ca\/calendrier\/wp-json\/wp\/v2\/users\/36"}],"version-history":[{"count":2,"href":"https:\/\/www.uqac.ca\/calendrier\/wp-json\/wp\/v2\/tribe_events\/7466\/revisions"}],"predecessor-version":[{"id":7468,"href":"https:\/\/www.uqac.ca\/calendrier\/wp-json\/wp\/v2\/tribe_events\/7466\/revisions\/7468"}],"wp:attachment":[{"href":"https:\/\/www.uqac.ca\/calendrier\/wp-json\/wp\/v2\/media?parent=7466"}],"wp:term":[{"taxonomy":"post_tag","embeddable":true,"href":"https:\/\/www.uqac.ca\/calendrier\/wp-json\/wp\/v2\/tags?post=7466"},{"taxonomy":"tribe_events_cat","embeddable":true,"href":"https:\/\/www.uqac.ca\/calendrier\/wp-json\/wp\/v2\/tribe_events_cat?post=7466"}],"curies":[{"name":"wp","href":"https:\/\/api.w.org\/{rel}","templated":true}]}}

Vernissage de l&rsquo;exposition Hydrothérapie de Alexia Laferté Coutu

<p>La Galerie l’Œuvre de L’Autre de L’UQAC présente l’exposition de l’artiste Alexia Laferté Coutu <em>Hydrothérapie</em> du 1<sup>er</sup> octobre au 20 novembre.</p>
<p>Joignez-vous au vernissage de l&rsquo;exposition le 1<sup>er</sup> octobre à 17 h.</p>
<p>Pour plus de détails: <strong><a href="https://www.uqac.ca/galerie/">https://www.uqac.ca/galerie/</a></strong></p>

<p>La Galerie l’Œuvre de L’Autre de L’UQAC présente l’exposition de l’artiste Alexia Laferté Coutu Hydrothérapie du 1er octobre au 20 novembre. Joignez-vous au vernissage de l&rsquo;exposition le 1er octobre à [&hellip;]</p>
