{"id":7476,"date":"2025-09-26T14:43:29","date_gmt":"2025-09-26T18:43:29","guid":{"rendered":"https:\/\/www.uqac.ca\/calendrier\/?post_type=tribe_events&#038;p=7476"},"modified":"2025-09-29T14:12:43","modified_gmt":"2025-09-29T18:12:43","slug":"cinema-en-plein-air","status":"publish","type":"tribe_events","link":"https:\/\/www.uqac.ca\/calendrier\/evenement\/cinema-en-plein-air\/","title":{"rendered":"Cin\u00e9ma en plein air"},"content":{"rendered":"<p><img loading=\"lazy\" decoding=\"async\" class=\"alignnone wp-image-7477\" src=\"https:\/\/www.uqac.ca\/calendrier\/wp-content\/uploads\/2025\/09\/AffichagePaysageCinema_ComiteVert-300x169.jpg\" alt=\"\" width=\"400\" height=\"225\" srcset=\"https:\/\/www.uqac.ca\/calendrier\/wp-content\/uploads\/2025\/09\/AffichagePaysageCinema_ComiteVert-300x169.jpg 300w, https:\/\/www.uqac.ca\/calendrier\/wp-content\/uploads\/2025\/09\/AffichagePaysageCinema_ComiteVert-1024x576.jpg 1024w, https:\/\/www.uqac.ca\/calendrier\/wp-content\/uploads\/2025\/09\/AffichagePaysageCinema_ComiteVert-768x432.jpg 768w, https:\/\/www.uqac.ca\/calendrier\/wp-content\/uploads\/2025\/09\/AffichagePaysageCinema_ComiteVert.jpg 1200w\" sizes=\"auto, (max-width: 400px) 100vw, 400px\" \/><\/p>\n<p>Le Comit\u00e9 Vert de l&rsquo;UQAC organise un cin\u00e9ma en plein air le 9 octobre 2025 \u00e0 19 h ! L\u2019\u00e9v\u00e9nement aura lieu sur le campus de l&rsquo;UQAC, dans la cour arri\u00e8re du Pavillon principal. Cette activit\u00e9 gratuite est ouverte \u00e0 toutes et \u00e0 tous !<\/p>\n<p>Le film pr\u00e9sent\u00e9, <em>Demain, la vall\u00e9e<\/em>, aborde les visions des agriculteurs face aux paysages en transformation dans les montagnes fran\u00e7aises. Beau temps comme mauvais temps, apportez tout le n\u00e9cessaire pour rester confortable et au chaud ! Au plaisir de vous y voir !<\/p>\n","protected":false},"excerpt":{"rendered":"<p>Le Comit\u00e9 Vert de l&rsquo;UQAC organise un cin\u00e9ma en plein air le 9 octobre 2025 \u00e0 19 h ! L\u2019\u00e9v\u00e9nement aura lieu sur le campus de l&rsquo;UQAC, dans la cour [&hellip;]<\/p>\n","protected":false},"author":36,"featured_media":0,"template":"","meta":{"_acf_changed":false,"_tribe_events_status":"","_tribe_events_status_reason":"","_tribe_events_is_hybrid":"","_tribe_events_is_virtual":"","_tribe_events_virtual_video_source":"","_tribe_events_virtual_embed_video":"","_tribe_events_virtual_linked_button_text":"","_tribe_events_virtual_linked_button":"","_tribe_events_virtual_show_embed_at":"","_tribe_events_virtual_show_embed_to":[],"_tribe_events_virtual_show_on_event":"","_tribe_events_virtual_show_on_views":"","_tribe_events_virtual_url":"","footnotes":""},"tags":[],"tribe_events_cat":[143],"class_list":["post-7476","tribe_events","type-tribe_events","status-publish","hentry","tribe_events_cat-vie-etudiante","cat_vie-etudiante"],"acf":[],"_links":{"self":[{"href":"https:\/\/www.uqac.ca\/calendrier\/wp-json\/wp\/v2\/tribe_events\/7476","targetHints":{"allow":["GET"]}}],"collection":[{"href":"https:\/\/www.uqac.ca\/calendrier\/wp-json\/wp\/v2\/tribe_events"}],"about":[{"href":"https:\/\/www.uqac.ca\/calendrier\/wp-json\/wp\/v2\/types\/tribe_events"}],"author":[{"embeddable":true,"href":"https:\/\/www.uqac.ca\/calendrier\/wp-json\/wp\/v2\/users\/36"}],"version-history":[{"count":3,"href":"https:\/\/www.uqac.ca\/calendrier\/wp-json\/wp\/v2\/tribe_events\/7476\/revisions"}],"predecessor-version":[{"id":7484,"href":"https:\/\/www.uqac.ca\/calendrier\/wp-json\/wp\/v2\/tribe_events\/7476\/revisions\/7484"}],"wp:attachment":[{"href":"https:\/\/www.uqac.ca\/calendrier\/wp-json\/wp\/v2\/media?parent=7476"}],"wp:term":[{"taxonomy":"post_tag","embeddable":true,"href":"https:\/\/www.uqac.ca\/calendrier\/wp-json\/wp\/v2\/tags?post=7476"},{"taxonomy":"tribe_events_cat","embeddable":true,"href":"https:\/\/www.uqac.ca\/calendrier\/wp-json\/wp\/v2\/tribe_events_cat?post=7476"}],"curies":[{"name":"wp","href":"https:\/\/api.w.org\/{rel}","templated":true}]}}

Cinéma en plein air

<p><img loading="lazy" decoding="async" class="alignnone wp-image-7477" src="https://www.uqac.ca/calendrier/wp-content/uploads/2025/09/AffichagePaysageCinema_ComiteVert-300x169.jpg" alt="" width="400" height="225" srcset="https://www.uqac.ca/calendrier/wp-content/uploads/2025/09/AffichagePaysageCinema_ComiteVert-300x169.jpg 300w, https://www.uqac.ca/calendrier/wp-content/uploads/2025/09/AffichagePaysageCinema_ComiteVert-1024x576.jpg 1024w, https://www.uqac.ca/calendrier/wp-content/uploads/2025/09/AffichagePaysageCinema_ComiteVert-768x432.jpg 768w, https://www.uqac.ca/calendrier/wp-content/uploads/2025/09/AffichagePaysageCinema_ComiteVert.jpg 1200w" sizes="auto, (max-width: 400px) 100vw, 400px" /></p>
<p>Le Comité Vert de l&rsquo;UQAC organise un cinéma en plein air le 9 octobre 2025 à 19 h ! L’événement aura lieu sur le campus de l&rsquo;UQAC, dans la cour arrière du Pavillon principal. Cette activité gratuite est ouverte à toutes et à tous !</p>
<p>Le film présenté, <em>Demain, la vallée</em>, aborde les visions des agriculteurs face aux paysages en transformation dans les montagnes françaises. Beau temps comme mauvais temps, apportez tout le nécessaire pour rester confortable et au chaud ! Au plaisir de vous y voir !</p>

<p>Le Comité Vert de l&rsquo;UQAC organise un cinéma en plein air le 9 octobre 2025 à 19 h ! L’événement aura lieu sur le campus de l&rsquo;UQAC, dans la cour [&hellip;]</p>
