{"id":7674,"date":"2025-10-15T08:21:28","date_gmt":"2025-10-15T12:21:28","guid":{"rendered":"https:\/\/www.uqac.ca\/calendrier\/?post_type=tribe_events&#038;p=7674"},"modified":"2025-10-15T08:22:41","modified_gmt":"2025-10-15T12:22:41","slug":"1718e-dejeuner-conference-de-la-fuqac-a-la-rencontre-de-nouveaux-professeurs","status":"publish","type":"tribe_events","link":"https:\/\/www.uqac.ca\/calendrier\/evenement\/1718e-dejeuner-conference-de-la-fuqac-a-la-rencontre-de-nouveaux-professeurs\/","title":{"rendered":"1718e D\u00e9jeuner-conf\u00e9rence de la FUQAC &#8211; \u00c0 la rencontre de nouveaux professeurs"},"content":{"rendered":"<p><a href=\"https:\/\/fuqac.ca\/presentation-de-nouveaux-professeurs-a25\/\"><img loading=\"lazy\" decoding=\"async\" class=\"alignnone wp-image-7677\" src=\"https:\/\/www.uqac.ca\/calendrier\/wp-content\/uploads\/2025\/10\/1718-Dejeuner_FUQAC_INFOLETTRE-300x169.jpg\" alt=\"\" width=\"440\" height=\"248\" srcset=\"https:\/\/www.uqac.ca\/calendrier\/wp-content\/uploads\/2025\/10\/1718-Dejeuner_FUQAC_INFOLETTRE-300x169.jpg 300w, https:\/\/www.uqac.ca\/calendrier\/wp-content\/uploads\/2025\/10\/1718-Dejeuner_FUQAC_INFOLETTRE-1024x576.jpg 1024w, https:\/\/www.uqac.ca\/calendrier\/wp-content\/uploads\/2025\/10\/1718-Dejeuner_FUQAC_INFOLETTRE-768x432.jpg 768w, https:\/\/www.uqac.ca\/calendrier\/wp-content\/uploads\/2025\/10\/1718-Dejeuner_FUQAC_INFOLETTRE.jpg 1200w\" sizes=\"auto, (max-width: 440px) 100vw, 440px\" \/><\/a><\/p>\n<p>Lien Zoom pour participer en ligne: <strong><a href=\"https:\/\/uqac.zoom.us\/j\/81801821147\" target=\"_blank\" rel=\"noopener\">https:\/\/uqac.zoom.us\/j\/81801821147<\/a><\/strong><\/p>\n<p>Pour plus d&rsquo;information: <strong><a href=\"https:\/\/fuqac.ca\/presentation-de-nouveaux-professeurs-a25\/\">https:\/\/fuqac.ca\/presentation-de-nouveaux-professeurs-a25\/\u00a0<\/a><\/strong><\/p>\n","protected":false},"excerpt":{"rendered":"<p>Lien Zoom pour participer en ligne: https:\/\/uqac.zoom.us\/j\/81801821147 Pour plus d&rsquo;information: https:\/\/fuqac.ca\/presentation-de-nouveaux-professeurs-a25\/\u00a0<\/p>\n","protected":false},"author":36,"featured_media":0,"template":"","meta":{"_acf_changed":false,"_tribe_events_status":"","_tribe_events_status_reason":"","_tribe_events_is_hybrid":"","_tribe_events_is_virtual":"","_tribe_events_virtual_video_source":"","_tribe_events_virtual_embed_video":"","_tribe_events_virtual_linked_button_text":"","_tribe_events_virtual_linked_button":"","_tribe_events_virtual_show_embed_at":"","_tribe_events_virtual_show_embed_to":[],"_tribe_events_virtual_show_on_event":"","_tribe_events_virtual_show_on_views":"","_tribe_events_virtual_url":"","footnotes":""},"tags":[30,33,170],"tribe_events_cat":[23],"class_list":["post-7674","tribe_events","type-tribe_events","status-publish","hentry","tag-dse","tag-dsf","tag-fuqac","tribe_events_cat-conferences-et-presentations","cat_conferences-et-presentations"],"acf":[],"_links":{"self":[{"href":"https:\/\/www.uqac.ca\/calendrier\/wp-json\/wp\/v2\/tribe_events\/7674","targetHints":{"allow":["GET"]}}],"collection":[{"href":"https:\/\/www.uqac.ca\/calendrier\/wp-json\/wp\/v2\/tribe_events"}],"about":[{"href":"https:\/\/www.uqac.ca\/calendrier\/wp-json\/wp\/v2\/types\/tribe_events"}],"author":[{"embeddable":true,"href":"https:\/\/www.uqac.ca\/calendrier\/wp-json\/wp\/v2\/users\/36"}],"version-history":[{"count":6,"href":"https:\/\/www.uqac.ca\/calendrier\/wp-json\/wp\/v2\/tribe_events\/7674\/revisions"}],"predecessor-version":[{"id":7683,"href":"https:\/\/www.uqac.ca\/calendrier\/wp-json\/wp\/v2\/tribe_events\/7674\/revisions\/7683"}],"wp:attachment":[{"href":"https:\/\/www.uqac.ca\/calendrier\/wp-json\/wp\/v2\/media?parent=7674"}],"wp:term":[{"taxonomy":"post_tag","embeddable":true,"href":"https:\/\/www.uqac.ca\/calendrier\/wp-json\/wp\/v2\/tags?post=7674"},{"taxonomy":"tribe_events_cat","embeddable":true,"href":"https:\/\/www.uqac.ca\/calendrier\/wp-json\/wp\/v2\/tribe_events_cat?post=7674"}],"curies":[{"name":"wp","href":"https:\/\/api.w.org\/{rel}","templated":true}]}}

1718e Déjeuner-conférence de la FUQAC &#8211; À la rencontre de nouveaux professeurs
