{"id":7697,"date":"2025-10-20T08:21:42","date_gmt":"2025-10-20T12:21:42","guid":{"rendered":"https:\/\/www.uqac.ca\/calendrier\/?post_type=tribe_events&#038;p=7697"},"modified":"2025-10-20T08:34:05","modified_gmt":"2025-10-20T12:34:05","slug":"entretien-1989-le-communisme-au-quotidien-et-la-decouverte-de-la-liberte-avec-bogdan-stefan-jerome-gagnon-et-michael-la-chance","status":"publish","type":"tribe_events","link":"https:\/\/www.uqac.ca\/calendrier\/evenement\/entretien-1989-le-communisme-au-quotidien-et-la-decouverte-de-la-liberte-avec-bogdan-stefan-jerome-gagnon-et-michael-la-chance\/","title":{"rendered":"Entretien \u00ab 1989. Le communisme au quotidien et la d\u00e9couverte de la libert\u00e9 \u00bb avec Bogdan Stefan, J\u00e9r\u00f4me Gagnon et Micha\u00ebl La Chance"},"content":{"rendered":"<p><img loading=\"lazy\" decoding=\"async\" class=\"alignnone wp-image-7698\" src=\"https:\/\/www.uqac.ca\/calendrier\/wp-content\/uploads\/2025\/10\/Entretien-autour-de-1989-182x300.jpg\" alt=\"\" width=\"500\" height=\"823\" srcset=\"https:\/\/www.uqac.ca\/calendrier\/wp-content\/uploads\/2025\/10\/Entretien-autour-de-1989-182x300.jpg 182w, https:\/\/www.uqac.ca\/calendrier\/wp-content\/uploads\/2025\/10\/Entretien-autour-de-1989-622x1024.jpg 622w, https:\/\/www.uqac.ca\/calendrier\/wp-content\/uploads\/2025\/10\/Entretien-autour-de-1989-768x1265.jpg 768w, https:\/\/www.uqac.ca\/calendrier\/wp-content\/uploads\/2025\/10\/Entretien-autour-de-1989-933x1536.jpg 933w, https:\/\/www.uqac.ca\/calendrier\/wp-content\/uploads\/2025\/10\/Entretien-autour-de-1989.jpg 1200w\" sizes=\"auto, (max-width: 500px) 100vw, 500px\" \/><\/p>\n<p>La Chaire d\u2019enseignement et de recherche interethniques et interculturels (CERII), dont Micha\u00ebl La Chance est cotitulaire, vous invite \u00e0 assister \u00e0 un entretien autour de l\u2019ouvrage de Bogdan Stefan <em>1989.<\/em>\u00a0<em>Le communisme racont\u00e9 \u00e0 ceux qui ne l\u2019ont pas v\u00e9cu<\/em> (PUM, 2025), qui sera pr\u00e9sent\u00e9 \u00e0 l\u2019UQAC (salle P0-7500) le jeudi 23 octobre, de 19 h \u00e0 21 h 30. \u00c0 cette occasion, Bogdan Stefan s\u2019entretiendra avec J\u00e9r\u00f4me Gagnon et Micha\u00ebl La Chance (CELAT).<\/p>\n","protected":false},"excerpt":{"rendered":"<p>La Chaire d\u2019enseignement et de recherche interethniques et interculturels (CERII), dont Micha\u00ebl La Chance est cotitulaire, vous invite \u00e0 assister \u00e0 un entretien autour de l\u2019ouvrage de Bogdan Stefan 1989.\u00a0Le [&hellip;]<\/p>\n","protected":false},"author":36,"featured_media":0,"template":"","meta":{"_acf_changed":false,"_tribe_events_status":"","_tribe_events_status_reason":"","_tribe_events_is_hybrid":"","_tribe_events_is_virtual":"","_tribe_events_virtual_video_source":"","_tribe_events_virtual_embed_video":"","_tribe_events_virtual_linked_button_text":"","_tribe_events_virtual_linked_button":"","_tribe_events_virtual_show_embed_at":"","_tribe_events_virtual_show_embed_to":[],"_tribe_events_virtual_show_on_event":"","_tribe_events_virtual_show_on_views":"","_tribe_events_virtual_url":"","footnotes":""},"tags":[101],"tribe_events_cat":[23],"class_list":["post-7697","tribe_events","type-tribe_events","status-publish","hentry","tag-dall","tribe_events_cat-conferences-et-presentations","cat_conferences-et-presentations"],"acf":[],"_links":{"self":[{"href":"https:\/\/www.uqac.ca\/calendrier\/wp-json\/wp\/v2\/tribe_events\/7697","targetHints":{"allow":["GET"]}}],"collection":[{"href":"https:\/\/www.uqac.ca\/calendrier\/wp-json\/wp\/v2\/tribe_events"}],"about":[{"href":"https:\/\/www.uqac.ca\/calendrier\/wp-json\/wp\/v2\/types\/tribe_events"}],"author":[{"embeddable":true,"href":"https:\/\/www.uqac.ca\/calendrier\/wp-json\/wp\/v2\/users\/36"}],"version-history":[{"count":5,"href":"https:\/\/www.uqac.ca\/calendrier\/wp-json\/wp\/v2\/tribe_events\/7697\/revisions"}],"predecessor-version":[{"id":7703,"href":"https:\/\/www.uqac.ca\/calendrier\/wp-json\/wp\/v2\/tribe_events\/7697\/revisions\/7703"}],"wp:attachment":[{"href":"https:\/\/www.uqac.ca\/calendrier\/wp-json\/wp\/v2\/media?parent=7697"}],"wp:term":[{"taxonomy":"post_tag","embeddable":true,"href":"https:\/\/www.uqac.ca\/calendrier\/wp-json\/wp\/v2\/tags?post=7697"},{"taxonomy":"tribe_events_cat","embeddable":true,"href":"https:\/\/www.uqac.ca\/calendrier\/wp-json\/wp\/v2\/tribe_events_cat?post=7697"}],"curies":[{"name":"wp","href":"https:\/\/api.w.org\/{rel}","templated":true}]}}

Entretien « 1989. Le communisme au quotidien et la découverte de la liberté » avec Bogdan Stefan, Jérôme Gagnon et Michaël La Chance

<p><img loading="lazy" decoding="async" class="alignnone wp-image-7698" src="https://www.uqac.ca/calendrier/wp-content/uploads/2025/10/Entretien-autour-de-1989-182x300.jpg" alt="" width="500" height="823" srcset="https://www.uqac.ca/calendrier/wp-content/uploads/2025/10/Entretien-autour-de-1989-182x300.jpg 182w, https://www.uqac.ca/calendrier/wp-content/uploads/2025/10/Entretien-autour-de-1989-622x1024.jpg 622w, https://www.uqac.ca/calendrier/wp-content/uploads/2025/10/Entretien-autour-de-1989-768x1265.jpg 768w, https://www.uqac.ca/calendrier/wp-content/uploads/2025/10/Entretien-autour-de-1989-933x1536.jpg 933w, https://www.uqac.ca/calendrier/wp-content/uploads/2025/10/Entretien-autour-de-1989.jpg 1200w" sizes="auto, (max-width: 500px) 100vw, 500px" /></p>
<p>La Chaire d’enseignement et de recherche interethniques et interculturels (CERII), dont Michaël La Chance est cotitulaire, vous invite à assister à un entretien autour de l’ouvrage de Bogdan Stefan <em>1989.</em> <em>Le communisme raconté à ceux qui ne l’ont pas vécu</em> (PUM, 2025), qui sera présenté à l’UQAC (salle P0-7500) le jeudi 23 octobre, de 19 h à 21 h 30. À cette occasion, Bogdan Stefan s’entretiendra avec Jérôme Gagnon et Michaël La Chance (CELAT).</p>

<p>La Chaire d’enseignement et de recherche interethniques et interculturels (CERII), dont Michaël La Chance est cotitulaire, vous invite à assister à un entretien autour de l’ouvrage de Bogdan Stefan 1989. Le [&hellip;]</p>
