{"id":7730,"date":"2025-10-23T08:33:36","date_gmt":"2025-10-23T12:33:36","guid":{"rendered":"https:\/\/www.uqac.ca\/calendrier\/?post_type=tribe_events&#038;p=7730"},"modified":"2025-10-23T08:33:36","modified_gmt":"2025-10-23T12:33:36","slug":"lancement-de-la-2e-saison-du-balado-sans-detour","status":"publish","type":"tribe_events","link":"https:\/\/www.uqac.ca\/calendrier\/evenement\/lancement-de-la-2e-saison-du-balado-sans-detour\/","title":{"rendered":"Lancement de la 2e saison du balado Sans D\u00e9tour"},"content":{"rendered":"<p><img loading=\"lazy\" decoding=\"async\" class=\"alignnone wp-image-7731\" src=\"https:\/\/www.uqac.ca\/calendrier\/wp-content\/uploads\/2025\/10\/NUM_jOrientation_sansdetour-300x169.jpg\" alt=\"\" width=\"475\" height=\"267\" srcset=\"https:\/\/www.uqac.ca\/calendrier\/wp-content\/uploads\/2025\/10\/NUM_jOrientation_sansdetour-300x169.jpg 300w, https:\/\/www.uqac.ca\/calendrier\/wp-content\/uploads\/2025\/10\/NUM_jOrientation_sansdetour-1024x576.jpg 1024w, https:\/\/www.uqac.ca\/calendrier\/wp-content\/uploads\/2025\/10\/NUM_jOrientation_sansdetour-768x432.jpg 768w, https:\/\/www.uqac.ca\/calendrier\/wp-content\/uploads\/2025\/10\/NUM_jOrientation_sansdetour.jpg 1200w\" sizes=\"auto, (max-width: 475px) 100vw, 475px\" \/><\/p>\n<p><strong>Le Balado Sans D\u00e9tour des Services aux \u00e9tudiants fait son grand retour !<\/strong><\/p>\n<p>Dans le cadre des Journ\u00e9es de l\u2019orientation, assistez au lancement de la 2e saison du balado avec un enregistrement devant public !<\/p>\n<p>Le sujet du jour : Un emploi pendant sa ma\u00eetrise en g\u00e9nie ou en informatique : d\u00e9tour ou raccourci ?<\/p>\n<p>Pour rattraper les \u00e9pisodes de la premi\u00e8re saison : <strong><a href=\"https:\/\/open.spotify.com\/show\/5B6ZE9SfEmXahWfE2sTkbE?si=50eaaa6d911e4dbf\" target=\"_blank\" rel=\"noopener\">https:\/\/open.spotify.com\/show\/5B6ZE9SfEmXahWfE2sTkbE?si=50eaaa6d911e4dbf<\/a><\/strong><\/p>\n","protected":false},"excerpt":{"rendered":"<p>Le Balado Sans D\u00e9tour des Services aux \u00e9tudiants fait son grand retour ! Dans le cadre des Journ\u00e9es de l\u2019orientation, assistez au lancement de la 2e saison du balado avec [&hellip;]<\/p>\n","protected":false},"author":36,"featured_media":0,"template":"","meta":{"_acf_changed":false,"_tribe_events_status":"","_tribe_events_status_reason":"","_tribe_events_is_hybrid":"","_tribe_events_is_virtual":"","_tribe_events_virtual_video_source":"","_tribe_events_virtual_embed_video":"","_tribe_events_virtual_linked_button_text":"","_tribe_events_virtual_linked_button":"","_tribe_events_virtual_show_embed_at":"","_tribe_events_virtual_show_embed_to":[],"_tribe_events_virtual_show_on_event":"","_tribe_events_virtual_show_on_views":"","_tribe_events_virtual_url":"","footnotes":""},"tags":[171],"tribe_events_cat":[143],"class_list":["post-7730","tribe_events","type-tribe_events","status-publish","hentry","tag-sae","tribe_events_cat-vie-etudiante","cat_vie-etudiante"],"acf":[],"_links":{"self":[{"href":"https:\/\/www.uqac.ca\/calendrier\/wp-json\/wp\/v2\/tribe_events\/7730","targetHints":{"allow":["GET"]}}],"collection":[{"href":"https:\/\/www.uqac.ca\/calendrier\/wp-json\/wp\/v2\/tribe_events"}],"about":[{"href":"https:\/\/www.uqac.ca\/calendrier\/wp-json\/wp\/v2\/types\/tribe_events"}],"author":[{"embeddable":true,"href":"https:\/\/www.uqac.ca\/calendrier\/wp-json\/wp\/v2\/users\/36"}],"version-history":[{"count":2,"href":"https:\/\/www.uqac.ca\/calendrier\/wp-json\/wp\/v2\/tribe_events\/7730\/revisions"}],"predecessor-version":[{"id":7735,"href":"https:\/\/www.uqac.ca\/calendrier\/wp-json\/wp\/v2\/tribe_events\/7730\/revisions\/7735"}],"wp:attachment":[{"href":"https:\/\/www.uqac.ca\/calendrier\/wp-json\/wp\/v2\/media?parent=7730"}],"wp:term":[{"taxonomy":"post_tag","embeddable":true,"href":"https:\/\/www.uqac.ca\/calendrier\/wp-json\/wp\/v2\/tags?post=7730"},{"taxonomy":"tribe_events_cat","embeddable":true,"href":"https:\/\/www.uqac.ca\/calendrier\/wp-json\/wp\/v2\/tribe_events_cat?post=7730"}],"curies":[{"name":"wp","href":"https:\/\/api.w.org\/{rel}","templated":true}]}}

Lancement de la 2e saison du balado Sans Détour

<p><img loading="lazy" decoding="async" class="alignnone wp-image-7731" src="https://www.uqac.ca/calendrier/wp-content/uploads/2025/10/NUM_jOrientation_sansdetour-300x169.jpg" alt="" width="475" height="267" srcset="https://www.uqac.ca/calendrier/wp-content/uploads/2025/10/NUM_jOrientation_sansdetour-300x169.jpg 300w, https://www.uqac.ca/calendrier/wp-content/uploads/2025/10/NUM_jOrientation_sansdetour-1024x576.jpg 1024w, https://www.uqac.ca/calendrier/wp-content/uploads/2025/10/NUM_jOrientation_sansdetour-768x432.jpg 768w, https://www.uqac.ca/calendrier/wp-content/uploads/2025/10/NUM_jOrientation_sansdetour.jpg 1200w" sizes="auto, (max-width: 475px) 100vw, 475px" /></p>
<p><strong>Le Balado Sans Détour des Services aux étudiants fait son grand retour !</strong></p>
<p>Dans le cadre des Journées de l’orientation, assistez au lancement de la 2e saison du balado avec un enregistrement devant public !</p>
<p>Le sujet du jour : Un emploi pendant sa maîtrise en génie ou en informatique : détour ou raccourci ?</p>
<p>Pour rattraper les épisodes de la première saison : <strong><a href="https://open.spotify.com/show/5B6ZE9SfEmXahWfE2sTkbE?si=50eaaa6d911e4dbf" target="_blank" rel="noopener">https://open.spotify.com/show/5B6ZE9SfEmXahWfE2sTkbE?si=50eaaa6d911e4dbf</a></strong></p>

<p>Le Balado Sans Détour des Services aux étudiants fait son grand retour ! Dans le cadre des Journées de l’orientation, assistez au lancement de la 2e saison du balado avec [&hellip;]</p>
