{"id":7736,"date":"2025-10-23T13:56:34","date_gmt":"2025-10-23T17:56:34","guid":{"rendered":"https:\/\/www.uqac.ca\/calendrier\/?post_type=tribe_events&#038;p=7736"},"modified":"2025-10-23T13:56:34","modified_gmt":"2025-10-23T17:56:34","slug":"atelier-dinitiation-nvivo-comprendre-et-pratiquer-lanalyse-qualitative-assistee-par-ordinateur-caqdas","status":"publish","type":"tribe_events","link":"https:\/\/www.uqac.ca\/calendrier\/evenement\/atelier-dinitiation-nvivo-comprendre-et-pratiquer-lanalyse-qualitative-assistee-par-ordinateur-caqdas\/","title":{"rendered":"Atelier d&rsquo;initiation NVivo: comprendre et pratiquer l&rsquo;analyse qualitative assist\u00e9e par ordinateur (CAQDAS)"},"content":{"rendered":"<p><img loading=\"lazy\" decoding=\"async\" class=\"alignnone wp-image-7737\" src=\"https:\/\/www.uqac.ca\/calendrier\/wp-content\/uploads\/2025\/10\/NVivo_Com_Affiche_HD-300x169.jpg\" alt=\"\" width=\"475\" height=\"267\" srcset=\"https:\/\/www.uqac.ca\/calendrier\/wp-content\/uploads\/2025\/10\/NVivo_Com_Affiche_HD-300x169.jpg 300w, https:\/\/www.uqac.ca\/calendrier\/wp-content\/uploads\/2025\/10\/NVivo_Com_Affiche_HD-1024x576.jpg 1024w, https:\/\/www.uqac.ca\/calendrier\/wp-content\/uploads\/2025\/10\/NVivo_Com_Affiche_HD-768x432.jpg 768w, https:\/\/www.uqac.ca\/calendrier\/wp-content\/uploads\/2025\/10\/NVivo_Com_Affiche_HD-1536x864.jpg 1536w, https:\/\/www.uqac.ca\/calendrier\/wp-content\/uploads\/2025\/10\/NVivo_Com_Affiche_HD.jpg 1920w\" sizes=\"auto, (max-width: 475px) 100vw, 475px\" \/><\/p>\n<p>Cet atelier, destin\u00e9 aux personnes \u00e9tudiantes de 2e et 3e cycles, propose une exploration critique et appliqu\u00e9e du logiciel NVivo, dans une perspective de d\u00e9veloppement m\u00e9thodologique et r\u00e9flexif.<br \/>\nPour plus de d\u00e9tails sur l\u2019activit\u00e9 et pour vous y inscrire consulter le calendrier des Services de la biblioth\u00e8que: <a href=\"https:\/\/salles.bibliotheque.uqac.ca\/calendar\/\"><strong>https:\/\/salles.bibliotheque.uqac.ca\/calendar\/<\/strong><\/a>.<\/p>\n","protected":false},"excerpt":{"rendered":"<p>Cet atelier, destin\u00e9 aux personnes \u00e9tudiantes de 2e et 3e cycles, propose une exploration critique et appliqu\u00e9e du logiciel NVivo, dans une perspective de d\u00e9veloppement m\u00e9thodologique et r\u00e9flexif. Pour plus [&hellip;]<\/p>\n","protected":false},"author":36,"featured_media":0,"template":"","meta":{"_acf_changed":false,"_tribe_events_status":"","_tribe_events_status_reason":"","_tribe_events_is_hybrid":"","_tribe_events_is_virtual":"","_tribe_events_virtual_video_source":"","_tribe_events_virtual_embed_video":"","_tribe_events_virtual_linked_button_text":"","_tribe_events_virtual_linked_button":"","_tribe_events_virtual_show_embed_at":"","_tribe_events_virtual_show_embed_to":[],"_tribe_events_virtual_show_on_event":"","_tribe_events_virtual_show_on_views":"","_tribe_events_virtual_url":"","footnotes":""},"tags":[],"tribe_events_cat":[145],"class_list":["post-7736","tribe_events","type-tribe_events","status-publish","hentry","tribe_events_cat-atelier-aide-a-lapprentissage","cat_atelier-aide-a-lapprentissage"],"acf":[],"_links":{"self":[{"href":"https:\/\/www.uqac.ca\/calendrier\/wp-json\/wp\/v2\/tribe_events\/7736","targetHints":{"allow":["GET"]}}],"collection":[{"href":"https:\/\/www.uqac.ca\/calendrier\/wp-json\/wp\/v2\/tribe_events"}],"about":[{"href":"https:\/\/www.uqac.ca\/calendrier\/wp-json\/wp\/v2\/types\/tribe_events"}],"author":[{"embeddable":true,"href":"https:\/\/www.uqac.ca\/calendrier\/wp-json\/wp\/v2\/users\/36"}],"version-history":[{"count":2,"href":"https:\/\/www.uqac.ca\/calendrier\/wp-json\/wp\/v2\/tribe_events\/7736\/revisions"}],"predecessor-version":[{"id":7739,"href":"https:\/\/www.uqac.ca\/calendrier\/wp-json\/wp\/v2\/tribe_events\/7736\/revisions\/7739"}],"wp:attachment":[{"href":"https:\/\/www.uqac.ca\/calendrier\/wp-json\/wp\/v2\/media?parent=7736"}],"wp:term":[{"taxonomy":"post_tag","embeddable":true,"href":"https:\/\/www.uqac.ca\/calendrier\/wp-json\/wp\/v2\/tags?post=7736"},{"taxonomy":"tribe_events_cat","embeddable":true,"href":"https:\/\/www.uqac.ca\/calendrier\/wp-json\/wp\/v2\/tribe_events_cat?post=7736"}],"curies":[{"name":"wp","href":"https:\/\/api.w.org\/{rel}","templated":true}]}}

Atelier d&rsquo;initiation NVivo: comprendre et pratiquer l&rsquo;analyse qualitative assistée par ordinateur (CAQDAS)

<p><img loading="lazy" decoding="async" class="alignnone wp-image-7737" src="https://www.uqac.ca/calendrier/wp-content/uploads/2025/10/NVivo_Com_Affiche_HD-300x169.jpg" alt="" width="475" height="267" srcset="https://www.uqac.ca/calendrier/wp-content/uploads/2025/10/NVivo_Com_Affiche_HD-300x169.jpg 300w, https://www.uqac.ca/calendrier/wp-content/uploads/2025/10/NVivo_Com_Affiche_HD-1024x576.jpg 1024w, https://www.uqac.ca/calendrier/wp-content/uploads/2025/10/NVivo_Com_Affiche_HD-768x432.jpg 768w, https://www.uqac.ca/calendrier/wp-content/uploads/2025/10/NVivo_Com_Affiche_HD-1536x864.jpg 1536w, https://www.uqac.ca/calendrier/wp-content/uploads/2025/10/NVivo_Com_Affiche_HD.jpg 1920w" sizes="auto, (max-width: 475px) 100vw, 475px" /></p>
<p>Cet atelier, destiné aux personnes étudiantes de 2e et 3e cycles, propose une exploration critique et appliquée du logiciel NVivo, dans une perspective de développement méthodologique et réflexif.<br />
Pour plus de détails sur l’activité et pour vous y inscrire consulter le calendrier des Services de la bibliothèque: <a href="https://salles.bibliotheque.uqac.ca/calendar/"><strong>https://salles.bibliotheque.uqac.ca/calendar/</strong></a>.</p>

<p>Cet atelier, destiné aux personnes étudiantes de 2e et 3e cycles, propose une exploration critique et appliquée du logiciel NVivo, dans une perspective de développement méthodologique et réflexif. Pour plus [&hellip;]</p>
