{"id":7747,"date":"2025-10-24T11:07:20","date_gmt":"2025-10-24T15:07:20","guid":{"rendered":"https:\/\/www.uqac.ca\/calendrier\/?post_type=tribe_events&#038;p=7747"},"modified":"2025-10-27T10:56:48","modified_gmt":"2025-10-27T14:56:48","slug":"bienvenue-au-refugistan-diffusion-et-temoignage","status":"publish","type":"tribe_events","link":"https:\/\/www.uqac.ca\/calendrier\/evenement\/bienvenue-au-refugistan-diffusion-et-temoignage\/","title":{"rendered":"Bienvenue au R\u00e9fugistan | Diffusion et t\u00e9moignage"},"content":{"rendered":"<div><img loading=\"lazy\" decoding=\"async\" class=\"alignnone wp-image-7748\" src=\"https:\/\/www.uqac.ca\/calendrier\/wp-content\/uploads\/2025\/10\/566245518_1256537889837371_4121365498092019694_n-300x169.jpg\" alt=\"\" width=\"475\" height=\"267\" srcset=\"https:\/\/www.uqac.ca\/calendrier\/wp-content\/uploads\/2025\/10\/566245518_1256537889837371_4121365498092019694_n-300x169.jpg 300w, https:\/\/www.uqac.ca\/calendrier\/wp-content\/uploads\/2025\/10\/566245518_1256537889837371_4121365498092019694_n-1024x576.jpg 1024w, https:\/\/www.uqac.ca\/calendrier\/wp-content\/uploads\/2025\/10\/566245518_1256537889837371_4121365498092019694_n-768x432.jpg 768w, https:\/\/www.uqac.ca\/calendrier\/wp-content\/uploads\/2025\/10\/566245518_1256537889837371_4121365498092019694_n.jpg 1200w\" sizes=\"auto, (max-width: 475px) 100vw, 475px\" \/><\/div>\n<div class=\"x14z9mp xat24cr x1lziwak x1vvkbs xtlvy1s\">\n<p>Dans le cadre des Journ\u00e9es qu\u00e9b\u00e9coises de la solidarit\u00e9 internationale, le programme de coop\u00e9ration internationale de l&rsquo;Universit\u00e9 du Qu\u00e9bec \u00e0 Chicoutimi et le Centre de solidarit\u00e9 internationale du Saguenay-Lac-Saint-Jean vous invitent \u00e0 une diffusion publique du documentaire \u00abBienvenue au R\u00e9fugistan\u00bb, r\u00e9alis\u00e9 par Anne Poiret.<br \/>\nUne personne ayant v\u00e9cu dans deux camps de r\u00e9fugi\u00e9s viendra \u00e9galement t\u00e9moigner de son parcours.<br \/>\nLa diffusion aura lieu au P0-5000, \u00e0 l&rsquo;UQAC.<\/p>\n<p><strong>R\u00e9sum\u00e9 du documentaire<\/strong><br \/>\nPr\u00e8s de dix-sept millions de personnes &#8211; r\u00e9fugi\u00e9s, d\u00e9plac\u00e9s ou migrants &#8211; vivent dans des camps, un pays virtuel de la taille des Pays-Bas. Leur nom ne figurent pourtant sur aucune carte. Le HCR et les ONG y ont d\u00e9velopp\u00e9 un syst\u00e8me \u00e0 la fois efficace et absurde. Au Kenya, Tanzanie, Jordanie, \u00e0 la fronti\u00e8re Gr\u00e8ce\/Mac\u00e9doine, ainsi qu&rsquo;au si\u00e8ge du HCR \u00e0 Gen\u00e8ve, le film m\u00e8ne l\u2019enqu\u00eate sur ce gigantesque dispositif qui combine pr\u00e9occupations humanitaires et gestion des ind\u00e9sirables dont les pays riches ne veulent \u00e0 aucun prix.<\/p>\n<\/div>\n","protected":false},"excerpt":{"rendered":"<p>Dans le cadre des Journ\u00e9es qu\u00e9b\u00e9coises de la solidarit\u00e9 internationale, le programme de coop\u00e9ration internationale de l&rsquo;Universit\u00e9 du Qu\u00e9bec \u00e0 Chicoutimi et le Centre de solidarit\u00e9 internationale du Saguenay-Lac-Saint-Jean vous [&hellip;]<\/p>\n","protected":false},"author":36,"featured_media":0,"template":"","meta":{"_acf_changed":false,"_tribe_events_status":"","_tribe_events_status_reason":"","_tribe_events_is_hybrid":"","_tribe_events_is_virtual":"","_tribe_events_virtual_video_source":"","_tribe_events_virtual_embed_video":"","_tribe_events_virtual_linked_button_text":"","_tribe_events_virtual_linked_button":"","_tribe_events_virtual_show_embed_at":"","_tribe_events_virtual_show_embed_to":[],"_tribe_events_virtual_show_on_event":"","_tribe_events_virtual_show_on_views":"","_tribe_events_virtual_url":"","footnotes":""},"tags":[],"tribe_events_cat":[23],"class_list":["post-7747","tribe_events","type-tribe_events","status-publish","hentry","tribe_events_cat-conferences-et-presentations","cat_conferences-et-presentations"],"acf":[],"_links":{"self":[{"href":"https:\/\/www.uqac.ca\/calendrier\/wp-json\/wp\/v2\/tribe_events\/7747","targetHints":{"allow":["GET"]}}],"collection":[{"href":"https:\/\/www.uqac.ca\/calendrier\/wp-json\/wp\/v2\/tribe_events"}],"about":[{"href":"https:\/\/www.uqac.ca\/calendrier\/wp-json\/wp\/v2\/types\/tribe_events"}],"author":[{"embeddable":true,"href":"https:\/\/www.uqac.ca\/calendrier\/wp-json\/wp\/v2\/users\/36"}],"version-history":[{"count":4,"href":"https:\/\/www.uqac.ca\/calendrier\/wp-json\/wp\/v2\/tribe_events\/7747\/revisions"}],"predecessor-version":[{"id":7767,"href":"https:\/\/www.uqac.ca\/calendrier\/wp-json\/wp\/v2\/tribe_events\/7747\/revisions\/7767"}],"wp:attachment":[{"href":"https:\/\/www.uqac.ca\/calendrier\/wp-json\/wp\/v2\/media?parent=7747"}],"wp:term":[{"taxonomy":"post_tag","embeddable":true,"href":"https:\/\/www.uqac.ca\/calendrier\/wp-json\/wp\/v2\/tags?post=7747"},{"taxonomy":"tribe_events_cat","embeddable":true,"href":"https:\/\/www.uqac.ca\/calendrier\/wp-json\/wp\/v2\/tribe_events_cat?post=7747"}],"curies":[{"name":"wp","href":"https:\/\/api.w.org\/{rel}","templated":true}]}}

Bienvenue au Réfugistan | Diffusion et témoignage

<div><img loading="lazy" decoding="async" class="alignnone wp-image-7748" src="https://www.uqac.ca/calendrier/wp-content/uploads/2025/10/566245518_1256537889837371_4121365498092019694_n-300x169.jpg" alt="" width="475" height="267" srcset="https://www.uqac.ca/calendrier/wp-content/uploads/2025/10/566245518_1256537889837371_4121365498092019694_n-300x169.jpg 300w, https://www.uqac.ca/calendrier/wp-content/uploads/2025/10/566245518_1256537889837371_4121365498092019694_n-1024x576.jpg 1024w, https://www.uqac.ca/calendrier/wp-content/uploads/2025/10/566245518_1256537889837371_4121365498092019694_n-768x432.jpg 768w, https://www.uqac.ca/calendrier/wp-content/uploads/2025/10/566245518_1256537889837371_4121365498092019694_n.jpg 1200w" sizes="auto, (max-width: 475px) 100vw, 475px" /></div>
<div class="x14z9mp xat24cr x1lziwak x1vvkbs xtlvy1s">
<p>Dans le cadre des Journées québécoises de la solidarité internationale, le programme de coopération internationale de l&rsquo;Université du Québec à Chicoutimi et le Centre de solidarité internationale du Saguenay-Lac-Saint-Jean vous invitent à une diffusion publique du documentaire «Bienvenue au Réfugistan», réalisé par Anne Poiret.<br />
Une personne ayant vécu dans deux camps de réfugiés viendra également témoigner de son parcours.<br />
La diffusion aura lieu au P0-5000, à l&rsquo;UQAC.</p>
<p><strong>Résumé du documentaire</strong><br />
Près de dix-sept millions de personnes &#8211; réfugiés, déplacés ou migrants &#8211; vivent dans des camps, un pays virtuel de la taille des Pays-Bas. Leur nom ne figurent pourtant sur aucune carte. Le HCR et les ONG y ont développé un système à la fois efficace et absurde. Au Kenya, Tanzanie, Jordanie, à la frontière Grèce/Macédoine, ainsi qu&rsquo;au siège du HCR à Genève, le film mène l’enquête sur ce gigantesque dispositif qui combine préoccupations humanitaires et gestion des indésirables dont les pays riches ne veulent à aucun prix.</p>
</div>

<p>Dans le cadre des Journées québécoises de la solidarité internationale, le programme de coopération internationale de l&rsquo;Université du Québec à Chicoutimi et le Centre de solidarité internationale du Saguenay-Lac-Saint-Jean vous [&hellip;]</p>
