{"id":7844,"date":"2025-11-17T16:00:41","date_gmt":"2025-11-17T21:00:41","guid":{"rendered":"https:\/\/www.uqac.ca\/calendrier\/?post_type=tribe_events&#038;p=7844"},"modified":"2025-11-21T14:37:43","modified_gmt":"2025-11-21T19:37:43","slug":"quand-les-sommets-rocheux-et-la-foret-boreale-racontent-une-histoire-une-conference-par-la-cohorte-finissante-du-bipa","status":"publish","type":"tribe_events","link":"https:\/\/www.uqac.ca\/calendrier\/evenement\/quand-les-sommets-rocheux-et-la-foret-boreale-racontent-une-histoire-une-conference-par-la-cohorte-finissante-du-bipa\/","title":{"rendered":"Quand les sommets rocheux et la for\u00eat bor\u00e9ale racontent une histoire : une conf\u00e9rence par la cohorte finissante du BIPA"},"content":{"rendered":"<p><img loading=\"lazy\" decoding=\"async\" class=\"alignnone wp-image-7845\" src=\"https:\/\/www.uqac.ca\/calendrier\/wp-content\/uploads\/2025\/11\/VISUEL_1920x1080_v2.2-300x169.png\" alt=\"\" width=\"475\" height=\"267\" srcset=\"https:\/\/www.uqac.ca\/calendrier\/wp-content\/uploads\/2025\/11\/VISUEL_1920x1080_v2.2-300x169.png 300w, https:\/\/www.uqac.ca\/calendrier\/wp-content\/uploads\/2025\/11\/VISUEL_1920x1080_v2.2-1024x576.png 1024w, https:\/\/www.uqac.ca\/calendrier\/wp-content\/uploads\/2025\/11\/VISUEL_1920x1080_v2.2-768x432.png 768w, https:\/\/www.uqac.ca\/calendrier\/wp-content\/uploads\/2025\/11\/VISUEL_1920x1080_v2.2.png 1200w\" sizes=\"auto, (max-width: 475px) 100vw, 475px\" \/><\/p>\n<p>Douze membres de la cohorte finissante 2023-25 du <a href=\"https:\/\/www.uqac.ca\/programme\/7309-baccalaureat-en-intervention-plein-air\"><strong>baccalaur\u00e9at en intervention plein air (BIPA)<\/strong><\/a> vous convient \u00e0 une <strong>soir\u00e9e conf\u00e9rence<\/strong> afin de partager leur projet final de Baccalaur\u00e9at, l\u2019exp\u00e9dition finale, et de c\u00e9l\u00e9brer avec gratitude la collaboration essentielle d&rsquo;Innu Nation et de Parcs Canada, sans qui le succ\u00e8s de cette aventure n&rsquo;aurait pu \u00eatre possible.<\/p>\n<p>Le BIPA est un programme universitaire o\u00f9 les \u00e9tudiants et \u00e9tudiantes de 3e ann\u00e9e r\u00e9alisent une exp\u00e9dition d\u2019envergure en autonomie compl\u00e8te en nature. Cette ann\u00e9e, la moiti\u00e9 de la cohorte s\u2019est rendue dans la r\u00e9serve de <strong>parc national Akami-Uapishk\u1d41-KakKasuak<\/strong> pour effectuer une exp\u00e9dition de 15 jours en randonn\u00e9e p\u00e9destre.<\/p>\n<p>Prenant d\u2019abord la forme d\u2019une exposition, il sera possible de visiter plusieurs kiosques anim\u00e9s par les \u00e9tudiants et \u00e9tudiantes en sirotant un mocktail embl\u00e9matique et en feuilletant un recueil de po\u00e9sie inspir\u00e9 du territoire. En deuxi\u00e8me partie, sous forme de conf\u00e9rence, il y aura des partages au micro, puis la diffusion d\u2019un montage vid\u00e9o de l\u2019exp\u00e9dition.<\/p>\n<p>Pour comprendre ce que signifie vraiment planifier, vivre et raconter une exp\u00e9dition d\u2019envergure (ou simplement pour vous laisser porter par l\u2019immensit\u00e9 du Nord) joignez-vous \u00e0 nous <strong>le 28 novembre, 18h au centre social.<\/strong><\/p>\n","protected":false},"excerpt":{"rendered":"<p>Douze membres de la cohorte finissante 2023-25 du baccalaur\u00e9at en intervention plein air (BIPA) vous convient \u00e0 une soir\u00e9e conf\u00e9rence afin de partager leur projet final de Baccalaur\u00e9at, l\u2019exp\u00e9dition finale, [&hellip;]<\/p>\n","protected":false},"author":36,"featured_media":0,"template":"","meta":{"_acf_changed":false,"_tribe_events_status":"","_tribe_events_status_reason":"","_tribe_events_is_hybrid":"","_tribe_events_is_virtual":"","_tribe_events_virtual_video_source":"","_tribe_events_virtual_embed_video":"","_tribe_events_virtual_linked_button_text":"","_tribe_events_virtual_linked_button":"","_tribe_events_virtual_show_embed_at":"","_tribe_events_virtual_show_embed_to":[],"_tribe_events_virtual_show_on_event":"","_tribe_events_virtual_show_on_views":"","_tribe_events_virtual_url":"","footnotes":""},"tags":[],"tribe_events_cat":[],"class_list":["post-7844","tribe_events","type-tribe_events","status-publish","hentry"],"acf":[],"_links":{"self":[{"href":"https:\/\/www.uqac.ca\/calendrier\/wp-json\/wp\/v2\/tribe_events\/7844","targetHints":{"allow":["GET"]}}],"collection":[{"href":"https:\/\/www.uqac.ca\/calendrier\/wp-json\/wp\/v2\/tribe_events"}],"about":[{"href":"https:\/\/www.uqac.ca\/calendrier\/wp-json\/wp\/v2\/types\/tribe_events"}],"author":[{"embeddable":true,"href":"https:\/\/www.uqac.ca\/calendrier\/wp-json\/wp\/v2\/users\/36"}],"version-history":[{"count":2,"href":"https:\/\/www.uqac.ca\/calendrier\/wp-json\/wp\/v2\/tribe_events\/7844\/revisions"}],"predecessor-version":[{"id":7860,"href":"https:\/\/www.uqac.ca\/calendrier\/wp-json\/wp\/v2\/tribe_events\/7844\/revisions\/7860"}],"wp:attachment":[{"href":"https:\/\/www.uqac.ca\/calendrier\/wp-json\/wp\/v2\/media?parent=7844"}],"wp:term":[{"taxonomy":"post_tag","embeddable":true,"href":"https:\/\/www.uqac.ca\/calendrier\/wp-json\/wp\/v2\/tags?post=7844"},{"taxonomy":"tribe_events_cat","embeddable":true,"href":"https:\/\/www.uqac.ca\/calendrier\/wp-json\/wp\/v2\/tribe_events_cat?post=7844"}],"curies":[{"name":"wp","href":"https:\/\/api.w.org\/{rel}","templated":true}]}}

Quand les sommets rocheux et la forêt boréale racontent une histoire : une conférence par la cohorte finissante du BIPA

<p><img loading="lazy" decoding="async" class="alignnone wp-image-7845" src="https://www.uqac.ca/calendrier/wp-content/uploads/2025/11/VISUEL_1920x1080_v2.2-300x169.png" alt="" width="475" height="267" srcset="https://www.uqac.ca/calendrier/wp-content/uploads/2025/11/VISUEL_1920x1080_v2.2-300x169.png 300w, https://www.uqac.ca/calendrier/wp-content/uploads/2025/11/VISUEL_1920x1080_v2.2-1024x576.png 1024w, https://www.uqac.ca/calendrier/wp-content/uploads/2025/11/VISUEL_1920x1080_v2.2-768x432.png 768w, https://www.uqac.ca/calendrier/wp-content/uploads/2025/11/VISUEL_1920x1080_v2.2.png 1200w" sizes="auto, (max-width: 475px) 100vw, 475px" /></p>
<p>Douze membres de la cohorte finissante 2023-25 du <a href="https://www.uqac.ca/programme/7309-baccalaureat-en-intervention-plein-air"><strong>baccalauréat en intervention plein air (BIPA)</strong></a> vous convient à une <strong>soirée conférence</strong> afin de partager leur projet final de Baccalauréat, l’expédition finale, et de célébrer avec gratitude la collaboration essentielle d&rsquo;Innu Nation et de Parcs Canada, sans qui le succès de cette aventure n&rsquo;aurait pu être possible.</p>
<p>Le BIPA est un programme universitaire où les étudiants et étudiantes de 3e année réalisent une expédition d’envergure en autonomie complète en nature. Cette année, la moitié de la cohorte s’est rendue dans la réserve de <strong>parc national Akami-Uapishkᵁ-KakKasuak</strong> pour effectuer une expédition de 15 jours en randonnée pédestre.</p>
<p>Prenant d’abord la forme d’une exposition, il sera possible de visiter plusieurs kiosques animés par les étudiants et étudiantes en sirotant un mocktail emblématique et en feuilletant un recueil de poésie inspiré du territoire. En deuxième partie, sous forme de conférence, il y aura des partages au micro, puis la diffusion d’un montage vidéo de l’expédition.</p>
<p>Pour comprendre ce que signifie vraiment planifier, vivre et raconter une expédition d’envergure (ou simplement pour vous laisser porter par l’immensité du Nord) joignez-vous à nous <strong>le 28 novembre, 18h au centre social.</strong></p>

<p>Douze membres de la cohorte finissante 2023-25 du baccalauréat en intervention plein air (BIPA) vous convient à une soirée conférence afin de partager leur projet final de Baccalauréat, l’expédition finale, [&hellip;]</p>
