{"id":7943,"date":"2025-12-10T13:52:43","date_gmt":"2025-12-10T18:52:43","guid":{"rendered":"https:\/\/www.uqac.ca\/calendrier\/?post_type=tribe_events&#038;p=7943"},"modified":"2025-12-10T13:52:57","modified_gmt":"2025-12-10T18:52:57","slug":"pause-de-noel-du-personnel-montreal","status":"publish","type":"tribe_events","link":"https:\/\/www.uqac.ca\/calendrier\/evenement\/pause-de-noel-du-personnel-montreal\/","title":{"rendered":"Pause de No\u00ebl du personnel \u00b7 Campus de Montr\u00e9al"},"content":{"rendered":"<h5><img loading=\"lazy\" decoding=\"async\" class=\"alignnone wp-image-7940\" src=\"https:\/\/www.uqac.ca\/calendrier\/wp-content\/uploads\/2025\/12\/Pause-Noel-300x176.png\" alt=\"\" width=\"400\" height=\"235\" srcset=\"https:\/\/www.uqac.ca\/calendrier\/wp-content\/uploads\/2025\/12\/Pause-Noel-300x176.png 300w, https:\/\/www.uqac.ca\/calendrier\/wp-content\/uploads\/2025\/12\/Pause-Noel.png 597w\" sizes=\"auto, (max-width: 400px) 100vw, 400px\" \/><\/h5>\n<h5>Avant de quitter pour les vacances des F\u00eates, le recteur, Ghislain Samson, invite les membres du personnel \u00e0 la traditionnelle pause de No\u00ebl.<\/h5>\n<p>Un cadeau de la Chocolaterie Samson sera attribu\u00e9 par tirage au sort parmi celles et ceux qui auront arbor\u00e9 leur \u00ab gilaid \u00bb de No\u00ebl pendant la journ\u00e9e!<\/p>\n<p><strong>Caf\u00e9 et th\u00e9 seront offerts<\/strong><\/p>\n<p><strong>Apportez votre tasse r\u00e9utilisable<\/strong><\/p>\n","protected":false},"excerpt":{"rendered":"<p>Avant de quitter pour les vacances des F\u00eates, le recteur, Ghislain Samson, invite les membres du personnel \u00e0 la traditionnelle pause de No\u00ebl. Un cadeau de la Chocolaterie Samson sera [&hellip;]<\/p>\n","protected":false},"author":36,"featured_media":0,"template":"","meta":{"_acf_changed":false,"_tribe_events_status":"","_tribe_events_status_reason":"","_tribe_events_is_hybrid":"","_tribe_events_is_virtual":"","_tribe_events_virtual_video_source":"","_tribe_events_virtual_embed_video":"","_tribe_events_virtual_linked_button_text":"","_tribe_events_virtual_linked_button":"","_tribe_events_virtual_show_embed_at":"","_tribe_events_virtual_show_embed_to":[],"_tribe_events_virtual_show_on_event":"","_tribe_events_virtual_show_on_views":"","_tribe_events_virtual_url":"","footnotes":""},"tags":[],"tribe_events_cat":[35],"class_list":["post-7943","tribe_events","type-tribe_events","status-publish","hentry","tribe_events_cat-rencontres-et-evenements-festifs","cat_rencontres-et-evenements-festifs"],"acf":[],"_links":{"self":[{"href":"https:\/\/www.uqac.ca\/calendrier\/wp-json\/wp\/v2\/tribe_events\/7943","targetHints":{"allow":["GET"]}}],"collection":[{"href":"https:\/\/www.uqac.ca\/calendrier\/wp-json\/wp\/v2\/tribe_events"}],"about":[{"href":"https:\/\/www.uqac.ca\/calendrier\/wp-json\/wp\/v2\/types\/tribe_events"}],"author":[{"embeddable":true,"href":"https:\/\/www.uqac.ca\/calendrier\/wp-json\/wp\/v2\/users\/36"}],"version-history":[{"count":1,"href":"https:\/\/www.uqac.ca\/calendrier\/wp-json\/wp\/v2\/tribe_events\/7943\/revisions"}],"predecessor-version":[{"id":7945,"href":"https:\/\/www.uqac.ca\/calendrier\/wp-json\/wp\/v2\/tribe_events\/7943\/revisions\/7945"}],"wp:attachment":[{"href":"https:\/\/www.uqac.ca\/calendrier\/wp-json\/wp\/v2\/media?parent=7943"}],"wp:term":[{"taxonomy":"post_tag","embeddable":true,"href":"https:\/\/www.uqac.ca\/calendrier\/wp-json\/wp\/v2\/tags?post=7943"},{"taxonomy":"tribe_events_cat","embeddable":true,"href":"https:\/\/www.uqac.ca\/calendrier\/wp-json\/wp\/v2\/tribe_events_cat?post=7943"}],"curies":[{"name":"wp","href":"https:\/\/api.w.org\/{rel}","templated":true}]}}

Pause de Noël du personnel · Campus de Montréal

<h5><img loading="lazy" decoding="async" class="alignnone wp-image-7940" src="https://www.uqac.ca/calendrier/wp-content/uploads/2025/12/Pause-Noel-300x176.png" alt="" width="400" height="235" srcset="https://www.uqac.ca/calendrier/wp-content/uploads/2025/12/Pause-Noel-300x176.png 300w, https://www.uqac.ca/calendrier/wp-content/uploads/2025/12/Pause-Noel.png 597w" sizes="auto, (max-width: 400px) 100vw, 400px" /></h5>
<h5>Avant de quitter pour les vacances des Fêtes, le recteur, Ghislain Samson, invite les membres du personnel à la traditionnelle pause de Noël.</h5>
<p>Un cadeau de la Chocolaterie Samson sera attribué par tirage au sort parmi celles et ceux qui auront arboré leur « gilaid » de Noël pendant la journée!</p>
<p><strong>Café et thé seront offerts</strong></p>
<p><strong>Apportez votre tasse réutilisable</strong></p>

<p>Avant de quitter pour les vacances des Fêtes, le recteur, Ghislain Samson, invite les membres du personnel à la traditionnelle pause de Noël. Un cadeau de la Chocolaterie Samson sera [&hellip;]</p>
