{"id":8046,"date":"2026-01-07T16:05:55","date_gmt":"2026-01-07T21:05:55","guid":{"rendered":"https:\/\/www.uqac.ca\/calendrier\/?post_type=tribe_events&#038;p=8046"},"modified":"2026-01-07T16:09:21","modified_gmt":"2026-01-07T21:09:21","slug":"vernissage-de-lexposition-transits-de-yann-pocreau","status":"publish","type":"tribe_events","link":"https:\/\/www.uqac.ca\/calendrier\/evenement\/vernissage-de-lexposition-transits-de-yann-pocreau\/","title":{"rendered":"Vernissage de l&rsquo;exposition \u00ab Transits \u00bb de Yann Pocreau"},"content":{"rendered":"<p><img loading=\"lazy\" decoding=\"async\" class=\"alignnone wp-image-8052\" src=\"https:\/\/www.uqac.ca\/calendrier\/wp-content\/uploads\/2026\/01\/tvpocreau-1-279x300.jpg\" alt=\"\" width=\"350\" height=\"377\" srcset=\"https:\/\/www.uqac.ca\/calendrier\/wp-content\/uploads\/2026\/01\/tvpocreau-1-279x300.jpg 279w, https:\/\/www.uqac.ca\/calendrier\/wp-content\/uploads\/2026\/01\/tvpocreau-1.jpg 627w\" sizes=\"auto, (max-width: 350px) 100vw, 350px\" \/><\/p>\n<p>Ouverture de la nouvelle saison d&rsquo;exposition <strong>\u00e0 La Galerie l&rsquo;\u0152uvre de L&rsquo;Autre<\/strong>, <strong>P0-1040<\/strong>, avec l&rsquo;exposition <em>Transits<\/em> de l&rsquo;artiste montr\u00e9alais Yann Pocreau. Le vernissage se tiendra <strong>le jeudi 15 janvier \u00e0 partir de 17h<\/strong>. L&rsquo;exposition se poursuit jusqu&rsquo;au <strong>26 f\u00e9vrier<\/strong>.<\/p>\n<p>Bienvenue \u00e0 toutes et tous!<\/p>\n<p>Pour plus d&rsquo;information: <strong><a href=\"https:\/\/www.uqac.ca\/galerie\/\" target=\"_blank\" rel=\"noopener\">uqac.ca\/galerie\/<\/a><\/strong><\/p>\n","protected":false},"excerpt":{"rendered":"<p>Ouverture de la nouvelle saison d&rsquo;exposition \u00e0 La Galerie l&rsquo;\u0152uvre de L&rsquo;Autre, P0-1040, avec l&rsquo;exposition Transits de l&rsquo;artiste montr\u00e9alais Yann Pocreau. Le vernissage se tiendra le jeudi 15 janvier \u00e0 [&hellip;]<\/p>\n","protected":false},"author":36,"featured_media":0,"template":"","meta":{"_acf_changed":false,"_tribe_events_status":"","_tribe_events_status_reason":"","_tribe_events_is_hybrid":"","_tribe_events_is_virtual":"","_tribe_events_virtual_video_source":"","_tribe_events_virtual_embed_video":"","_tribe_events_virtual_linked_button_text":"","_tribe_events_virtual_linked_button":"","_tribe_events_virtual_show_embed_at":"","_tribe_events_virtual_show_embed_to":[],"_tribe_events_virtual_show_on_event":"","_tribe_events_virtual_show_on_views":"","_tribe_events_virtual_url":"","footnotes":""},"tags":[101],"tribe_events_cat":[17],"class_list":["post-8046","tribe_events","type-tribe_events","status-publish","hentry","tag-dall","tribe_events_cat-arts-et-performances","cat_arts-et-performances"],"acf":[],"_links":{"self":[{"href":"https:\/\/www.uqac.ca\/calendrier\/wp-json\/wp\/v2\/tribe_events\/8046","targetHints":{"allow":["GET"]}}],"collection":[{"href":"https:\/\/www.uqac.ca\/calendrier\/wp-json\/wp\/v2\/tribe_events"}],"about":[{"href":"https:\/\/www.uqac.ca\/calendrier\/wp-json\/wp\/v2\/types\/tribe_events"}],"author":[{"embeddable":true,"href":"https:\/\/www.uqac.ca\/calendrier\/wp-json\/wp\/v2\/users\/36"}],"version-history":[{"count":8,"href":"https:\/\/www.uqac.ca\/calendrier\/wp-json\/wp\/v2\/tribe_events\/8046\/revisions"}],"predecessor-version":[{"id":8056,"href":"https:\/\/www.uqac.ca\/calendrier\/wp-json\/wp\/v2\/tribe_events\/8046\/revisions\/8056"}],"wp:attachment":[{"href":"https:\/\/www.uqac.ca\/calendrier\/wp-json\/wp\/v2\/media?parent=8046"}],"wp:term":[{"taxonomy":"post_tag","embeddable":true,"href":"https:\/\/www.uqac.ca\/calendrier\/wp-json\/wp\/v2\/tags?post=8046"},{"taxonomy":"tribe_events_cat","embeddable":true,"href":"https:\/\/www.uqac.ca\/calendrier\/wp-json\/wp\/v2\/tribe_events_cat?post=8046"}],"curies":[{"name":"wp","href":"https:\/\/api.w.org\/{rel}","templated":true}]}}

<p><img loading="lazy" decoding="async" class="alignnone wp-image-8052" src="https://www.uqac.ca/calendrier/wp-content/uploads/2026/01/tvpocreau-1-279x300.jpg" alt="" width="350" height="377" srcset="https://www.uqac.ca/calendrier/wp-content/uploads/2026/01/tvpocreau-1-279x300.jpg 279w, https://www.uqac.ca/calendrier/wp-content/uploads/2026/01/tvpocreau-1.jpg 627w" sizes="auto, (max-width: 350px) 100vw, 350px" /></p>
<p>Ouverture de la nouvelle saison d&rsquo;exposition <strong>à La Galerie l&rsquo;Œuvre de L&rsquo;Autre</strong>, <strong>P0-1040</strong>, avec l&rsquo;exposition <em>Transits</em> de l&rsquo;artiste montréalais Yann Pocreau. Le vernissage se tiendra <strong>le jeudi 15 janvier à partir de 17h</strong>. L&rsquo;exposition se poursuit jusqu&rsquo;au <strong>26 février</strong>.</p>
<p>Bienvenue à toutes et tous!</p>
<p>Pour plus d&rsquo;information: <strong><a href="https://www.uqac.ca/galerie/" target="_blank" rel="noopener">uqac.ca/galerie/</a></strong></p>

<p>Ouverture de la nouvelle saison d&rsquo;exposition à La Galerie l&rsquo;Œuvre de L&rsquo;Autre, P0-1040, avec l&rsquo;exposition Transits de l&rsquo;artiste montréalais Yann Pocreau. Le vernissage se tiendra le jeudi 15 janvier à [&hellip;]</p>
