{"id":8231,"date":"2026-02-09T11:49:31","date_gmt":"2026-02-09T16:49:31","guid":{"rendered":"https:\/\/www.uqac.ca\/calendrier\/?post_type=tribe_events&#038;p=8231"},"modified":"2026-02-09T11:52:16","modified_gmt":"2026-02-09T16:52:16","slug":"snow-jam-2026","status":"publish","type":"tribe_events","link":"https:\/\/www.uqac.ca\/calendrier\/evenement\/snow-jam-2026\/","title":{"rendered":"SNOWJAM UQAC 2026"},"content":{"rendered":"<p><img loading=\"lazy\" decoding=\"async\" class=\"alignnone wp-image-8232\" src=\"https:\/\/www.uqac.ca\/calendrier\/wp-content\/uploads\/2026\/02\/SnowJam_TV_VF-300x169.png\" alt=\"\" width=\"440\" height=\"248\" srcset=\"https:\/\/www.uqac.ca\/calendrier\/wp-content\/uploads\/2026\/02\/SnowJam_TV_VF-300x169.png 300w, https:\/\/www.uqac.ca\/calendrier\/wp-content\/uploads\/2026\/02\/SnowJam_TV_VF-1024x576.png 1024w, https:\/\/www.uqac.ca\/calendrier\/wp-content\/uploads\/2026\/02\/SnowJam_TV_VF-768x432.png 768w, https:\/\/www.uqac.ca\/calendrier\/wp-content\/uploads\/2026\/02\/SnowJam_TV_VF-1536x864.png 1536w, https:\/\/www.uqac.ca\/calendrier\/wp-content\/uploads\/2026\/02\/SnowJam_TV_VF-2048x1152.png 2048w\" sizes=\"auto, (max-width: 440px) 100vw, 440px\" \/><\/p>\n<p><strong>Pr\u00e9pare-toi pour le rendez-vous <em>ski &amp; snow<\/em> de l\u2019hiver \u00e0 l\u2019UQAC! <\/strong><\/p>\n<p>Pendant deux jours, l\u2019esplanade se transforme en snowpark urbain compl\u00e8tement fou : des modules, de l\u2019action, une ambiance survolt\u00e9e et un apr\u00e8s-ski comme on les aime.<\/p>\n<p>Au programme :<\/p>\n<ul>\n<li>Ski et planche \u00e0 neige en plein c\u0153ur du campus<\/li>\n<li>Musique pour te garder motiv\u00e9 toute la journ\u00e9e<\/li>\n<li>Nourriture gratuite<\/li>\n<li>Prix \u00e0 gagner, incluant des passes journali\u00e8res au Valinou\u00ebt<\/li>\n<li>Diffusion des Jeux olympiques sur place<\/li>\n<li>Apr\u00e8s-ski au Bar-UQAC pour finir \u00e7a en beaut\u00e9<\/li>\n<\/ul>\n<p>Un \u00e9v\u00e9nement organis\u00e9 par les \u00e9tudiants, pour les \u00e9tudiants, ouvert \u00e0 toute la communaut\u00e9 \u00e9tudiante de l\u2019UQAC. Que tu viennes participer, encourager ou juste profiter de l\u2019ambiance, le Snow Jam, c\u2019est l\u2019endroit o\u00f9 il faut \u00eatre cet hiver.<\/p>\n<p><strong>Carte \u00e9tudiante obligatoire<\/strong><br \/>\n<strong>Casque obligatoire<br \/>\n<\/strong><\/p>\n<p><a href=\"https:\/\/www.facebook.com\/events\/1223175109764241\" target=\"_blank\" rel=\"noopener\"><strong>Page Facebook de l&rsquo;\u00e9v\u00e9nement<\/strong><\/a><\/p>\n","protected":false},"excerpt":{"rendered":"<p>Pr\u00e9pare-toi pour le rendez-vous ski &amp; snow de l\u2019hiver \u00e0 l\u2019UQAC! Pendant deux jours, l\u2019esplanade se transforme en snowpark urbain compl\u00e8tement fou : des modules, de l\u2019action, une ambiance survolt\u00e9e [&hellip;]<\/p>\n","protected":false},"author":36,"featured_media":0,"template":"","meta":{"_acf_changed":false,"_tribe_events_status":"","_tribe_events_status_reason":"","_tribe_events_is_hybrid":"","_tribe_events_is_virtual":"","_tribe_events_virtual_video_source":"","_tribe_events_virtual_embed_video":"","_tribe_events_virtual_linked_button_text":"","_tribe_events_virtual_linked_button":"","_tribe_events_virtual_show_embed_at":"","_tribe_events_virtual_show_embed_to":[],"_tribe_events_virtual_show_on_event":"","_tribe_events_virtual_show_on_views":"","_tribe_events_virtual_url":"","footnotes":""},"tags":[],"tribe_events_cat":[],"class_list":["post-8231","tribe_events","type-tribe_events","status-publish","hentry"],"acf":[],"_links":{"self":[{"href":"https:\/\/www.uqac.ca\/calendrier\/wp-json\/wp\/v2\/tribe_events\/8231","targetHints":{"allow":["GET"]}}],"collection":[{"href":"https:\/\/www.uqac.ca\/calendrier\/wp-json\/wp\/v2\/tribe_events"}],"about":[{"href":"https:\/\/www.uqac.ca\/calendrier\/wp-json\/wp\/v2\/types\/tribe_events"}],"author":[{"embeddable":true,"href":"https:\/\/www.uqac.ca\/calendrier\/wp-json\/wp\/v2\/users\/36"}],"version-history":[{"count":6,"href":"https:\/\/www.uqac.ca\/calendrier\/wp-json\/wp\/v2\/tribe_events\/8231\/revisions"}],"predecessor-version":[{"id":8240,"href":"https:\/\/www.uqac.ca\/calendrier\/wp-json\/wp\/v2\/tribe_events\/8231\/revisions\/8240"}],"wp:attachment":[{"href":"https:\/\/www.uqac.ca\/calendrier\/wp-json\/wp\/v2\/media?parent=8231"}],"wp:term":[{"taxonomy":"post_tag","embeddable":true,"href":"https:\/\/www.uqac.ca\/calendrier\/wp-json\/wp\/v2\/tags?post=8231"},{"taxonomy":"tribe_events_cat","embeddable":true,"href":"https:\/\/www.uqac.ca\/calendrier\/wp-json\/wp\/v2\/tribe_events_cat?post=8231"}],"curies":[{"name":"wp","href":"https:\/\/api.w.org\/{rel}","templated":true}]}}

<p><img loading="lazy" decoding="async" class="alignnone wp-image-8232" src="https://www.uqac.ca/calendrier/wp-content/uploads/2026/02/SnowJam_TV_VF-300x169.png" alt="" width="440" height="248" srcset="https://www.uqac.ca/calendrier/wp-content/uploads/2026/02/SnowJam_TV_VF-300x169.png 300w, https://www.uqac.ca/calendrier/wp-content/uploads/2026/02/SnowJam_TV_VF-1024x576.png 1024w, https://www.uqac.ca/calendrier/wp-content/uploads/2026/02/SnowJam_TV_VF-768x432.png 768w, https://www.uqac.ca/calendrier/wp-content/uploads/2026/02/SnowJam_TV_VF-1536x864.png 1536w, https://www.uqac.ca/calendrier/wp-content/uploads/2026/02/SnowJam_TV_VF-2048x1152.png 2048w" sizes="auto, (max-width: 440px) 100vw, 440px" /></p>
<p><strong>Prépare-toi pour le rendez-vous <em>ski &amp; snow</em> de l’hiver à l’UQAC! </strong></p>
<p>Pendant deux jours, l’esplanade se transforme en snowpark urbain complètement fou : des modules, de l’action, une ambiance survoltée et un après-ski comme on les aime.</p>
<p>Au programme :</p>
<ul>
<li>Ski et planche à neige en plein cœur du campus</li>
<li>Musique pour te garder motivé toute la journée</li>
<li>Nourriture gratuite</li>
<li>Prix à gagner, incluant des passes journalières au Valinouët</li>
<li>Diffusion des Jeux olympiques sur place</li>
<li>Après-ski au Bar-UQAC pour finir ça en beauté</li>
</ul>
<p>Un événement organisé par les étudiants, pour les étudiants, ouvert à toute la communauté étudiante de l’UQAC. Que tu viennes participer, encourager ou juste profiter de l’ambiance, le Snow Jam, c’est l’endroit où il faut être cet hiver.</p>
<p><strong>Carte étudiante obligatoire</strong><br />
<strong>Casque obligatoire<br />
</strong></p>
<p><a href="https://www.facebook.com/events/1223175109764241" target="_blank" rel="noopener"><strong>Page Facebook de l&rsquo;événement</strong></a></p>

<p>Prépare-toi pour le rendez-vous ski &amp; snow de l’hiver à l’UQAC! Pendant deux jours, l’esplanade se transforme en snowpark urbain complètement fou : des modules, de l’action, une ambiance survoltée [&hellip;]</p>
