{"id":8249,"date":"2026-02-11T11:23:01","date_gmt":"2026-02-11T16:23:01","guid":{"rendered":"https:\/\/www.uqac.ca\/calendrier\/?post_type=tribe_events&#038;p=8249"},"modified":"2026-03-18T10:48:53","modified_gmt":"2026-03-18T14:48:53","slug":"journee-decouverte","status":"publish","type":"tribe_events","link":"https:\/\/www.uqac.ca\/calendrier\/evenement\/journee-decouverte\/","title":{"rendered":"Journ\u00e9e d\u00e9couverte"},"content":{"rendered":"<p><img loading=\"lazy\" decoding=\"async\" class=\"alignnone wp-image-7646\" src=\"https:\/\/www.uqac.ca\/calendrier\/wp-content\/uploads\/2025\/10\/NUM_JourneeDecouverteA25_FbkEven1220x628-300x154.jpg\" alt=\"\" width=\"450\" height=\"238\" \/><\/p>\n<p>Les journ\u00e9es d\u00e9couverte s\u2019adressent sp\u00e9cifiquement aux \u00e9tudiants et \u00e9tudiantes des c\u00e9geps et ont pour objectif de pr\u00e9senter les perspectives d\u2019\u00e9tudes universitaires \u00e0 travers une proposition d\u2019atelier et une visite du campus. Chacune des journ\u00e9es se consacre \u00e0 un champs d\u2019\u00e9tudes coll\u00e9gial distinct, permettant une exp\u00e9rience personnalis\u00e9e selon votre profil et vos champs d\u2019int\u00e9r\u00eats.<\/p>\n<p>Pour en savoir plus : <a href=\"https:\/\/www.uqac.ca\/etudier\/journees-decouverte\/\">https:\/\/www.uqac.ca\/etudier\/journees-decouverte\/<\/a><\/p>\n","protected":false},"excerpt":{"rendered":"<p>Les journ\u00e9es d\u00e9couverte s\u2019adressent sp\u00e9cifiquement aux \u00e9tudiants et \u00e9tudiantes des c\u00e9geps et ont pour objectif de pr\u00e9senter les perspectives d\u2019\u00e9tudes universitaires \u00e0 travers une proposition d\u2019atelier et une visite du [&hellip;]<\/p>\n","protected":false},"author":26,"featured_media":0,"template":"","meta":{"_acf_changed":false,"_tribe_events_status":"","_tribe_events_status_reason":"","_tribe_events_is_hybrid":"","_tribe_events_is_virtual":"","_tribe_events_virtual_video_source":"","_tribe_events_virtual_embed_video":"","_tribe_events_virtual_linked_button_text":"","_tribe_events_virtual_linked_button":"","_tribe_events_virtual_show_embed_at":"","_tribe_events_virtual_show_embed_to":[],"_tribe_events_virtual_show_on_event":"","_tribe_events_virtual_show_on_views":"","_tribe_events_virtual_url":"","footnotes":""},"tags":[],"tribe_events_cat":[93],"class_list":["post-8249","tribe_events","type-tribe_events","status-publish","hentry","tribe_events_cat-activites-de-recrutement","cat_activites-de-recrutement"],"acf":[],"_links":{"self":[{"href":"https:\/\/www.uqac.ca\/calendrier\/wp-json\/wp\/v2\/tribe_events\/8249","targetHints":{"allow":["GET"]}}],"collection":[{"href":"https:\/\/www.uqac.ca\/calendrier\/wp-json\/wp\/v2\/tribe_events"}],"about":[{"href":"https:\/\/www.uqac.ca\/calendrier\/wp-json\/wp\/v2\/types\/tribe_events"}],"author":[{"embeddable":true,"href":"https:\/\/www.uqac.ca\/calendrier\/wp-json\/wp\/v2\/users\/26"}],"version-history":[{"count":5,"href":"https:\/\/www.uqac.ca\/calendrier\/wp-json\/wp\/v2\/tribe_events\/8249\/revisions"}],"predecessor-version":[{"id":8398,"href":"https:\/\/www.uqac.ca\/calendrier\/wp-json\/wp\/v2\/tribe_events\/8249\/revisions\/8398"}],"wp:attachment":[{"href":"https:\/\/www.uqac.ca\/calendrier\/wp-json\/wp\/v2\/media?parent=8249"}],"wp:term":[{"taxonomy":"post_tag","embeddable":true,"href":"https:\/\/www.uqac.ca\/calendrier\/wp-json\/wp\/v2\/tags?post=8249"},{"taxonomy":"tribe_events_cat","embeddable":true,"href":"https:\/\/www.uqac.ca\/calendrier\/wp-json\/wp\/v2\/tribe_events_cat?post=8249"}],"curies":[{"name":"wp","href":"https:\/\/api.w.org\/{rel}","templated":true}]}}

Journée découverte

<p><img loading="lazy" decoding="async" class="alignnone wp-image-7646" src="https://www.uqac.ca/calendrier/wp-content/uploads/2025/10/NUM_JourneeDecouverteA25_FbkEven1220x628-300x154.jpg" alt="" width="450" height="238" /></p>
<p>Les journées découverte s’adressent spécifiquement aux étudiants et étudiantes des cégeps et ont pour objectif de présenter les perspectives d’études universitaires à travers une proposition d’atelier et une visite du campus. Chacune des journées se consacre à un champs d’études collégial distinct, permettant une expérience personnalisée selon votre profil et vos champs d’intérêts.</p>
<p>Pour en savoir plus : <a href="https://www.uqac.ca/etudier/journees-decouverte/">https://www.uqac.ca/etudier/journees-decouverte/</a></p>

<p>Les journées découverte s’adressent spécifiquement aux étudiants et étudiantes des cégeps et ont pour objectif de présenter les perspectives d’études universitaires à travers une proposition d’atelier et une visite du [&hellip;]</p>
