{"id":8278,"date":"2026-02-13T13:59:17","date_gmt":"2026-02-13T18:59:17","guid":{"rendered":"https:\/\/www.uqac.ca\/calendrier\/?post_type=tribe_events&#038;p=8278"},"modified":"2026-02-13T13:59:17","modified_gmt":"2026-02-13T18:59:17","slug":"conference-orange-de-decrocheuse-a-docteure","status":"publish","type":"tribe_events","link":"https:\/\/www.uqac.ca\/calendrier\/evenement\/conference-orange-de-decrocheuse-a-docteure\/","title":{"rendered":"Conf\u00e9rence orange : De d\u00e9crocheuse \u00e0 docteure"},"content":{"rendered":"<div style=\"line-height: 125%;\">\n<p class=\"\" style=\"margin-top: 0px; margin-bottom: 0px; line-height: 125%;\"><a href=\"https:\/\/www.uqac.ca\/calendrier\/wp-content\/uploads\/2026\/02\/LOGO-JPS2026-dates-transp-FR-e1771008057903.png\"><img loading=\"lazy\" decoding=\"async\" class=\"alignleft size-medium wp-image-8263\" src=\"https:\/\/www.uqac.ca\/calendrier\/wp-content\/uploads\/2026\/02\/LOGO-JPS2026-dates-transp-FR-e1771008057903-300x146.png\" alt=\"\" width=\"300\" height=\"146\" srcset=\"https:\/\/www.uqac.ca\/calendrier\/wp-content\/uploads\/2026\/02\/LOGO-JPS2026-dates-transp-FR-e1771008057903-300x146.png 300w, https:\/\/www.uqac.ca\/calendrier\/wp-content\/uploads\/2026\/02\/LOGO-JPS2026-dates-transp-FR-e1771008057903-1024x498.png 1024w, https:\/\/www.uqac.ca\/calendrier\/wp-content\/uploads\/2026\/02\/LOGO-JPS2026-dates-transp-FR-e1771008057903-768x373.png 768w, https:\/\/www.uqac.ca\/calendrier\/wp-content\/uploads\/2026\/02\/LOGO-JPS2026-dates-transp-FR-e1771008057903-1536x747.png 1536w, https:\/\/www.uqac.ca\/calendrier\/wp-content\/uploads\/2026\/02\/LOGO-JPS2026-dates-transp-FR-e1771008057903.png 1892w\" sizes=\"auto, (max-width: 300px) 100vw, 300px\" \/><\/a>D\u00e9couvrez le parcours inspirant de Katia Bissonnette : une histoire de pers\u00e9v\u00e9rance, de r\u00e9silience et de r\u00e9ussites improbables!<\/p>\n<p><span style=\"color: #6b8a16; line-height: 125%;\">Entr\u00e9e libre\u00a0<strong>\u00b7 <\/strong>Places limit\u00e9es<\/p>\n<p><\/span><span style=\"font-size: 12px; line-height: 125%;\">Irr\u00e9cup\u00e9rable. C&rsquo;est l&rsquo;\u00e9tiquette que le psychiatre accolait \u00e0 Katia Bissonnette \u00e0 18 ans, tout en lui remettant un formulaire d&rsquo;invalidit\u00e9 pour l&rsquo;aide sociale. Alcoolique\/polytoxicomane active de 13 \u00e0 30 ans et souffrant de troubles de sant\u00e9 mentale, elle a fait mentir les pronostics, et pas qu&rsquo;un peu. Malgr\u00e9 sa condition pr\u00e9caire et son mode survie continuel, elle a obtenu en juin 2020 son doctorat en psychologie. Cette r\u00e9ussite improbable l&rsquo;am\u00e8nera \u00e0 combattre chacun de ses d\u00e9mons int\u00e9rieurs et \u00e0 poursuivre d&rsquo;autres objectifs pour se d\u00e9passer. Elle est aujourd&rsquo;hui psychologue, conf\u00e9renci\u00e8re, boxeuse et repr\u00e9sente le Qu\u00e9bec \u00e0 l&rsquo;international comme responsable \u00e0 la Fondation \u00c9quipe-Qu\u00e9bec.<\/span><\/p>\n<\/div>\n","protected":false},"excerpt":{"rendered":"<p>D\u00e9couvrez le parcours inspirant de Katia Bissonnette : une histoire de pers\u00e9v\u00e9rance, de r\u00e9silience et de r\u00e9ussites improbables! Entr\u00e9e libre\u00a0\u00b7 Places limit\u00e9es Irr\u00e9cup\u00e9rable. C&rsquo;est l&rsquo;\u00e9tiquette que le psychiatre accolait \u00e0 [&hellip;]<\/p>\n","protected":false},"author":7,"featured_media":0,"template":"","meta":{"_acf_changed":false,"_tribe_events_status":"","_tribe_events_status_reason":"","_tribe_events_is_hybrid":"","_tribe_events_is_virtual":"","_tribe_events_virtual_video_source":"","_tribe_events_virtual_embed_video":"","_tribe_events_virtual_linked_button_text":"","_tribe_events_virtual_linked_button":"","_tribe_events_virtual_show_embed_at":"","_tribe_events_virtual_show_embed_to":[],"_tribe_events_virtual_show_on_event":"","_tribe_events_virtual_show_on_views":"","_tribe_events_virtual_url":"","footnotes":""},"tags":[181,182],"tribe_events_cat":[23],"class_list":["post-8278","tribe_events","type-tribe_events","status-publish","hentry","tag-jps","tag-perseverance","tribe_events_cat-conferences-et-presentations","cat_conferences-et-presentations"],"acf":[],"_links":{"self":[{"href":"https:\/\/www.uqac.ca\/calendrier\/wp-json\/wp\/v2\/tribe_events\/8278","targetHints":{"allow":["GET"]}}],"collection":[{"href":"https:\/\/www.uqac.ca\/calendrier\/wp-json\/wp\/v2\/tribe_events"}],"about":[{"href":"https:\/\/www.uqac.ca\/calendrier\/wp-json\/wp\/v2\/types\/tribe_events"}],"author":[{"embeddable":true,"href":"https:\/\/www.uqac.ca\/calendrier\/wp-json\/wp\/v2\/users\/7"}],"version-history":[{"count":1,"href":"https:\/\/www.uqac.ca\/calendrier\/wp-json\/wp\/v2\/tribe_events\/8278\/revisions"}],"predecessor-version":[{"id":8279,"href":"https:\/\/www.uqac.ca\/calendrier\/wp-json\/wp\/v2\/tribe_events\/8278\/revisions\/8279"}],"wp:attachment":[{"href":"https:\/\/www.uqac.ca\/calendrier\/wp-json\/wp\/v2\/media?parent=8278"}],"wp:term":[{"taxonomy":"post_tag","embeddable":true,"href":"https:\/\/www.uqac.ca\/calendrier\/wp-json\/wp\/v2\/tags?post=8278"},{"taxonomy":"tribe_events_cat","embeddable":true,"href":"https:\/\/www.uqac.ca\/calendrier\/wp-json\/wp\/v2\/tribe_events_cat?post=8278"}],"curies":[{"name":"wp","href":"https:\/\/api.w.org\/{rel}","templated":true}]}}

Conférence orange : De décrocheuse à docteure

<div style="line-height: 125%;">
<p class="" style="margin-top: 0px; margin-bottom: 0px; line-height: 125%;"><a href="https://www.uqac.ca/calendrier/wp-content/uploads/2026/02/LOGO-JPS2026-dates-transp-FR-e1771008057903.png"><img loading="lazy" decoding="async" class="alignleft size-medium wp-image-8263" src="https://www.uqac.ca/calendrier/wp-content/uploads/2026/02/LOGO-JPS2026-dates-transp-FR-e1771008057903-300x146.png" alt="" width="300" height="146" srcset="https://www.uqac.ca/calendrier/wp-content/uploads/2026/02/LOGO-JPS2026-dates-transp-FR-e1771008057903-300x146.png 300w, https://www.uqac.ca/calendrier/wp-content/uploads/2026/02/LOGO-JPS2026-dates-transp-FR-e1771008057903-1024x498.png 1024w, https://www.uqac.ca/calendrier/wp-content/uploads/2026/02/LOGO-JPS2026-dates-transp-FR-e1771008057903-768x373.png 768w, https://www.uqac.ca/calendrier/wp-content/uploads/2026/02/LOGO-JPS2026-dates-transp-FR-e1771008057903-1536x747.png 1536w, https://www.uqac.ca/calendrier/wp-content/uploads/2026/02/LOGO-JPS2026-dates-transp-FR-e1771008057903.png 1892w" sizes="auto, (max-width: 300px) 100vw, 300px" /></a>Découvrez le parcours inspirant de Katia Bissonnette : une histoire de persévérance, de résilience et de réussites improbables!</p>
<p><span style="color: #6b8a16; line-height: 125%;">Entrée libre <strong>· </strong>Places limitées</p>
<p></span><span style="font-size: 12px; line-height: 125%;">Irrécupérable. C&rsquo;est l&rsquo;étiquette que le psychiatre accolait à Katia Bissonnette à 18 ans, tout en lui remettant un formulaire d&rsquo;invalidité pour l&rsquo;aide sociale. Alcoolique/polytoxicomane active de 13 à 30 ans et souffrant de troubles de santé mentale, elle a fait mentir les pronostics, et pas qu&rsquo;un peu. Malgré sa condition précaire et son mode survie continuel, elle a obtenu en juin 2020 son doctorat en psychologie. Cette réussite improbable l&rsquo;amènera à combattre chacun de ses démons intérieurs et à poursuivre d&rsquo;autres objectifs pour se dépasser. Elle est aujourd&rsquo;hui psychologue, conférencière, boxeuse et représente le Québec à l&rsquo;international comme responsable à la Fondation Équipe-Québec.</span></p>
</div>

<p>Découvrez le parcours inspirant de Katia Bissonnette : une histoire de persévérance, de résilience et de réussites improbables! Entrée libre · Places limitées Irrécupérable. C&rsquo;est l&rsquo;étiquette que le psychiatre accolait à [&hellip;]</p>
