{"id":8331,"date":"2026-03-02T11:05:15","date_gmt":"2026-03-02T16:05:15","guid":{"rendered":"https:\/\/www.uqac.ca\/calendrier\/?post_type=tribe_events&#038;p=8331"},"modified":"2026-03-02T11:07:48","modified_gmt":"2026-03-02T16:07:48","slug":"collation-des-grades-3","status":"publish","type":"tribe_events","link":"https:\/\/www.uqac.ca\/calendrier\/evenement\/collation-des-grades-3\/","title":{"rendered":"Collation des grades"},"content":{"rendered":"<p>&nbsp;<\/p>\n<p style=\"text-align: center;\"><strong>Pr\u00e9parez-vous \u00e0 briller!<\/strong><\/p>\n<p style=\"text-align: center;\">C\u2019est avec \u00e9motion et fiert\u00e9 que l\u2019Universit\u00e9 du Qu\u00e9bec \u00e0 Chicoutimi\u00a0tient \u00e0 souligner la r\u00e9ussite de ses \u00e9tudiantes et de ses \u00e9tudiants \u00e0 l\u2019occasion de la\u00a0Collation des grades :<\/p>\n<p style=\"text-align: center;\"><span style=\"color: #6b8a00;\"><strong>Samedi 2 mai 2026<\/strong><\/span><br \/>\n<span style=\"color: #6b8a00;\"><strong>Pavillon sportif de l\u2019UQAC\u200b<\/strong><\/span><br \/>\n<span style=\"color: #6b8a00;\">Deux c\u00e9r\u00e9monies :<\/span><br \/>\n<span style=\"color: #6b8a00;\">9 h et 15 h<\/span><\/p>\n<p style=\"text-align: center;\">Finissantes et finissants, membres du corps enseignant et dignitaires, vous recevrez une invitation par courriel.<\/p>\n<p style=\"text-align: center;\">Surveillez votre bo\u00eete @UQAC dans les prochaines semaines pour ne rien manquer!<br \/>\n\u2013 P\u00e9riode d\u2019inscription : 10 au 22 mars 2026 \u2013<\/p>\n","protected":false},"excerpt":{"rendered":"<p>&nbsp; Pr\u00e9parez-vous \u00e0 briller! C\u2019est avec \u00e9motion et fiert\u00e9 que l\u2019Universit\u00e9 du Qu\u00e9bec \u00e0 Chicoutimi\u00a0tient \u00e0 souligner la r\u00e9ussite de ses \u00e9tudiantes et de ses \u00e9tudiants \u00e0 l\u2019occasion de la\u00a0Collation [&hellip;]<\/p>\n","protected":false},"author":7,"featured_media":0,"template":"","meta":{"_acf_changed":false,"_tribe_events_status":"","_tribe_events_status_reason":"","_tribe_events_is_hybrid":"","_tribe_events_is_virtual":"","_tribe_events_virtual_video_source":"","_tribe_events_virtual_embed_video":"","_tribe_events_virtual_linked_button_text":"","_tribe_events_virtual_linked_button":"","_tribe_events_virtual_show_embed_at":"","_tribe_events_virtual_show_embed_to":[],"_tribe_events_virtual_show_on_event":"","_tribe_events_virtual_show_on_views":"","_tribe_events_virtual_url":"","footnotes":""},"tags":[],"tribe_events_cat":[24],"class_list":["post-8331","tribe_events","type-tribe_events","status-publish","hentry","tribe_events_cat-evenements-institutionnels","cat_evenements-institutionnels"],"acf":[],"_links":{"self":[{"href":"https:\/\/www.uqac.ca\/calendrier\/wp-json\/wp\/v2\/tribe_events\/8331","targetHints":{"allow":["GET"]}}],"collection":[{"href":"https:\/\/www.uqac.ca\/calendrier\/wp-json\/wp\/v2\/tribe_events"}],"about":[{"href":"https:\/\/www.uqac.ca\/calendrier\/wp-json\/wp\/v2\/types\/tribe_events"}],"author":[{"embeddable":true,"href":"https:\/\/www.uqac.ca\/calendrier\/wp-json\/wp\/v2\/users\/7"}],"version-history":[{"count":3,"href":"https:\/\/www.uqac.ca\/calendrier\/wp-json\/wp\/v2\/tribe_events\/8331\/revisions"}],"predecessor-version":[{"id":8334,"href":"https:\/\/www.uqac.ca\/calendrier\/wp-json\/wp\/v2\/tribe_events\/8331\/revisions\/8334"}],"wp:attachment":[{"href":"https:\/\/www.uqac.ca\/calendrier\/wp-json\/wp\/v2\/media?parent=8331"}],"wp:term":[{"taxonomy":"post_tag","embeddable":true,"href":"https:\/\/www.uqac.ca\/calendrier\/wp-json\/wp\/v2\/tags?post=8331"},{"taxonomy":"tribe_events_cat","embeddable":true,"href":"https:\/\/www.uqac.ca\/calendrier\/wp-json\/wp\/v2\/tribe_events_cat?post=8331"}],"curies":[{"name":"wp","href":"https:\/\/api.w.org\/{rel}","templated":true}]}}

<p>&nbsp;</p>
<p style="text-align: center;"><strong>Préparez-vous à briller!</strong></p>
<p style="text-align: center;">C’est avec émotion et fierté que l’Université du Québec à Chicoutimi tient à souligner la réussite de ses étudiantes et de ses étudiants à l’occasion de la Collation des grades :</p>
<p style="text-align: center;"><span style="color: #6b8a00;"><strong>Samedi 2 mai 2026</strong></span><br />
<span style="color: #6b8a00;"><strong>Pavillon sportif de l’UQAC​</strong></span><br />
<span style="color: #6b8a00;">Deux cérémonies :</span><br />
<span style="color: #6b8a00;">9 h et 15 h</span></p>
<p style="text-align: center;">Finissantes et finissants, membres du corps enseignant et dignitaires, vous recevrez une invitation par courriel.</p>
<p style="text-align: center;">Surveillez votre boîte @UQAC dans les prochaines semaines pour ne rien manquer!<br />
– Période d’inscription : 10 au 22 mars 2026 –</p>

<p>&nbsp; Préparez-vous à briller! C’est avec émotion et fierté que l’Université du Québec à Chicoutimi tient à souligner la réussite de ses étudiantes et de ses étudiants à l’occasion de la Collation [&hellip;]</p>
