{"id":8364,"date":"2026-03-13T09:38:10","date_gmt":"2026-03-13T13:38:10","guid":{"rendered":"https:\/\/www.uqac.ca\/calendrier\/?post_type=tribe_events&#038;p=8364"},"modified":"2026-03-13T09:39:19","modified_gmt":"2026-03-13T13:39:19","slug":"soiree-quiz-organisee-par-les-etudiantes-du-baccalaureat-en-intervention-plein-air","status":"publish","type":"tribe_events","link":"https:\/\/www.uqac.ca\/calendrier\/evenement\/soiree-quiz-organisee-par-les-etudiantes-du-baccalaureat-en-intervention-plein-air\/","title":{"rendered":"Soir\u00e9e Quiz organis\u00e9e par les \u00e9tudiant(e)s du baccalaur\u00e9at en intervention plein air"},"content":{"rendered":"<p><img loading=\"lazy\" decoding=\"async\" class=\"alignnone wp-image-8366\" src=\"https:\/\/www.uqac.ca\/calendrier\/wp-content\/uploads\/2026\/03\/Television-300x169.png\" alt=\"\" width=\"500\" height=\"281\" srcset=\"https:\/\/www.uqac.ca\/calendrier\/wp-content\/uploads\/2026\/03\/Television-300x169.png 300w, https:\/\/www.uqac.ca\/calendrier\/wp-content\/uploads\/2026\/03\/Television-1024x576.png 1024w, https:\/\/www.uqac.ca\/calendrier\/wp-content\/uploads\/2026\/03\/Television-768x432.png 768w, https:\/\/www.uqac.ca\/calendrier\/wp-content\/uploads\/2026\/03\/Television.png 1200w\" sizes=\"auto, (max-width: 500px) 100vw, 500px\" \/><\/p>\n<h5>Les Soir\u00e9es Quiz organis\u00e9es par les \u00e9tudiant(e)s du baccalaur\u00e9at en intervention plein air de l\u2019UQAC sont de retour\u2026 et vous ne voulez pas manquer \u00e7a !<\/h5>\n<p>Toute la communaut\u00e9 est la bienvenue et l\u2019\u00e9quipe des Soir\u00e9es Quiz sera ravie de vous accueillir.<\/p>\n<p><strong>Cin\u00e9ma populaire \u2013 24 mars 19 h\u00a0<\/strong><strong>\u2013Voie Malt\u00e9e de Chicoutimi<\/strong><br \/>\nAu programme :<\/p>\n<ul>\n<li>des questions vari\u00e9es adapt\u00e9es \u00e0 tous les niveaux;<\/li>\n<li>une animation dynamique;<\/li>\n<li>plusieurs prix \u00e0 gagner, autant pour les \u00e9quipes gagnantes que pour l&rsquo;ensemble des participants et participantes.<\/li>\n<\/ul>\n<p>Formez votre \u00e9quipe ou venez seul(e), testez vos connaissances et profitez d\u2019une soir\u00e9e conviviale entre amis.<\/p>\n<p><strong><a href=\"https:\/\/docs.google.com\/forms\/d\/e\/1FAIpQLSdHep8oBKvs6JOj1JJbjC5n6PCnOwecUJFrUFtiEZ4v2-KZ1Q\/viewform?usp=publish-editor\" target=\"_blank\" rel=\"noopener\">Inscription pour la soir\u00e9e du 24 mars <\/a><\/strong><br \/>\nL\u2019inscription sur place sera \u00e9galement possible selon les places restantes.<\/p>\n<p>Enfin, si vous souhaitez soutenir le financement de notre exp\u00e9dition finale au Yukon et dans le Nord du Qu\u00e9bec, nous vous invitons \u00e0 suivre nos activit\u00e9s sur nos r\u00e9seaux sociaux :<br \/>\nFacebook : <a href=\"https:\/\/www.facebook.com\/expefinale.uqac\">https:\/\/www.facebook.com\/expefinale.uqac<\/a><br \/>\nInstagram : <a href=\"https:\/\/www.instagram.com\/aventure.bipa\/\">https:\/\/www.instagram.com\/aventure.bipa\/<\/a><\/p>\n","protected":false},"excerpt":{"rendered":"<p>Les Soir\u00e9es Quiz organis\u00e9es par les \u00e9tudiant(e)s du baccalaur\u00e9at en intervention plein air de l\u2019UQAC sont de retour\u2026 et vous ne voulez pas manquer \u00e7a ! Toute la communaut\u00e9 est [&hellip;]<\/p>\n","protected":false},"author":36,"featured_media":0,"template":"","meta":{"_acf_changed":false,"_tribe_events_status":"","_tribe_events_status_reason":"","_tribe_events_is_hybrid":"","_tribe_events_is_virtual":"","_tribe_events_virtual_video_source":"","_tribe_events_virtual_embed_video":"","_tribe_events_virtual_linked_button_text":"","_tribe_events_virtual_linked_button":"","_tribe_events_virtual_show_embed_at":"","_tribe_events_virtual_show_embed_to":[],"_tribe_events_virtual_show_on_event":"","_tribe_events_virtual_show_on_views":"","_tribe_events_virtual_url":"","footnotes":""},"tags":[],"tribe_events_cat":[143],"class_list":["post-8364","tribe_events","type-tribe_events","status-publish","hentry","tribe_events_cat-vie-etudiante","cat_vie-etudiante"],"acf":[],"_links":{"self":[{"href":"https:\/\/www.uqac.ca\/calendrier\/wp-json\/wp\/v2\/tribe_events\/8364","targetHints":{"allow":["GET"]}}],"collection":[{"href":"https:\/\/www.uqac.ca\/calendrier\/wp-json\/wp\/v2\/tribe_events"}],"about":[{"href":"https:\/\/www.uqac.ca\/calendrier\/wp-json\/wp\/v2\/types\/tribe_events"}],"author":[{"embeddable":true,"href":"https:\/\/www.uqac.ca\/calendrier\/wp-json\/wp\/v2\/users\/36"}],"version-history":[{"count":4,"href":"https:\/\/www.uqac.ca\/calendrier\/wp-json\/wp\/v2\/tribe_events\/8364\/revisions"}],"predecessor-version":[{"id":8370,"href":"https:\/\/www.uqac.ca\/calendrier\/wp-json\/wp\/v2\/tribe_events\/8364\/revisions\/8370"}],"wp:attachment":[{"href":"https:\/\/www.uqac.ca\/calendrier\/wp-json\/wp\/v2\/media?parent=8364"}],"wp:term":[{"taxonomy":"post_tag","embeddable":true,"href":"https:\/\/www.uqac.ca\/calendrier\/wp-json\/wp\/v2\/tags?post=8364"},{"taxonomy":"tribe_events_cat","embeddable":true,"href":"https:\/\/www.uqac.ca\/calendrier\/wp-json\/wp\/v2\/tribe_events_cat?post=8364"}],"curies":[{"name":"wp","href":"https:\/\/api.w.org\/{rel}","templated":true}]}}

Soirée Quiz organisée par les étudiant(e)s du baccalauréat en intervention plein air

<p><img loading="lazy" decoding="async" class="alignnone wp-image-8366" src="https://www.uqac.ca/calendrier/wp-content/uploads/2026/03/Television-300x169.png" alt="" width="500" height="281" srcset="https://www.uqac.ca/calendrier/wp-content/uploads/2026/03/Television-300x169.png 300w, https://www.uqac.ca/calendrier/wp-content/uploads/2026/03/Television-1024x576.png 1024w, https://www.uqac.ca/calendrier/wp-content/uploads/2026/03/Television-768x432.png 768w, https://www.uqac.ca/calendrier/wp-content/uploads/2026/03/Television.png 1200w" sizes="auto, (max-width: 500px) 100vw, 500px" /></p>
<h5>Les Soirées Quiz organisées par les étudiant(e)s du baccalauréat en intervention plein air de l’UQAC sont de retour… et vous ne voulez pas manquer ça !</h5>
<p>Toute la communauté est la bienvenue et l’équipe des Soirées Quiz sera ravie de vous accueillir.</p>
<p><strong>Cinéma populaire – 24 mars 19 h </strong><strong>–Voie Maltée de Chicoutimi</strong><br />
Au programme :</p>
<ul>
<li>des questions variées adaptées à tous les niveaux;</li>
<li>une animation dynamique;</li>
<li>plusieurs prix à gagner, autant pour les équipes gagnantes que pour l&rsquo;ensemble des participants et participantes.</li>
</ul>
<p>Formez votre équipe ou venez seul(e), testez vos connaissances et profitez d’une soirée conviviale entre amis.</p>
<p><strong><a href="https://docs.google.com/forms/d/e/1FAIpQLSdHep8oBKvs6JOj1JJbjC5n6PCnOwecUJFrUFtiEZ4v2-KZ1Q/viewform?usp=publish-editor" target="_blank" rel="noopener">Inscription pour la soirée du 24 mars </a></strong><br />
L’inscription sur place sera également possible selon les places restantes.</p>
<p>Enfin, si vous souhaitez soutenir le financement de notre expédition finale au Yukon et dans le Nord du Québec, nous vous invitons à suivre nos activités sur nos réseaux sociaux :<br />
Facebook : <a href="https://www.facebook.com/expefinale.uqac">https://www.facebook.com/expefinale.uqac</a><br />
Instagram : <a href="https://www.instagram.com/aventure.bipa/">https://www.instagram.com/aventure.bipa/</a></p>

<p>Les Soirées Quiz organisées par les étudiant(e)s du baccalauréat en intervention plein air de l’UQAC sont de retour… et vous ne voulez pas manquer ça ! Toute la communauté est [&hellip;]</p>
