{"id":8389,"date":"2026-03-17T14:37:41","date_gmt":"2026-03-17T18:37:41","guid":{"rendered":"https:\/\/www.uqac.ca\/calendrier\/?post_type=tribe_events&#038;p=8389"},"modified":"2026-03-17T14:45:24","modified_gmt":"2026-03-17T18:45:24","slug":"journee-cyber-saguenay","status":"publish","type":"tribe_events","link":"https:\/\/www.uqac.ca\/calendrier\/evenement\/journee-cyber-saguenay\/","title":{"rendered":"Journ\u00e9e Cyber Saguenay"},"content":{"rendered":"<h5 style=\"text-align: center;\">La\u00a0<a href=\"https:\/\/cybpro.ca\/\">Chaire de recherche en Cyberd\u00e9fense et Protection des donn\u00e9es personnelles (Cybpro)<\/a>\u00a0organise une journ\u00e9e de sensibilisation et d\u2019apprentissage en cybers\u00e9curit\u00e9 d\u00e9di\u00e9e \u00e0 la population<br \/>\ndu Saguenay-Lac-Saint-Jean, des plus jeunes aux personnes ain\u00e9es.<\/h5>\n<h5 style=\"text-align: center;\">L\u2019\u00e9v\u00e8nement se tiendra le\u00a0<strong>mercredi 8 avril 2026 de 9 h \u00e0 21 h\u00a0<\/strong>\u00e0 l\u2019Universit\u00e9 du Qu\u00e9bec \u00e0 Chicoutimi (centre social)<\/h5>\n<p style=\"text-align: center;\">Pour plus d&rsquo;info et inscription: <a href=\"https:\/\/www.uqac.ca\/dim\/journee-cyber-saguenay\/\">uqac.ca\/dim\/journee-cyber-saguenay<\/a><\/p>\n<p>&nbsp;<\/p>\n<p style=\"text-align: center;\">Ateliers de sensibilisation pour les personnes \u00e9tudiantes du secondaire et les a\u00een\u00e9.e.s<\/p>\n<p style=\"text-align: center;\">Pr\u00e9sentations techniques destin\u00e9es aux personnes \u00e9tudiante des c\u00e9geps, de l\u2019UQAC et aux personnes du milieu professionnel<\/p>\n<p style=\"text-align: center;\">Comp\u00e9tition Capture The Flag (CTF) avec prix \u00e0 gagner<\/p>\n<p style=\"text-align: center;\">Kiosques, affiches de projets \u00e9tudiants et activit\u00e9s pratiques ouvertes \u00e0 tous et toutes !<\/p>\n","protected":false},"excerpt":{"rendered":"<p>La\u00a0Chaire de recherche en Cyberd\u00e9fense et Protection des donn\u00e9es personnelles (Cybpro)\u00a0organise une journ\u00e9e de sensibilisation et d\u2019apprentissage en cybers\u00e9curit\u00e9 d\u00e9di\u00e9e \u00e0 la population du Saguenay-Lac-Saint-Jean, des plus jeunes aux personnes [&hellip;]<\/p>\n","protected":false},"author":15,"featured_media":0,"template":"","meta":{"_acf_changed":false,"_tribe_events_status":"","_tribe_events_status_reason":"","_tribe_events_is_hybrid":"","_tribe_events_is_virtual":"","_tribe_events_virtual_video_source":"","_tribe_events_virtual_embed_video":"","_tribe_events_virtual_linked_button_text":"","_tribe_events_virtual_linked_button":"","_tribe_events_virtual_show_embed_at":"","_tribe_events_virtual_show_embed_to":[],"_tribe_events_virtual_show_on_event":"","_tribe_events_virtual_show_on_views":"","_tribe_events_virtual_url":"","footnotes":""},"tags":[],"tribe_events_cat":[],"class_list":["post-8389","tribe_events","type-tribe_events","status-publish","hentry"],"acf":[],"_links":{"self":[{"href":"https:\/\/www.uqac.ca\/calendrier\/wp-json\/wp\/v2\/tribe_events\/8389","targetHints":{"allow":["GET"]}}],"collection":[{"href":"https:\/\/www.uqac.ca\/calendrier\/wp-json\/wp\/v2\/tribe_events"}],"about":[{"href":"https:\/\/www.uqac.ca\/calendrier\/wp-json\/wp\/v2\/types\/tribe_events"}],"author":[{"embeddable":true,"href":"https:\/\/www.uqac.ca\/calendrier\/wp-json\/wp\/v2\/users\/15"}],"version-history":[{"count":4,"href":"https:\/\/www.uqac.ca\/calendrier\/wp-json\/wp\/v2\/tribe_events\/8389\/revisions"}],"predecessor-version":[{"id":8394,"href":"https:\/\/www.uqac.ca\/calendrier\/wp-json\/wp\/v2\/tribe_events\/8389\/revisions\/8394"}],"wp:attachment":[{"href":"https:\/\/www.uqac.ca\/calendrier\/wp-json\/wp\/v2\/media?parent=8389"}],"wp:term":[{"taxonomy":"post_tag","embeddable":true,"href":"https:\/\/www.uqac.ca\/calendrier\/wp-json\/wp\/v2\/tags?post=8389"},{"taxonomy":"tribe_events_cat","embeddable":true,"href":"https:\/\/www.uqac.ca\/calendrier\/wp-json\/wp\/v2\/tribe_events_cat?post=8389"}],"curies":[{"name":"wp","href":"https:\/\/api.w.org\/{rel}","templated":true}]}}

Journée Cyber Saguenay

<h5 style="text-align: center;">La <a href="https://cybpro.ca/">Chaire de recherche en Cyberdéfense et Protection des données personnelles (Cybpro)</a> organise une journée de sensibilisation et d’apprentissage en cybersécurité dédiée à la population<br />
du Saguenay-Lac-Saint-Jean, des plus jeunes aux personnes ainées.</h5>
<h5 style="text-align: center;">L’évènement se tiendra le <strong>mercredi 8 avril 2026 de 9 h à 21 h </strong>à l’Université du Québec à Chicoutimi (centre social)</h5>
<p style="text-align: center;">Pour plus d&rsquo;info et inscription: <a href="https://www.uqac.ca/dim/journee-cyber-saguenay/">uqac.ca/dim/journee-cyber-saguenay</a></p>
<p>&nbsp;</p>
<p style="text-align: center;">Ateliers de sensibilisation pour les personnes étudiantes du secondaire et les aîné.e.s</p>
<p style="text-align: center;">Présentations techniques destinées aux personnes étudiante des cégeps, de l’UQAC et aux personnes du milieu professionnel</p>
<p style="text-align: center;">Compétition Capture The Flag (CTF) avec prix à gagner</p>
<p style="text-align: center;">Kiosques, affiches de projets étudiants et activités pratiques ouvertes à tous et toutes !</p>

<p>La Chaire de recherche en Cyberdéfense et Protection des données personnelles (Cybpro) organise une journée de sensibilisation et d’apprentissage en cybersécurité dédiée à la population du Saguenay-Lac-Saint-Jean, des plus jeunes aux personnes [&hellip;]</p>
